{"id":1228,"date":"2015-10-08T21:11:34","date_gmt":"2015-10-08T21:11:34","guid":{"rendered":"http:\/\/fotografiaportugal.pt\/site\/?page_id=1228"},"modified":"2015-12-20T22:20:18","modified_gmt":"2015-12-20T22:20:18","slug":"especiais-tematicos","status":"publish","type":"page","link":"https:\/\/fotografiaportugal.pt\/site\/shop\/especiais-tematicos\/","title":{"rendered":"Especiais Tem\u00e1ticos"},"content":{"rendered":"<p>O menu <strong>Especiais Tem\u00e1ticos<\/strong> destina-se a facilitar aos nossos clientes a melhor escolha na aquisi\u00e7\u00e3o de produtos isolados ou em conjunto e sempre com <strong>descontos<\/strong> e <strong>portes gratuitos<\/strong> no envio para qualquer morada em Portugal (incluindo A\u00e7ores e Madeira).<\/p>\n<p>Experimente por exemplo\u00a0os seguintes Especiais Tem\u00e1ticos:<\/p>\n<p><a href=\"https:\/\/fotografiaportugal.pt\/site\/categoria-produto\/especial-astronomia-e-astrofotografia\/\"><img loading=\"lazy\" decoding=\"async\" class=\"alignnone size-medium wp-image-160\" src=\"https:\/\/fotografiaportugal.pt\/site\/wp-content\/uploads\/2015\/04\/01-ASTROFOTOGRAFIA_cab-300x51.gif\" alt=\"01 - ASTROFOTOGRAFIA_cab\" width=\"300\" height=\"51\" srcset=\"https:\/\/fotografiaportugal.pt\/site\/wp-content\/uploads\/2015\/04\/01-ASTROFOTOGRAFIA_cab-300x51.gif 300w, https:\/\/fotografiaportugal.pt\/site\/wp-content\/uploads\/2015\/04\/01-ASTROFOTOGRAFIA_cab-372x63.gif 372w, https:\/\/fotografiaportugal.pt\/site\/wp-content\/uploads\/2015\/04\/01-ASTROFOTOGRAFIA_cab-950x160.gif 950w\" sizes=\"auto, (max-width: 300px) 100vw, 300px\" \/><\/a><\/p>\n<p><strong><a href=\"https:\/\/fotografiaportugal.pt\/site\/categoria-produto\/especial-astronomia-e-astrofotografia\/\">Especial Astronomia e astroFOTOGRAFIA<\/a><\/strong><\/p>\n<p><a href=\"https:\/\/fotografiaportugal.pt\/site\/categoria-produto\/especial-fotografia\/\"><img loading=\"lazy\" decoding=\"async\" class=\"alignnone size-medium wp-image-154\" src=\"https:\/\/fotografiaportugal.pt\/site\/wp-content\/uploads\/2015\/03\/02-FOTOGRAFIA_cab-300x58.jpg\" alt=\"02 - FOTOGRAFIA_cab\" width=\"300\" height=\"58\" srcset=\"https:\/\/fotografiaportugal.pt\/site\/wp-content\/uploads\/2015\/03\/02-FOTOGRAFIA_cab-300x58.jpg 300w, https:\/\/fotografiaportugal.pt\/site\/wp-content\/uploads\/2015\/03\/02-FOTOGRAFIA_cab-372x72.jpg 372w, https:\/\/fotografiaportugal.pt\/site\/wp-content\/uploads\/2015\/03\/02-FOTOGRAFIA_cab.jpg 780w\" sizes=\"auto, (max-width: 300px) 100vw, 300px\" \/><\/a><\/p>\n<p><strong><a href=\"https:\/\/fotografiaportugal.pt\/site\/categoria-produto\/especial-fotografia\/\">Especial FOTOgrafia<\/a><\/strong><\/p>\n<p><a href=\"https:\/\/fotografiaportugal.pt\/site\/categoria-produto\/especial-edicao-pos-producao\/\"><img loading=\"lazy\" decoding=\"async\" class=\"alignnone size-medium wp-image-1234\" src=\"https:\/\/fotografiaportugal.pt\/site\/wp-content\/uploads\/2015\/10\/FOTOedicao-Photoshop-300x98.jpg\" alt=\"FOTOedicao - Photoshop\" width=\"300\" height=\"98\" srcset=\"https:\/\/fotografiaportugal.pt\/site\/wp-content\/uploads\/2015\/10\/FOTOedicao-Photoshop-300x98.jpg 300w, https:\/\/fotografiaportugal.pt\/site\/wp-content\/uploads\/2015\/10\/FOTOedicao-Photoshop.jpg 950w, https:\/\/fotografiaportugal.pt\/site\/wp-content\/uploads\/2015\/10\/FOTOedicao-Photoshop-100x33.jpg 100w\" sizes=\"auto, (max-width: 300px) 100vw, 300px\" \/><\/a><\/p>\n<p><strong><a href=\"https:\/\/fotografiaportugal.pt\/site\/categoria-produto\/especial-edicao-pos-producao\/\">Especial Edi\u00e7\u00e3o \/ P\u00f3s-produ\u00e7\u00e3o<\/a><\/strong><\/p>\n<p><a href=\"https:\/\/fotografiaportugal.pt\/site\/categoria-produto\/80-anos-fernando-pessoa\/\" rel=\"attachment wp-att-1590\"><img loading=\"lazy\" decoding=\"async\" class=\"alignnone size-medium wp-image-1590\" src=\"https:\/\/fotografiaportugal.pt\/site\/wp-content\/uploads\/2015\/12\/Fernando-Pessoa2-BR-300x124.jpg\" alt=\"Fernando Pessoa2 - BR\" width=\"300\" height=\"124\" srcset=\"https:\/\/fotografiaportugal.pt\/site\/wp-content\/uploads\/2015\/12\/Fernando-Pessoa2-BR-300x124.jpg 300w, https:\/\/fotografiaportugal.pt\/site\/wp-content\/uploads\/2015\/12\/Fernando-Pessoa2-BR-372x153.jpg 372w, https:\/\/fotografiaportugal.pt\/site\/wp-content\/uploads\/2015\/12\/Fernando-Pessoa2-BR.jpg 512w, https:\/\/fotografiaportugal.pt\/site\/wp-content\/uploads\/2015\/12\/Fernando-Pessoa2-BR-100x41.jpg 100w\" sizes=\"auto, (max-width: 300px) 100vw, 300px\" \/><\/a><\/p>\n<p><strong><a href=\"https:\/\/fotografiaportugal.pt\/site\/categoria-produto\/80-anos-fernando-pessoa\/\">Comemora\u00e7\u00e3o dos 80 anos da morte de Fernando Pessoa<\/a><\/strong><\/p>\n<p><a href=\"https:\/\/fotografiaportugal.pt\/site\/categoria-produto\/especial-braga\/\" rel=\"attachment wp-att-1687\"><img loading=\"lazy\" decoding=\"async\" class=\"alignnone size-medium wp-image-1687\" src=\"https:\/\/fotografiaportugal.pt\/site\/wp-content\/uploads\/2015\/12\/Braga7-BR-300x176.jpg\" alt=\"Braga7 BR\" width=\"300\" height=\"176\" srcset=\"https:\/\/fotografiaportugal.pt\/site\/wp-content\/uploads\/2015\/12\/Braga7-BR-300x176.jpg 300w, https:\/\/fotografiaportugal.pt\/site\/wp-content\/uploads\/2015\/12\/Braga7-BR-768x450.jpg 768w, https:\/\/fotografiaportugal.pt\/site\/wp-content\/uploads\/2015\/12\/Braga7-BR.jpg 1024w, https:\/\/fotografiaportugal.pt\/site\/wp-content\/uploads\/2015\/12\/Braga7-BR-100x59.jpg 100w, https:\/\/fotografiaportugal.pt\/site\/wp-content\/uploads\/2015\/12\/Braga7-BR-317x186.jpg 317w\" sizes=\"auto, (max-width: 300px) 100vw, 300px\" \/><\/a><\/p>\n<p><strong><a href=\"https:\/\/fotografiaportugal.pt\/site\/categoria-produto\/especial-braga\/\">Especial Braga<\/a><\/strong><\/p>\n<p><a href=\"https:\/\/fotografiaportugal.pt\/site\/categoria-produto\/miguel-claro\/\" rel=\"attachment wp-att-1388\"><img loading=\"lazy\" decoding=\"async\" class=\"alignnone size-medium wp-image-1388\" src=\"https:\/\/fotografiaportugal.pt\/site\/wp-content\/uploads\/2015\/11\/MiguelCC_1801-net-608x900-203x300.jpg\" alt=\"MiguelCC_1801-net-608x900\" width=\"203\" height=\"300\" srcset=\"https:\/\/fotografiaportugal.pt\/site\/wp-content\/uploads\/2015\/11\/MiguelCC_1801-net-608x900-203x300.jpg 203w, https:\/\/fotografiaportugal.pt\/site\/wp-content\/uploads\/2015\/11\/MiguelCC_1801-net-608x900.jpg 608w, https:\/\/fotografiaportugal.pt\/site\/wp-content\/uploads\/2015\/11\/MiguelCC_1801-net-608x900-68x100.jpg 68w\" sizes=\"auto, (max-width: 203px) 100vw, 203px\" \/><\/a><\/p>\n<p><strong><a href=\"https:\/\/fotografiaportugal.pt\/site\/categoria-produto\/miguel-claro\/\">Miguel Claro<\/a><\/strong><\/p>\n<p><a href=\"https:\/\/fotografiaportugal.pt\/site\/categoria-produto\/joel-santos\/\" rel=\"attachment wp-att-166\"><img loading=\"lazy\" decoding=\"async\" class=\"alignnone size-full wp-image-166\" src=\"https:\/\/fotografiaportugal.pt\/site\/wp-content\/uploads\/2015\/03\/02-FOTOGRAFIA_foto-autor.jpg\" alt=\"02 - FOTOGRAFIA_foto-autor\" width=\"180\" height=\"118\" \/><\/a><\/p>\n<p><strong><a href=\"https:\/\/fotografiaportugal.pt\/site\/categoria-produto\/joel-santos\/\">Joel Santos<\/a><\/strong><\/p>\n<p><a href=\"https:\/\/fotografiaportugal.pt\/site\/categoria-produto\/pdf\/\" rel=\"attachment wp-att-1604\"><img loading=\"lazy\" decoding=\"async\" class=\"alignnone size-medium wp-image-1604\" src=\"https:\/\/fotografiaportugal.pt\/site\/wp-content\/uploads\/2015\/08\/DICAS-002-BR-300x176.jpg\" alt=\"DICAS 002 BR\" width=\"300\" height=\"176\" srcset=\"https:\/\/fotografiaportugal.pt\/site\/wp-content\/uploads\/2015\/08\/DICAS-002-BR-300x176.jpg 300w, https:\/\/fotografiaportugal.pt\/site\/wp-content\/uploads\/2015\/08\/DICAS-002-BR.jpg 1024w, https:\/\/fotografiaportugal.pt\/site\/wp-content\/uploads\/2015\/08\/DICAS-002-BR-100x59.jpg 100w\" sizes=\"auto, (max-width: 300px) 100vw, 300px\" \/><\/a><\/p>\n<p><strong><a href=\"https:\/\/fotografiaportugal.pt\/site\/categoria-produto\/pdf\/\">PDF<\/a><\/strong><\/p>\n","protected":false},"excerpt":{"rendered":"<p>O menu Especiais Tem\u00e1ticos destina-se a facilitar aos nossos clientes a melhor escolha na aquisi\u00e7\u00e3o de produtos isolados ou em conjunto e sempre com descontos e portes gratuitos no envio para qualquer morada em Portugal (incluindo A\u00e7ores e Madeira). Experimente por exemplo\u00a0os seguintes Especiais Tem\u00e1ticos: Especial Astronomia e astroFOTOGRAFIA Especial FOTOgrafia Especial Edi\u00e7\u00e3o \/ P\u00f3s-produ\u00e7\u00e3o [&hellip;]<\/p>\n","protected":false},"author":2629,"featured_media":0,"parent":4,"menu_order":0,"comment_status":"closed","ping_status":"closed","template":"","meta":{"footnotes":""},"class_list":["post-1228","page","type-page","status-publish","hentry"],"_links":{"self":[{"href":"https:\/\/fotografiaportugal.pt\/site\/wp-json\/wp\/v2\/pages\/1228","targetHints":{"allow":["GET"]}}],"collection":[{"href":"https:\/\/fotografiaportugal.pt\/site\/wp-json\/wp\/v2\/pages"}],"about":[{"href":"https:\/\/fotografiaportugal.pt\/site\/wp-json\/wp\/v2\/types\/page"}],"author":[{"embeddable":true,"href":"https:\/\/fotografiaportugal.pt\/site\/wp-json\/wp\/v2\/users\/2629"}],"replies":[{"embeddable":true,"href":"https:\/\/fotografiaportugal.pt\/site\/wp-json\/wp\/v2\/comments?post=1228"}],"version-history":[{"count":4,"href":"https:\/\/fotografiaportugal.pt\/site\/wp-json\/wp\/v2\/pages\/1228\/revisions"}],"predecessor-version":[{"id":1706,"href":"https:\/\/fotografiaportugal.pt\/site\/wp-json\/wp\/v2\/pages\/1228\/revisions\/1706"}],"up":[{"embeddable":true,"href":"https:\/\/fotografiaportugal.pt\/site\/wp-json\/wp\/v2\/pages\/4"}],"wp:attachment":[{"href":"https:\/\/fotografiaportugal.pt\/site\/wp-json\/wp\/v2\/media?parent=1228"}],"curies":[{"name":"wp","href":"https:\/\/api.w.org\/{rel}","templated":true}]}}

Especiais Temáticos

<p>O menu <strong>Especiais Temáticos</strong> destina-se a facilitar aos nossos clientes a melhor escolha na aquisição de produtos isolados ou em conjunto e sempre com <strong>descontos</strong> e <strong>portes gratuitos</strong> no envio para qualquer morada em Portugal (incluindo Açores e Madeira).</p>
<p>Experimente por exemplo os seguintes Especiais Temáticos:</p>
<p><a href="https://fotografiaportugal.pt/site/categoria-produto/especial-astronomia-e-astrofotografia/"><img loading="lazy" decoding="async" class="alignnone size-medium wp-image-160" src="https://fotografiaportugal.pt/site/wp-content/uploads/2015/04/01-ASTROFOTOGRAFIA_cab-300x51.gif" alt="01 - ASTROFOTOGRAFIA_cab" width="300" height="51" srcset="https://fotografiaportugal.pt/site/wp-content/uploads/2015/04/01-ASTROFOTOGRAFIA_cab-300x51.gif 300w, https://fotografiaportugal.pt/site/wp-content/uploads/2015/04/01-ASTROFOTOGRAFIA_cab-372x63.gif 372w, https://fotografiaportugal.pt/site/wp-content/uploads/2015/04/01-ASTROFOTOGRAFIA_cab-950x160.gif 950w" sizes="auto, (max-width: 300px) 100vw, 300px" /></a></p>
<p><strong><a href="https://fotografiaportugal.pt/site/categoria-produto/especial-astronomia-e-astrofotografia/">Especial Astronomia e astroFOTOGRAFIA</a></strong></p>
<p><a href="https://fotografiaportugal.pt/site/categoria-produto/especial-fotografia/"><img loading="lazy" decoding="async" class="alignnone size-medium wp-image-154" src="https://fotografiaportugal.pt/site/wp-content/uploads/2015/03/02-FOTOGRAFIA_cab-300x58.jpg" alt="02 - FOTOGRAFIA_cab" width="300" height="58" srcset="https://fotografiaportugal.pt/site/wp-content/uploads/2015/03/02-FOTOGRAFIA_cab-300x58.jpg 300w, https://fotografiaportugal.pt/site/wp-content/uploads/2015/03/02-FOTOGRAFIA_cab-372x72.jpg 372w, https://fotografiaportugal.pt/site/wp-content/uploads/2015/03/02-FOTOGRAFIA_cab.jpg 780w" sizes="auto, (max-width: 300px) 100vw, 300px" /></a></p>
<p><strong><a href="https://fotografiaportugal.pt/site/categoria-produto/especial-fotografia/">Especial FOTOgrafia</a></strong></p>
<p><a href="https://fotografiaportugal.pt/site/categoria-produto/especial-edicao-pos-producao/"><img loading="lazy" decoding="async" class="alignnone size-medium wp-image-1234" src="https://fotografiaportugal.pt/site/wp-content/uploads/2015/10/FOTOedicao-Photoshop-300x98.jpg" alt="FOTOedicao - Photoshop" width="300" height="98" srcset="https://fotografiaportugal.pt/site/wp-content/uploads/2015/10/FOTOedicao-Photoshop-300x98.jpg 300w, https://fotografiaportugal.pt/site/wp-content/uploads/2015/10/FOTOedicao-Photoshop.jpg 950w, https://fotografiaportugal.pt/site/wp-content/uploads/2015/10/FOTOedicao-Photoshop-100x33.jpg 100w" sizes="auto, (max-width: 300px) 100vw, 300px" /></a></p>
<p><strong><a href="https://fotografiaportugal.pt/site/categoria-produto/especial-edicao-pos-producao/">Especial Edição / Pós-produção</a></strong></p>
<p><a href="https://fotografiaportugal.pt/site/categoria-produto/80-anos-fernando-pessoa/" rel="attachment wp-att-1590"><img loading="lazy" decoding="async" class="alignnone size-medium wp-image-1590" src="https://fotografiaportugal.pt/site/wp-content/uploads/2015/12/Fernando-Pessoa2-BR-300x124.jpg" alt="Fernando Pessoa2 - BR" width="300" height="124" srcset="https://fotografiaportugal.pt/site/wp-content/uploads/2015/12/Fernando-Pessoa2-BR-300x124.jpg 300w, https://fotografiaportugal.pt/site/wp-content/uploads/2015/12/Fernando-Pessoa2-BR-372x153.jpg 372w, https://fotografiaportugal.pt/site/wp-content/uploads/2015/12/Fernando-Pessoa2-BR.jpg 512w, https://fotografiaportugal.pt/site/wp-content/uploads/2015/12/Fernando-Pessoa2-BR-100x41.jpg 100w" sizes="auto, (max-width: 300px) 100vw, 300px" /></a></p>
<p><strong><a href="https://fotografiaportugal.pt/site/categoria-produto/80-anos-fernando-pessoa/">Comemoração dos 80 anos da morte de Fernando Pessoa</a></strong></p>
<p><a href="https://fotografiaportugal.pt/site/categoria-produto/especial-braga/" rel="attachment wp-att-1687"><img loading="lazy" decoding="async" class="alignnone size-medium wp-image-1687" src="https://fotografiaportugal.pt/site/wp-content/uploads/2015/12/Braga7-BR-300x176.jpg" alt="Braga7 BR" width="300" height="176" srcset="https://fotografiaportugal.pt/site/wp-content/uploads/2015/12/Braga7-BR-300x176.jpg 300w, https://fotografiaportugal.pt/site/wp-content/uploads/2015/12/Braga7-BR-768x450.jpg 768w, https://fotografiaportugal.pt/site/wp-content/uploads/2015/12/Braga7-BR.jpg 1024w, https://fotografiaportugal.pt/site/wp-content/uploads/2015/12/Braga7-BR-100x59.jpg 100w, https://fotografiaportugal.pt/site/wp-content/uploads/2015/12/Braga7-BR-317x186.jpg 317w" sizes="auto, (max-width: 300px) 100vw, 300px" /></a></p>
<p><strong><a href="https://fotografiaportugal.pt/site/categoria-produto/especial-braga/">Especial Braga</a></strong></p>
<p><a href="https://fotografiaportugal.pt/site/categoria-produto/miguel-claro/" rel="attachment wp-att-1388"><img loading="lazy" decoding="async" class="alignnone size-medium wp-image-1388" src="https://fotografiaportugal.pt/site/wp-content/uploads/2015/11/MiguelCC_1801-net-608x900-203x300.jpg" alt="MiguelCC_1801-net-608x900" width="203" height="300" srcset="https://fotografiaportugal.pt/site/wp-content/uploads/2015/11/MiguelCC_1801-net-608x900-203x300.jpg 203w, https://fotografiaportugal.pt/site/wp-content/uploads/2015/11/MiguelCC_1801-net-608x900.jpg 608w, https://fotografiaportugal.pt/site/wp-content/uploads/2015/11/MiguelCC_1801-net-608x900-68x100.jpg 68w" sizes="auto, (max-width: 203px) 100vw, 203px" /></a></p>
<p><strong><a href="https://fotografiaportugal.pt/site/categoria-produto/miguel-claro/">Miguel Claro</a></strong></p>
<p><a href="https://fotografiaportugal.pt/site/categoria-produto/joel-santos/" rel="attachment wp-att-166"><img loading="lazy" decoding="async" class="alignnone size-full wp-image-166" src="https://fotografiaportugal.pt/site/wp-content/uploads/2015/03/02-FOTOGRAFIA_foto-autor.jpg" alt="02 - FOTOGRAFIA_foto-autor" width="180" height="118" /></a></p>
<p><strong><a href="https://fotografiaportugal.pt/site/categoria-produto/joel-santos/">Joel Santos</a></strong></p>
<p><a href="https://fotografiaportugal.pt/site/categoria-produto/pdf/" rel="attachment wp-att-1604"><img loading="lazy" decoding="async" class="alignnone size-medium wp-image-1604" src="https://fotografiaportugal.pt/site/wp-content/uploads/2015/08/DICAS-002-BR-300x176.jpg" alt="DICAS 002 BR" width="300" height="176" srcset="https://fotografiaportugal.pt/site/wp-content/uploads/2015/08/DICAS-002-BR-300x176.jpg 300w, https://fotografiaportugal.pt/site/wp-content/uploads/2015/08/DICAS-002-BR.jpg 1024w, https://fotografiaportugal.pt/site/wp-content/uploads/2015/08/DICAS-002-BR-100x59.jpg 100w" sizes="auto, (max-width: 300px) 100vw, 300px" /></a></p>
<p><strong><a href="https://fotografiaportugal.pt/site/categoria-produto/pdf/">PDF</a></strong></p>

<p>O menu Especiais Temáticos destina-se a facilitar aos nossos clientes a melhor escolha na aquisição de produtos isolados ou em conjunto e sempre com descontos e portes gratuitos no envio para qualquer morada em Portugal (incluindo Açores e Madeira). Experimente por exemplo os seguintes Especiais Temáticos: Especial Astronomia e astroFOTOGRAFIA Especial FOTOgrafia Especial Edição / Pós-produção [&hellip;]</p>
