{"id":1623,"date":"2015-12-08T16:51:33","date_gmt":"2015-12-08T16:51:33","guid":{"rendered":"http:\/\/fotografiaportugal.pt\/site\/?page_id=1623"},"modified":"2025-09-18T15:16:11","modified_gmt":"2025-09-18T15:16:11","slug":"dreambooks","status":"publish","type":"page","link":"https:\/\/fotografiaportugal.pt\/site\/shop\/dreambooks\/","title":{"rendered":"Impress\u00e3o e Criatividade"},"content":{"rendered":"<p>A <a href=\"https:\/\/fotografiaportugal.dreambooks.pt\/\" target=\"_blank\" rel=\"noopener\">Dreambooks<\/a> estabeleceu uma <a href=\"https:\/\/fotografiaportugal.dreambooks.pt\/\" target=\"_blank\" rel=\"noopener\">parceria<\/a> com <a href=\"https:\/\/fotografiaportugal.dreambooks.pt\/\" target=\"_blank\" rel=\"noopener\">Fotografia Portugal<\/a>, a qual dar\u00e1 a todos os nossos clientes e seguidores <a href=\"https:\/\/fotografiaportugal.dreambooks.pt\/\" target=\"_blank\" rel=\"noopener\">condi\u00e7\u00f5es muito especiais a todos os seus produtos<\/a>.<\/p>\n<p><a href=\"https:\/\/fotografiaportugal.dreambooks.pt\/\" target=\"_blank\" rel=\"attachment noopener wp-att-2535\"><img loading=\"lazy\" decoding=\"async\" class=\"alignnone size-medium wp-image-2535\" src=\"https:\/\/fotografiaportugal.pt\/site\/wp-content\/uploads\/2016\/02\/O-que-deseja-fazer-com-as-suas-fotos-300x192.png\" alt=\"O que deseja fazer com as suas fotos\" width=\"300\" height=\"192\" srcset=\"https:\/\/fotografiaportugal.pt\/site\/wp-content\/uploads\/2016\/02\/O-que-deseja-fazer-com-as-suas-fotos-300x192.png 300w, https:\/\/fotografiaportugal.pt\/site\/wp-content\/uploads\/2016\/02\/O-que-deseja-fazer-com-as-suas-fotos-768x492.png 768w, https:\/\/fotografiaportugal.pt\/site\/wp-content\/uploads\/2016\/02\/O-que-deseja-fazer-com-as-suas-fotos-1024x656.png 1024w, https:\/\/fotografiaportugal.pt\/site\/wp-content\/uploads\/2016\/02\/O-que-deseja-fazer-com-as-suas-fotos-100x64.png 100w, https:\/\/fotografiaportugal.pt\/site\/wp-content\/uploads\/2016\/02\/O-que-deseja-fazer-com-as-suas-fotos-290x186.png 290w, https:\/\/fotografiaportugal.pt\/site\/wp-content\/uploads\/2016\/02\/O-que-deseja-fazer-com-as-suas-fotos-472x300.png 472w, https:\/\/fotografiaportugal.pt\/site\/wp-content\/uploads\/2016\/02\/O-que-deseja-fazer-com-as-suas-fotos.png 1096w\" sizes=\"auto, (max-width: 300px) 100vw, 300px\" \/><\/a><\/p>\n<p><strong><a href=\"https:\/\/fotografiaportugal.dreambooks.pt\/\" target=\"_blank\" rel=\"noopener\">O que deseja fazer com as suas fotos?<\/a><\/strong><\/p>\n<ol>\n<li>FA\u00c7A UPLOAD: Qualquer imagem do seu computador, telem\u00f3vel ou rede social.<\/li>\n<li>PERSONALIZE: Crie o seu produto com imagens de fam\u00edlia, viagens, anivers\u00e1rio, etc.<\/li>\n<li>ENCOMENDE: N\u00f3s cuidamos do resto! Em apenas alguns dias voc\u00ea recebe em sua casa ou numa loja aderente.<\/li>\n<\/ol>\n<p>Agora as tuas <strong>FOTOS <\/strong>valem muito mais!<\/p>\n<p>Acede a <a href=\"https:\/\/fotografiaportugal.dreambooks.pt\/\">https:\/\/fotografiaportugal.dreambooks.pt\/<\/a> e escolhe o que vais fazer com as tuas fotos:<\/p>\n<p><a href=\"https:\/\/fotografiaportugal.dreambooks.pt\/\" rel=\"attachment wp-att-1768\"><img loading=\"lazy\" decoding=\"async\" class=\"alignnone size-medium wp-image-1768\" src=\"https:\/\/fotografiaportugal.pt\/site\/wp-content\/uploads\/2015\/12\/albuns-digitais-BR-300x100.jpg\" alt=\"albuns digitais BR\" width=\"300\" height=\"100\" srcset=\"https:\/\/fotografiaportugal.pt\/site\/wp-content\/uploads\/2015\/12\/albuns-digitais-BR-300x100.jpg 300w, https:\/\/fotografiaportugal.pt\/site\/wp-content\/uploads\/2015\/12\/albuns-digitais-BR-768x255.jpg 768w, https:\/\/fotografiaportugal.pt\/site\/wp-content\/uploads\/2015\/12\/albuns-digitais-BR.jpg 1024w, https:\/\/fotografiaportugal.pt\/site\/wp-content\/uploads\/2015\/12\/albuns-digitais-BR-100x33.jpg 100w, https:\/\/fotografiaportugal.pt\/site\/wp-content\/uploads\/2015\/12\/albuns-digitais-BR-372x124.jpg 372w\" sizes=\"auto, (max-width: 300px) 100vw, 300px\" \/><\/a><\/p>\n<p><strong>\u00c1LBUNS DIGITAIS<\/strong><\/p>\n<ul>\n<li>\u00c1lbuns Digitais Slim<\/li>\n<li>\u00c1lbuns Digitais Premium<\/li>\n<li>GiftBox &#8211; Caixa Presente<\/li>\n<\/ul>\n<p><a href=\"https:\/\/fotografiaportugal.dreambooks.pt\/\" rel=\"attachment wp-att-1769\"><img loading=\"lazy\" decoding=\"async\" class=\"alignnone size-medium wp-image-1769\" src=\"https:\/\/fotografiaportugal.pt\/site\/wp-content\/uploads\/2015\/12\/decoracao-BR-300x176.jpg\" alt=\"decoracao BR\" width=\"300\" height=\"176\" srcset=\"https:\/\/fotografiaportugal.pt\/site\/wp-content\/uploads\/2015\/12\/decoracao-BR-300x176.jpg 300w, https:\/\/fotografiaportugal.pt\/site\/wp-content\/uploads\/2015\/12\/decoracao-BR-768x451.jpg 768w, https:\/\/fotografiaportugal.pt\/site\/wp-content\/uploads\/2015\/12\/decoracao-BR.jpg 1024w, https:\/\/fotografiaportugal.pt\/site\/wp-content\/uploads\/2015\/12\/decoracao-BR-100x59.jpg 100w, https:\/\/fotografiaportugal.pt\/site\/wp-content\/uploads\/2015\/12\/decoracao-BR-317x186.jpg 317w\" sizes=\"auto, (max-width: 300px) 100vw, 300px\" \/><\/a><\/p>\n<p><strong>DECORA\u00c7\u00c3O<\/strong><\/p>\n<ul>\n<li>Posters<\/li>\n<li>Telas<\/li>\n<li>Molduras de Mesa<\/li>\n<li>Molduras de Parede<\/li>\n<li>Quadro em Acr\u00edlico &amp; Metal<\/li>\n<li>Quadro em Alum\u00ednio<\/li>\n<li>Quadro em Acr\u00edlico<\/li>\n<li>Multi-Telas<\/li>\n<\/ul>\n<p><a href=\"https:\/\/fotografiaportugal.dreambooks.pt\/\" rel=\"attachment wp-att-1770\"><img loading=\"lazy\" decoding=\"async\" class=\"alignnone size-full wp-image-1770\" src=\"https:\/\/fotografiaportugal.pt\/site\/wp-content\/uploads\/2015\/12\/Rev_Fotos.jpg\" alt=\"Rev_Fotos\" width=\"260\" height=\"191\" srcset=\"https:\/\/fotografiaportugal.pt\/site\/wp-content\/uploads\/2015\/12\/Rev_Fotos.jpg 260w, https:\/\/fotografiaportugal.pt\/site\/wp-content\/uploads\/2015\/12\/Rev_Fotos-100x73.jpg 100w, https:\/\/fotografiaportugal.pt\/site\/wp-content\/uploads\/2015\/12\/Rev_Fotos-253x186.jpg 253w\" sizes=\"auto, (max-width: 260px) 100vw, 260px\" \/><\/a><\/p>\n<p><strong>REVELA\u00c7\u00c3O DE FOTOS<\/strong><\/p>\n<ul>\n<li>Fotos<\/li>\n<li>Packs de Fotos<\/li>\n<li>Posters<\/li>\n<\/ul>\n<p><a href=\"https:\/\/fotografiaportugal.dreambooks.pt\/\" rel=\"attachment wp-att-1771\"><img loading=\"lazy\" decoding=\"async\" class=\"alignnone size-medium wp-image-1771\" src=\"https:\/\/fotografiaportugal.pt\/site\/wp-content\/uploads\/2015\/12\/Presentes-personalizados-BR-300x176.jpg\" alt=\"Presentes personalizados BR\" width=\"300\" height=\"176\" srcset=\"https:\/\/fotografiaportugal.pt\/site\/wp-content\/uploads\/2015\/12\/Presentes-personalizados-BR-300x176.jpg 300w, https:\/\/fotografiaportugal.pt\/site\/wp-content\/uploads\/2015\/12\/Presentes-personalizados-BR-768x451.jpg 768w, https:\/\/fotografiaportugal.pt\/site\/wp-content\/uploads\/2015\/12\/Presentes-personalizados-BR.jpg 1024w, https:\/\/fotografiaportugal.pt\/site\/wp-content\/uploads\/2015\/12\/Presentes-personalizados-BR-100x59.jpg 100w, https:\/\/fotografiaportugal.pt\/site\/wp-content\/uploads\/2015\/12\/Presentes-personalizados-BR-317x186.jpg 317w\" sizes=\"auto, (max-width: 300px) 100vw, 300px\" \/><\/a><\/p>\n<p><strong>PRESENTES PERSONALIZADOS<\/strong><\/p>\n<ul>\n<li>Canecas<\/li>\n<li>Decora\u00e7\u00e3o de Mesa<\/li>\n<li>Decora\u00e7\u00e3o de Parede<\/li>\n<li>Digital &amp; Acess\u00f3rios<\/li>\n<li>Estacion\u00e1rio<\/li>\n<li>Para a Casa<\/li>\n<li>Para Escrit\u00f3rio<\/li>\n<li>Peluches<\/li>\n<li>Porta-Chaves<\/li>\n<li>Puzzles &amp; Jogos<\/li>\n<li>Sacos &amp; Malas<\/li>\n<li>Vestu\u00e1rio<\/li>\n<\/ul>\n<p><a href=\"https:\/\/fotografiaportugal.dreambooks.pt\/\" rel=\"attachment wp-att-1772\"><img loading=\"lazy\" decoding=\"async\" class=\"alignnone size-medium wp-image-1772\" src=\"https:\/\/fotografiaportugal.pt\/site\/wp-content\/uploads\/2015\/12\/Foto-livros-BR-300x176.jpg\" alt=\"Foto livros BR\" width=\"300\" height=\"176\" srcset=\"https:\/\/fotografiaportugal.pt\/site\/wp-content\/uploads\/2015\/12\/Foto-livros-BR-300x176.jpg 300w, https:\/\/fotografiaportugal.pt\/site\/wp-content\/uploads\/2015\/12\/Foto-livros-BR-768x451.jpg 768w, https:\/\/fotografiaportugal.pt\/site\/wp-content\/uploads\/2015\/12\/Foto-livros-BR.jpg 1024w, https:\/\/fotografiaportugal.pt\/site\/wp-content\/uploads\/2015\/12\/Foto-livros-BR-100x59.jpg 100w, https:\/\/fotografiaportugal.pt\/site\/wp-content\/uploads\/2015\/12\/Foto-livros-BR-317x186.jpg 317w\" sizes=\"auto, (max-width: 300px) 100vw, 300px\" \/><\/a><\/p>\n<p><strong>FOTO LIVROS<\/strong><\/p>\n<ul>\n<li>Foto Revistas<\/li>\n<li>Foto Livros Slim<\/li>\n<li>Foto Livros Premium<\/li>\n<\/ul>\n<p><a href=\"https:\/\/fotografiaportugal.dreambooks.pt\/\" rel=\"attachment wp-att-1773\"><img loading=\"lazy\" decoding=\"async\" class=\"alignnone size-medium wp-image-1773\" src=\"https:\/\/fotografiaportugal.pt\/site\/wp-content\/uploads\/2015\/12\/Calendarios-BR-300x176.jpg\" alt=\"Calendarios BR\" width=\"300\" height=\"176\" srcset=\"https:\/\/fotografiaportugal.pt\/site\/wp-content\/uploads\/2015\/12\/Calendarios-BR-300x176.jpg 300w, https:\/\/fotografiaportugal.pt\/site\/wp-content\/uploads\/2015\/12\/Calendarios-BR-768x451.jpg 768w, https:\/\/fotografiaportugal.pt\/site\/wp-content\/uploads\/2015\/12\/Calendarios-BR.jpg 1024w, https:\/\/fotografiaportugal.pt\/site\/wp-content\/uploads\/2015\/12\/Calendarios-BR-100x59.jpg 100w, https:\/\/fotografiaportugal.pt\/site\/wp-content\/uploads\/2015\/12\/Calendarios-BR-317x186.jpg 317w\" sizes=\"auto, (max-width: 300px) 100vw, 300px\" \/><\/a><\/p>\n<p><strong>CALEND\u00c1RIOS<\/strong><\/p>\n<ul>\n<li>Posters Calend\u00e1rio<\/li>\n<li>Calend\u00e1rios de Parede<\/li>\n<li>Calend\u00e1rio de Mesa<\/li>\n<li>Calend\u00e1rios de Bolso<\/li>\n<\/ul>\n<p>A\u00a0<a href=\"http:\/\/www.fotografiaportugal.dreambooks.pt\/\">Dreambooks<\/a>\u00a0estabeleceu uma\u00a0<a href=\"http:\/\/www.fotografiaportugal.dreambooks.pt\/\">parceria<\/a>\u00a0com\u00a0<a href=\"http:\/\/www.fotografiaportugal.dreambooks.pt\/\">Fotografia Portugal<\/a>\u00a0com\u00a0<a href=\"https:\/\/fotografiaportugal.dreambooks.pt\/\">condi\u00e7\u00f5es muito especiais em todos os seus produtos<\/a>.<\/p>\n<p>Podes seguir todas as\u00a0<a href=\"https:\/\/fotografiaportugal.dreambooks.pt\/\">campanhas<\/a>\u00a0em:\u00a0<a href=\"https:\/\/fotografiaportugal.dreambooks.pt\/\">https:\/\/fotografiaportugal.dreambooks.pt\/<\/a><\/p>\n\n\n<p><\/p>\n","protected":false},"excerpt":{"rendered":"<p>A Dreambooks estabeleceu uma parceria com Fotografia Portugal, a qual dar\u00e1 a todos os nossos clientes e seguidores condi\u00e7\u00f5es muito especiais a todos os seus produtos. O que deseja fazer com as suas fotos? FA\u00c7A UPLOAD: Qualquer imagem do seu computador, telem\u00f3vel ou rede social. PERSONALIZE: Crie o seu produto com imagens de fam\u00edlia, viagens, [&hellip;]<\/p>\n","protected":false},"author":2629,"featured_media":0,"parent":4,"menu_order":0,"comment_status":"closed","ping_status":"closed","template":"","meta":{"footnotes":""},"class_list":["post-1623","page","type-page","status-publish","hentry"],"_links":{"self":[{"href":"https:\/\/fotografiaportugal.pt\/site\/wp-json\/wp\/v2\/pages\/1623","targetHints":{"allow":["GET"]}}],"collection":[{"href":"https:\/\/fotografiaportugal.pt\/site\/wp-json\/wp\/v2\/pages"}],"about":[{"href":"https:\/\/fotografiaportugal.pt\/site\/wp-json\/wp\/v2\/types\/page"}],"author":[{"embeddable":true,"href":"https:\/\/fotografiaportugal.pt\/site\/wp-json\/wp\/v2\/users\/2629"}],"replies":[{"embeddable":true,"href":"https:\/\/fotografiaportugal.pt\/site\/wp-json\/wp\/v2\/comments?post=1623"}],"version-history":[{"count":7,"href":"https:\/\/fotografiaportugal.pt\/site\/wp-json\/wp\/v2\/pages\/1623\/revisions"}],"predecessor-version":[{"id":28603,"href":"https:\/\/fotografiaportugal.pt\/site\/wp-json\/wp\/v2\/pages\/1623\/revisions\/28603"}],"up":[{"embeddable":true,"href":"https:\/\/fotografiaportugal.pt\/site\/wp-json\/wp\/v2\/pages\/4"}],"wp:attachment":[{"href":"https:\/\/fotografiaportugal.pt\/site\/wp-json\/wp\/v2\/media?parent=1623"}],"curies":[{"name":"wp","href":"https:\/\/api.w.org\/{rel}","templated":true}]}}