{"id":296,"date":"2015-04-18T13:04:45","date_gmt":"2015-04-18T13:04:45","guid":{"rendered":"http:\/\/fotografiaportugal.pt\/site\/?page_id=296"},"modified":"2017-01-06T11:56:31","modified_gmt":"2017-01-06T11:56:31","slug":"pagina","status":"publish","type":"page","link":"https:\/\/fotografiaportugal.pt\/site\/pagina\/","title":{"rendered":"P\u00e1gina"},"content":{"rendered":"<p><a title=\"www.fotografiaportugal.pt\" href=\"https:\/\/www.facebook.com\/FotografiaPortugal\/\" target=\"_blank\">www.fotografiaportugal.pt<\/a><\/p>\n<p>P\u00e1gina <a title=\"www.fotografiaportugal.pt\" href=\"https:\/\/www.facebook.com\/FotografiaPortugal\/\" target=\"_blank\"><strong>FOTOGRAFIA Portugal<\/strong><\/a> na rede social Facebook.<\/p>\n<p><a title=\"www.fotografiaportugal.pt\" href=\"https:\/\/www.facebook.com\/FotografiaPortugal\/\" target=\"_blank\"><img loading=\"lazy\" decoding=\"async\" class=\"alignnone size-full wp-image-297\" src=\"https:\/\/fotografiaportugal.pt\/site\/wp-content\/uploads\/2015\/04\/GOSTO-pagina-FP.jpg\" alt=\"GOSTO pagina FP\" width=\"213\" height=\"236\" \/><\/a><\/p>\n<p>GOSTO de <a title=\"www.fotografiaportugal.pt\" href=\"https:\/\/www.facebook.com\/FotografiaPortugal\/\" target=\"_blank\">FOTOGRAFIA Portugal<\/a><\/p>\n<p>Para quem ainda n\u00e3o o fez, se n\u00e3o quiserem perder nenhuma publica\u00e7\u00e3o, dever\u00e3o activar estas tr\u00eas op\u00e7\u00f5es (&#8220;Receber notifica\u00e7\u00f5es&#8221;, &#8220;Mostrar no feed de not\u00edcias&#8221; e &#8220;Adicionar a lista de interesses&#8221;) atrav\u00e9s do bot\u00e3o &#8220;Gostei&#8221; da p\u00e1gina FOTOGRAFIA Portugal. Obrigado!<\/p>\n<p>(English)<\/p>\n<p>LIKE <a title=\"www.fotografiaportugal.pt\" href=\"https:\/\/www.facebook.com\/FotografiaPortugal\/\" target=\"_blank\">Portugal Photography<\/a><\/p>\n<p>For those who haven&#8217;t done it yet, if you don&#8217;t want to lose any of my publications, you should activate the three options (&#8220;Receive notifications&#8221;, &#8220;Show in the news feed&#8221; and &#8220;Add to interest list&#8221;) when you press the &#8220;Like&#8221; button of page Portugal Photography. Thank you!<\/p>\n<p><a title=\"www.fotografiaportugal.pt\" href=\"https:\/\/www.facebook.com\/FotografiaPortugal\/\" target=\"_blank\">www.fotografiaportugal.pt<\/a><\/p>\n<p>&nbsp;<\/p>\n","protected":false},"excerpt":{"rendered":"<p>www.fotografiaportugal.pt P\u00e1gina FOTOGRAFIA Portugal na rede social Facebook. GOSTO de FOTOGRAFIA Portugal Para quem ainda n\u00e3o o fez, se n\u00e3o quiserem perder nenhuma publica\u00e7\u00e3o, dever\u00e3o activar estas tr\u00eas op\u00e7\u00f5es (&#8220;Receber notifica\u00e7\u00f5es&#8221;, &#8220;Mostrar no feed de not\u00edcias&#8221; e &#8220;Adicionar a lista de interesses&#8221;) atrav\u00e9s do bot\u00e3o &#8220;Gostei&#8221; da p\u00e1gina FOTOGRAFIA Portugal. Obrigado! (English) LIKE Portugal Photography [&hellip;]<\/p>\n","protected":false},"author":2629,"featured_media":0,"parent":0,"menu_order":0,"comment_status":"closed","ping_status":"closed","template":"","meta":{"footnotes":""},"class_list":["post-296","page","type-page","status-publish","hentry"],"_links":{"self":[{"href":"https:\/\/fotografiaportugal.pt\/site\/wp-json\/wp\/v2\/pages\/296","targetHints":{"allow":["GET"]}}],"collection":[{"href":"https:\/\/fotografiaportugal.pt\/site\/wp-json\/wp\/v2\/pages"}],"about":[{"href":"https:\/\/fotografiaportugal.pt\/site\/wp-json\/wp\/v2\/types\/page"}],"author":[{"embeddable":true,"href":"https:\/\/fotografiaportugal.pt\/site\/wp-json\/wp\/v2\/users\/2629"}],"replies":[{"embeddable":true,"href":"https:\/\/fotografiaportugal.pt\/site\/wp-json\/wp\/v2\/comments?post=296"}],"version-history":[{"count":3,"href":"https:\/\/fotografiaportugal.pt\/site\/wp-json\/wp\/v2\/pages\/296\/revisions"}],"predecessor-version":[{"id":3783,"href":"https:\/\/fotografiaportugal.pt\/site\/wp-json\/wp\/v2\/pages\/296\/revisions\/3783"}],"wp:attachment":[{"href":"https:\/\/fotografiaportugal.pt\/site\/wp-json\/wp\/v2\/media?parent=296"}],"curies":[{"name":"wp","href":"https:\/\/api.w.org\/{rel}","templated":true}]}}

Página

<p><a title="www.fotografiaportugal.pt" href="https://www.facebook.com/FotografiaPortugal/" target="_blank">www.fotografiaportugal.pt</a></p>
<p>Página <a title="www.fotografiaportugal.pt" href="https://www.facebook.com/FotografiaPortugal/" target="_blank"><strong>FOTOGRAFIA Portugal</strong></a> na rede social Facebook.</p>
<p><a title="www.fotografiaportugal.pt" href="https://www.facebook.com/FotografiaPortugal/" target="_blank"><img loading="lazy" decoding="async" class="alignnone size-full wp-image-297" src="https://fotografiaportugal.pt/site/wp-content/uploads/2015/04/GOSTO-pagina-FP.jpg" alt="GOSTO pagina FP" width="213" height="236" /></a></p>
<p>GOSTO de <a title="www.fotografiaportugal.pt" href="https://www.facebook.com/FotografiaPortugal/" target="_blank">FOTOGRAFIA Portugal</a></p>
<p>Para quem ainda não o fez, se não quiserem perder nenhuma publicação, deverão activar estas três opções (&#8220;Receber notificações&#8221;, &#8220;Mostrar no feed de notícias&#8221; e &#8220;Adicionar a lista de interesses&#8221;) através do botão &#8220;Gostei&#8221; da página FOTOGRAFIA Portugal. Obrigado!</p>
<p>(English)</p>
<p>LIKE <a title="www.fotografiaportugal.pt" href="https://www.facebook.com/FotografiaPortugal/" target="_blank">Portugal Photography</a></p>
<p>For those who haven&#8217;t done it yet, if you don&#8217;t want to lose any of my publications, you should activate the three options (&#8220;Receive notifications&#8221;, &#8220;Show in the news feed&#8221; and &#8220;Add to interest list&#8221;) when you press the &#8220;Like&#8221; button of page Portugal Photography. Thank you!</p>
<p><a title="www.fotografiaportugal.pt" href="https://www.facebook.com/FotografiaPortugal/" target="_blank">www.fotografiaportugal.pt</a></p>
<p>&nbsp;</p>

<p>www.fotografiaportugal.pt Página FOTOGRAFIA Portugal na rede social Facebook. GOSTO de FOTOGRAFIA Portugal Para quem ainda não o fez, se não quiserem perder nenhuma publicação, deverão activar estas três opções (&#8220;Receber notificações&#8221;, &#8220;Mostrar no feed de notícias&#8221; e &#8220;Adicionar a lista de interesses&#8221;) através do botão &#8220;Gostei&#8221; da página FOTOGRAFIA Portugal. Obrigado! (English) LIKE Portugal Photography [&hellip;]</p>
