{"id":4123,"date":"2017-04-20T21:35:16","date_gmt":"2017-04-20T21:35:16","guid":{"rendered":"http:\/\/fotografiaportugal.pt\/site\/?page_id=4123"},"modified":"2025-04-23T15:20:13","modified_gmt":"2025-04-23T15:20:13","slug":"dia-mundial-livro","status":"publish","type":"page","link":"https:\/\/fotografiaportugal.pt\/site\/shop\/dia-mundial-livro\/","title":{"rendered":"Dia Mundial do Livro e dos Direitos de Autor"},"content":{"rendered":"<p>No dia 23 de abril celebra-se o Dia Mundial do Livro e dos Direitos de Autor, com o objetivo reconhecer a import\u00e2ncia e a utilidade dos livros, assim como incentivar h\u00e1bitos de leitura na popula\u00e7\u00e3o.<\/p>\n<p>A data foi institu\u00edda em 1995 pela UNESCO por ser um dia importante para a literatura mundial, uma vez que foi a 23 de abril de 1616 que faleceu Miguel de Cervantes e a 23 de abril de 1899 que nasceu Vladimir Nabokov. A data \u00e9 ainda recordada como o dia em que nasceu e morreu o famoso escritor ingl\u00eas William Shakespeare.<\/p>\n<p>O livro \u00e9 bem cultural e educativo, essencial para o desenvolvimento da literacia e para o desenvolvimento econ\u00f3mico.<\/p>\n<p><img loading=\"lazy\" decoding=\"async\" class=\"alignnone size-medium wp-image-28507\" src=\"https:\/\/fotografiaportugal.pt\/site\/wp-content\/uploads\/2025\/04\/Campanha-Primavera-20251-scaled-300x169.jpg\" alt=\"\" width=\"300\" height=\"169\" srcset=\"https:\/\/fotografiaportugal.pt\/site\/wp-content\/uploads\/2025\/04\/Campanha-Primavera-20251-scaled-300x169.jpg 300w, https:\/\/fotografiaportugal.pt\/site\/wp-content\/uploads\/2025\/04\/Campanha-Primavera-20251-scaled-1024x576.jpg 1024w\" sizes=\"auto, (max-width: 300px) 100vw, 300px\" \/><\/p>\n<p>Conhe\u00e7a alguns dos livros mais vendidos em Portugal:<\/p>\n<ul>\n<li><a href=\"https:\/\/fotografiaportugal.pt\/site\/categoria-produto\/best-sellers-para-turistas-for-tourists\/\">Best-sellers para turistas \/ for tourists<\/a><\/li>\n<li><a href=\"https:\/\/fotografiaportugal.pt\/site\/categoria-produto\/top-10\/\">Top 10 &#8211; Os mais vendidos<\/a><\/li>\n<li><a href=\"https:\/\/fotografiaportugal.pt\/site\/categoria-produto\/livros-capa-dura-luxo\/\">Livros em capa dura (encaderna\u00e7\u00e3o de luxo)<\/a><\/li>\n<li><a href=\"https:\/\/fotografiaportugal.pt\/site\/categoria-produto\/packs\/\">Pack&#8217;s de Livros<\/a><\/li>\n<\/ul>\n<p>Podem ainda consultar mais livros em: <a href=\"https:\/\/fotografiaportugal.pt\/site\/categoria-produto\/livros\/\"><strong>LIVROS<\/strong><\/a><\/p>\n\n\n<p><\/p>\n","protected":false},"excerpt":{"rendered":"<p>No dia 23 de abril celebra-se o Dia Mundial do Livro e dos Direitos de Autor, com o objetivo reconhecer a import\u00e2ncia e a utilidade dos livros, assim como incentivar h\u00e1bitos de leitura na popula\u00e7\u00e3o. A data foi institu\u00edda em 1995 pela UNESCO por ser um dia importante para a literatura mundial, uma vez que [&hellip;]<\/p>\n","protected":false},"author":2629,"featured_media":4125,"parent":4,"menu_order":0,"comment_status":"closed","ping_status":"closed","template":"","meta":{"footnotes":""},"class_list":["post-4123","page","type-page","status-publish","has-post-thumbnail","hentry"],"_links":{"self":[{"href":"https:\/\/fotografiaportugal.pt\/site\/wp-json\/wp\/v2\/pages\/4123","targetHints":{"allow":["GET"]}}],"collection":[{"href":"https:\/\/fotografiaportugal.pt\/site\/wp-json\/wp\/v2\/pages"}],"about":[{"href":"https:\/\/fotografiaportugal.pt\/site\/wp-json\/wp\/v2\/types\/page"}],"author":[{"embeddable":true,"href":"https:\/\/fotografiaportugal.pt\/site\/wp-json\/wp\/v2\/users\/2629"}],"replies":[{"embeddable":true,"href":"https:\/\/fotografiaportugal.pt\/site\/wp-json\/wp\/v2\/comments?post=4123"}],"version-history":[{"count":3,"href":"https:\/\/fotografiaportugal.pt\/site\/wp-json\/wp\/v2\/pages\/4123\/revisions"}],"predecessor-version":[{"id":28508,"href":"https:\/\/fotografiaportugal.pt\/site\/wp-json\/wp\/v2\/pages\/4123\/revisions\/28508"}],"up":[{"embeddable":true,"href":"https:\/\/fotografiaportugal.pt\/site\/wp-json\/wp\/v2\/pages\/4"}],"wp:featuredmedia":[{"embeddable":true,"href":"https:\/\/fotografiaportugal.pt\/site\/wp-json\/wp\/v2\/media\/4125"}],"wp:attachment":[{"href":"https:\/\/fotografiaportugal.pt\/site\/wp-json\/wp\/v2\/media?parent=4123"}],"curies":[{"name":"wp","href":"https:\/\/api.w.org\/{rel}","templated":true}]}}