{"id":11487,"date":"2021-12-15T21:25:37","date_gmt":"2021-12-15T21:25:37","guid":{"rendered":"https:\/\/fotografiaportugal.pt\/site\/?post_type=product&#038;p=11487"},"modified":"2024-07-15T10:39:07","modified_gmt":"2024-07-15T10:39:07","slug":"bibliotecas-maravilhas-de-portugal-libraries-wonders-of-portugal-vol-i-e-ii","status":"publish","type":"product","link":"https:\/\/fotografiaportugal.pt\/site\/shop\/livros\/bibliotecas-maravilhas-de-portugal-libraries-wonders-of-portugal-vol-i-e-ii\/","title":{"rendered":"Bibliotecas \u2013 Maravilhas de Portugal \/ Libraries \u2013 Wonders of Portugal, Vol. I e II"},"content":{"rendered":"<p><img loading=\"lazy\" decoding=\"async\" class=\"alignnone size-medium wp-image-11488\" src=\"https:\/\/fotografiaportugal.pt\/site\/wp-content\/uploads\/2021\/12\/CentroAtlantico-capas3d_Bibliotecas_vol1e2-2000px-300x134.jpg\" alt=\"\" width=\"300\" height=\"134\" srcset=\"https:\/\/fotografiaportugal.pt\/site\/wp-content\/uploads\/2021\/12\/CentroAtlantico-capas3d_Bibliotecas_vol1e2-2000px-300x134.jpg 300w, https:\/\/fotografiaportugal.pt\/site\/wp-content\/uploads\/2021\/12\/CentroAtlantico-capas3d_Bibliotecas_vol1e2-2000px-1024x458.jpg 1024w, https:\/\/fotografiaportugal.pt\/site\/wp-content\/uploads\/2021\/12\/CentroAtlantico-capas3d_Bibliotecas_vol1e2-2000px-416x186.jpg 416w, https:\/\/fotografiaportugal.pt\/site\/wp-content\/uploads\/2021\/12\/CentroAtlantico-capas3d_Bibliotecas_vol1e2-2000px.jpg 2000w\" sizes=\"auto, (max-width: 300px) 100vw, 300px\" \/><\/p>\n<p>Pack com <span style=\"text-decoration: underline;\">2 volumes<\/span> da obra \u00ab<strong>Bibliotecas \u2013 Maravilhas de Portugal \/ Libraries \u2013 Wonders of Portugal<\/strong>\u00bb, Vol. <strong>I<\/strong> + Vol. <strong>II<\/strong><\/p>\n<ul>\n<li>Oferta de <strong>10% de desconto<\/strong> + <strong>Portes gr\u00e1tis<\/strong> (no envio para qualquer morada em Portugal)<\/li>\n<\/ul>\n<p><img loading=\"lazy\" decoding=\"async\" class=\"alignnone size-medium wp-image-11483\" src=\"https:\/\/fotografiaportugal.pt\/site\/wp-content\/uploads\/2018\/06\/Capa3D-Centro-Atlantico-Bibliotecas_vol1-5ed_1250px-300x242.jpg\" alt=\"\" width=\"300\" height=\"242\" srcset=\"https:\/\/fotografiaportugal.pt\/site\/wp-content\/uploads\/2018\/06\/Capa3D-Centro-Atlantico-Bibliotecas_vol1-5ed_1250px-300x242.jpg 300w, https:\/\/fotografiaportugal.pt\/site\/wp-content\/uploads\/2018\/06\/Capa3D-Centro-Atlantico-Bibliotecas_vol1-5ed_1250px-1024x825.jpg 1024w, https:\/\/fotografiaportugal.pt\/site\/wp-content\/uploads\/2018\/06\/Capa3D-Centro-Atlantico-Bibliotecas_vol1-5ed_1250px-416x335.jpg 416w, https:\/\/fotografiaportugal.pt\/site\/wp-content\/uploads\/2018\/06\/Capa3D-Centro-Atlantico-Bibliotecas_vol1-5ed_1250px.jpg 1250w\" sizes=\"auto, (max-width: 300px) 100vw, 300px\" \/><\/p>\n<p>\u00ab<strong>Bibliotecas \u2013 Maravilhas de Portugal \/ Libraries \u2013 Wonders of Portugal<\/strong>\u00bb, Vol. <strong>I<\/strong><\/p>\n<p>Autor: Lib\u00f3rio Manuel Silva<\/p>\n<p>Pref\u00e1cio: Eduardo Louren\u00e7o<\/p>\n<p>P\u00e1gs: 168, a cores (capa dura); 24,5*32,1cm<\/p>\n<p>ISBN: 978-989-615-221-5<\/p>\n<p>Pre\u00e7o: 28,85 Eur<\/p>\n<p>5\u00aa edi\u00e7\u00e3o: Novembro\/2021<\/p>\n<p><img loading=\"lazy\" decoding=\"async\" class=\"alignnone size-medium wp-image-11485\" src=\"https:\/\/fotografiaportugal.pt\/site\/wp-content\/uploads\/2021\/12\/K3d_Bibliotecas_vol2_v3_transp_1250px-300x263.jpg\" alt=\"\" width=\"300\" height=\"263\" srcset=\"https:\/\/fotografiaportugal.pt\/site\/wp-content\/uploads\/2021\/12\/K3d_Bibliotecas_vol2_v3_transp_1250px-300x263.jpg 300w, https:\/\/fotografiaportugal.pt\/site\/wp-content\/uploads\/2021\/12\/K3d_Bibliotecas_vol2_v3_transp_1250px-1024x898.jpg 1024w, https:\/\/fotografiaportugal.pt\/site\/wp-content\/uploads\/2021\/12\/K3d_Bibliotecas_vol2_v3_transp_1250px-416x365.jpg 416w, https:\/\/fotografiaportugal.pt\/site\/wp-content\/uploads\/2021\/12\/K3d_Bibliotecas_vol2_v3_transp_1250px.jpg 1250w\" sizes=\"auto, (max-width: 300px) 100vw, 300px\" \/><\/p>\n<p>\u00ab<strong>Bibliotecas \u2013 Maravilhas de Portugal \/ Libraries \u2013 Wonders of Portugal<\/strong>\u00bb, Vol. <strong>II<\/strong><\/p>\n<p>Autor: Lib\u00f3rio Manuel Silva<\/p>\n<p>Pref\u00e1cio: Alberto Manguel<\/p>\n<p>P\u00e1gs: 180, a cores (capa dura); 24,5*32,1cm<\/p>\n<p>ISBN: 978-989-615-235-2<\/p>\n<p>Pre\u00e7o: 28,85 Eur<\/p>\n<p>1\u00aa edi\u00e7\u00e3o: Novembro\/2021<\/p>\n<p><iframe loading=\"lazy\" title=\"Bibliotecas Maravilhas de Portugal \/ Libraries Wonders of Portugal\" width=\"980\" height=\"551\" src=\"https:\/\/www.youtube.com\/embed\/4JOQl1UI1sk?feature=oembed\" frameborder=\"0\" allow=\"accelerometer; autoplay; clipboard-write; encrypted-media; gyroscope; picture-in-picture; web-share\" referrerpolicy=\"strict-origin-when-cross-origin\" allowfullscreen><\/iframe><\/p>\n<p>Um registo surpreendente, com 260 imagens exclusivas, das mais belas Bibliotecas Hist\u00f3ricas de Portugal numa edi\u00e7\u00e3o de luxo, bilingue, organizada em dois volumes prefaciados por Eduardo Louren\u00e7o e Alberto Manguel.<\/p>\n<p>P\u00fablicas ou privadas, pequenas ou grandes, famosas ou \u2018desconhecidas\u2019, de acesso livre ou museol\u00f3gicas, eclesi\u00e1sticas, civis ou militares, o livro revela verdadeiros tesouros, transportando-nos a estas aut\u00eanticas catedrais do conhecimento.<\/p>\n<p>Uma Rota da Biblioteca Antiga e do admir\u00e1vel patrim\u00f3nio cultural portugu\u00eas para deleite de todos os apaixonados por livros.<\/p>\n<p>\/<\/p>\n<p><em>A surprising record, with 260 exclusive images, from the most beautiful Historical Libraries of Portugal in a luxury, bilingual edition, organised in two volumes prefaced by Eduardo Louren\u00e7o and Alberto Manguel.<\/em><\/p>\n<p><em>Either public or private, small or large, famous or \u2018unknown\u2019, freely accessible or museum libraries, ecclesiastical, civil or military, the book reveals true treasures, taking us to these amazing knowledge cathedrals.<\/em><\/p>\n<p><em>A Route of the Ancient Library and the admirable Portuguese cultural heritage for the delight of all book lovers.<\/em><\/p>\n<p>&nbsp;<\/p>\n<p><strong>AUTOR<\/strong><\/p>\n<p align=\"justify\"><b>Lib\u00f3rio Manuel Silva<\/b> \u00e9 editor do Centro Atl\u00e2ntico, consultor e um grande apaixonado por livros e por todos os locais m\u00e1gicos que os albergam.<\/p>\n<p align=\"justify\">\u00c9 autor de cerca de 20 livros \u2013 em tr\u00eas editoras \u2013, sobre Gest\u00e3o e Tecnologias, e de mais de 100 artigos publicados nos principais jornais e revistas portugueses. Fundou e dirigiu tr\u00eas revistas.<\/p>\n<p align=\"justify\">Em Portugal, foi precursor da forma\u00e7\u00e3o em Internet (1994) e da cria\u00e7\u00e3o e distribui\u00e7\u00e3o de e-books (1999).<\/p>\n<p align=\"justify\">Tem dez anos de experi\u00eancia como docente no ensino superior, uma p\u00f3s-gradua\u00e7\u00e3o em Gest\u00e3o, uma outra, internacional (EUA, Fran\u00e7a, Coreia do Sul e Jap\u00e3o), em Excel\u00eancia nos Servi\u00e7os e ainda a frequ\u00eancia num MBA de Com\u00e9rcio Internacional.<\/p>\n<p align=\"justify\">Come\u00e7ou a fotografar muito cedo, tendo recebido forma\u00e7\u00e3o na Cooperativa \u00c1rvore, o que o motivou para a cria\u00e7\u00e3o de um laborat\u00f3rio fotogr\u00e1fico dom\u00e9stico.<\/p>\n<p align=\"justify\">Quando n\u00e3o est\u00e1 com um livro ou c\u00e2mara fotogr\u00e1fica nas m\u00e3os, tenta perceber a afina\u00e7\u00e3o do seu <i>ukulele<\/i> ou a velocidade a que os seus colegas de <i>windsurf <\/i>conseguem navegar.<\/p>\n<p align=\"justify\">Os seus dois filhos s\u00e3o a sua principal fonte de inspira\u00e7\u00e3o.<\/p>\n","protected":false},"excerpt":{"rendered":"<p>Um registo surpreendente, com 260 imagens exclusivas, das mais belas Bibliotecas Hist\u00f3ricas de Portugal numa edi\u00e7\u00e3o de luxo, bilingue, organizada em dois volumes prefaciados por Eduardo Louren\u00e7o e Alberto Manguel.<\/p>\n<p>P\u00fablicas ou privadas, pequenas ou grandes, famosas ou \u2018desconhecidas\u2019, de acesso livre ou museol\u00f3gicas, eclesi\u00e1sticas, civis ou militares, o livro revela verdadeiros tesouros, transportando-nos a estas aut\u00eanticas catedrais do conhecimento.<\/p>\n<p>Uma Rota da Biblioteca Antiga e do admir\u00e1vel patrim\u00f3nio cultural portugu\u00eas para deleite de todos os apaixonados por livros.<\/p>\n<p>\/<\/p>\n<p><em>A surprising record, with 260 exclusive images, from the most beautiful Historical Libraries of Portugal in a luxury, bilingual edition, organised in two volumes prefaced by Eduardo Louren\u00e7o and Alberto Manguel.<\/em><\/p>\n<p><em>Either public or private, small or large, famous or \u2018unknown\u2019, freely accessible or museum libraries, ecclesiastical, civil or military, the book reveals true treasures, taking us to these amazing knowledge cathedrals.<\/em><\/p>\n<p><em>A Route of the Ancient Library and the admirable Portuguese cultural heritage for the delight of all book lovers.<\/em><\/p>\n","protected":false},"featured_media":11488,"comment_status":"closed","ping_status":"closed","template":"","meta":[],"product_brand":[],"product_cat":[181,7,103,101,138],"product_tag":[29,15,20,30],"class_list":{"0":"post-11487","1":"product","2":"type-product","3":"status-publish","4":"has-post-thumbnail","6":"product_cat-liborio-manuel-silva","7":"product_cat-livros","8":"product_cat-livros-capa-dura-luxo","9":"product_cat-packs","10":"product_cat-photography-of-portugal","11":"product_tag-bibliotecas","12":"product_tag-fotografia","13":"product_tag-imagem","14":"product_tag-libraries","15":"product_shipping_class-envio-classe-2","17":"first","18":"outofstock","19":"shipping-taxable","20":"purchasable","21":"product-type-simple"},"_links":{"self":[{"href":"https:\/\/fotografiaportugal.pt\/site\/wp-json\/wp\/v2\/product\/11487","targetHints":{"allow":["GET"]}}],"collection":[{"href":"https:\/\/fotografiaportugal.pt\/site\/wp-json\/wp\/v2\/product"}],"about":[{"href":"https:\/\/fotografiaportugal.pt\/site\/wp-json\/wp\/v2\/types\/product"}],"replies":[{"embeddable":true,"href":"https:\/\/fotografiaportugal.pt\/site\/wp-json\/wp\/v2\/comments?post=11487"}],"wp:featuredmedia":[{"embeddable":true,"href":"https:\/\/fotografiaportugal.pt\/site\/wp-json\/wp\/v2\/media\/11488"}],"wp:attachment":[{"href":"https:\/\/fotografiaportugal.pt\/site\/wp-json\/wp\/v2\/media?parent=11487"}],"wp:term":[{"taxonomy":"product_brand","embeddable":true,"href":"https:\/\/fotografiaportugal.pt\/site\/wp-json\/wp\/v2\/product_brand?post=11487"},{"taxonomy":"product_cat","embeddable":true,"href":"https:\/\/fotografiaportugal.pt\/site\/wp-json\/wp\/v2\/product_cat?post=11487"},{"taxonomy":"product_tag","embeddable":true,"href":"https:\/\/fotografiaportugal.pt\/site\/wp-json\/wp\/v2\/product_tag?post=11487"}],"curies":[{"name":"wp","href":"https:\/\/api.w.org\/{rel}","templated":true}]}}