{"id":1412,"date":"2015-11-19T13:01:24","date_gmt":"2015-11-19T13:01:24","guid":{"rendered":"http:\/\/fotografiaportugal.pt\/site\/?post_type=product&#038;p=1412"},"modified":"2016-06-23T18:19:13","modified_gmt":"2016-06-23T18:19:13","slug":"tabela-temperatura-da-cor","status":"publish","type":"product","link":"https:\/\/fotografiaportugal.pt\/site\/shop\/pdf\/tabela-temperatura-da-cor\/","title":{"rendered":"Tabela TEMPERATURA DA COR"},"content":{"rendered":"<p><strong>Tabela TEMPERATURA DA COR<\/strong><\/p>\n<p>Os valores de temperatura est\u00e3o em graus Kelvin e s\u00e3o apenas indicativos (aproximados). Quando falamos em luz quente ou fria, n\u00e3o estamos a referir-nos ao calor f\u00edsico mas sim \u00e0 tonalidade de cor que ela apresenta ao ambiente. Luz com tonalidade de cor mais suave torna-se mais aconchegante e relaxante, luz mais clara mais estimulante. Curiosamente, costumam designar-se por QUENTES cores alaranjadas e avermelhadas sendo contudo das que apresentam menos temperatura da cor, enquanto que cores designadas FRIAS como os azuis s\u00e3o das que apresentam maior temperatura da cor.<\/p>\n<p>Esta tabela destina-se a utilizadores iniciados em fotografia e amadores.<\/p>\n<p><img loading=\"lazy\" decoding=\"async\" class=\"alignnone size-medium wp-image-1413\" src=\"https:\/\/fotografiaportugal.pt\/site\/wp-content\/uploads\/2015\/11\/tabela2-BR-213x300.jpg\" alt=\"tabela2\" width=\"213\" height=\"300\" srcset=\"https:\/\/fotografiaportugal.pt\/site\/wp-content\/uploads\/2015\/11\/tabela2-BR-213x300.jpg 213w, https:\/\/fotografiaportugal.pt\/site\/wp-content\/uploads\/2015\/11\/tabela2-BR-132x186.jpg 132w, https:\/\/fotografiaportugal.pt\/site\/wp-content\/uploads\/2015\/11\/tabela2-BR.jpg 311w, https:\/\/fotografiaportugal.pt\/site\/wp-content\/uploads\/2015\/11\/tabela2-BR-71x100.jpg 71w\" sizes=\"auto, (max-width: 213px) 100vw, 213px\" \/><\/p>\n<p>A tabela\u00a0<strong>TEMPERATURA DA COR<\/strong>\u00a0pretende resumir num \u00fanico documento, no formato de uma tabela com infografias facilmente percept\u00edveis, as varia\u00e7\u00f5es que ocorrem ao n\u00edvel da temperatura da cor (medida em graus Kelvin) em fun\u00e7\u00e3o de diferentes fontes de luz.<\/p>\n<p>Caso pretenda receber a vers\u00e3o original com impress\u00e3o digital 4\/4cores (quadricromia), no formato A6, em papel Couch\u00e9 350grs, das tabelas\u00a0<strong>TEMPERATURA DA COR<\/strong>\u00a0e\u00a0<strong>C\u00c1BULA DA FOTOGRAFIA<\/strong>\u00a0as mesmas est\u00e3o dispon\u00edveis para encomenda no site da\u00a0empresa\u00a0<strong>Oceano de Odeias<\/strong> em:\u00a0<a href=\"http:\/\/oceanoideias.com\/produto\/tabelas-temperatura-da-cor-e-cabula-da-fotografia\/\" target=\"_blank\">http:\/\/oceanoideias.com\/produto\/tabelas-temperatura-da-cor-e-cabula-da-fotografia\/<\/a><\/p>\n<p><a href=\"http:\/\/oceanoideias.com\/produto\/tabelas-temperatura-da-cor-e-cabula-da-fotografia\/\" target=\"_blank\"><img loading=\"lazy\" decoding=\"async\" class=\"alignnone size-medium wp-image-3083\" src=\"https:\/\/fotografiaportugal.pt\/site\/wp-content\/uploads\/2015\/11\/Tabelas-QUAD-BR-300x300.jpg\" alt=\"Tabelas QUAD BR\" width=\"300\" height=\"300\" srcset=\"https:\/\/fotografiaportugal.pt\/site\/wp-content\/uploads\/2015\/11\/Tabelas-QUAD-BR-300x300.jpg 300w, https:\/\/fotografiaportugal.pt\/site\/wp-content\/uploads\/2015\/11\/Tabelas-QUAD-BR-150x150.jpg 150w, https:\/\/fotografiaportugal.pt\/site\/wp-content\/uploads\/2015\/11\/Tabelas-QUAD-BR-1024x1024.jpg 1024w, https:\/\/fotografiaportugal.pt\/site\/wp-content\/uploads\/2015\/11\/Tabelas-QUAD-BR-186x186.jpg 186w, https:\/\/fotografiaportugal.pt\/site\/wp-content\/uploads\/2015\/11\/Tabelas-QUAD-BR.jpg 1229w\" sizes=\"auto, (max-width: 300px) 100vw, 300px\" \/><\/a><\/p>\n<p><u>Normas de utiliza\u00e7\u00e3o<\/u>: O download e utiliza\u00e7\u00e3o desta tabela \u00e9 gratuito no seu formato electr\u00f3nico (PDF), mas exclusivo a utilizadores registados no site <a href=\"https:\/\/fotografiaportugal.pt\/site\/\">https:\/\/fotografiaportugal.pt\/site\/<\/a> Pode imprimir este ficheiro com a tabela para utiliza\u00e7\u00e3o individual, n\u00e3o sendo permitido o reenvio da mesma a terceiros.<\/p>\n<p><u>Nota<\/u>: As tabelas\u00a0<strong>TEMPERATURA DA COR<\/strong>\u00a0e\u00a0<strong>C\u00c1BULA DA FOTOGRAFIA<\/strong>\u00a0est\u00e3o\u00a0protegidas por direito de autor no\u00a0<strong>IGAC<\/strong>\u00a0(Inspe\u00e7\u00e3o-Geral das Atividades Culturais &#8211; Dire\u00e7\u00e3o de Servi\u00e7os de Propriedade Intelectual)\u00a0com o\u00a0registo de obra n.\u00ba\u00a0<strong>3766\/2015<\/strong>\u00a0e a marca\u00a0<strong>FOTOGRAFIA Portugal \u00ae<\/strong>\u00a0tem o registo da marca nacional n.\u00ba\u00a0<strong>544186<\/strong>,\u00a0concedido pelo\u00a0<strong>INPI<\/strong>\u00a0(Instituto Nacional da propriedade Industrial) por Despacho de 28\/05\/2015, publicado no Boletim da Propriedade Industrial de 02\/06\/2015 (p\u00e1gina 174, Concess\u00f5es &#8211; Registo Nacional de Marcas) em nome da\u00a0empresa\u00a0<strong>Oceano de Odeias<\/strong>.<\/p>\n<p><a href=\"https:\/\/fotografiaportugal.pt\/site\/dicas\/patrocinio-a-dicas-de-fotografia\/\" rel=\"attachment wp-att-2296\"><img loading=\"lazy\" decoding=\"async\" class=\"alignnone size-medium wp-image-2296\" src=\"https:\/\/fotografiaportugal.pt\/site\/wp-content\/uploads\/2015\/11\/Patrocinio-DICAS-exemplo-LOGO-300x150.jpg\" alt=\"Patrocinio DICAS exemplo LOGO\" width=\"300\" height=\"150\" srcset=\"https:\/\/fotografiaportugal.pt\/site\/wp-content\/uploads\/2015\/11\/Patrocinio-DICAS-exemplo-LOGO-300x150.jpg 300w, https:\/\/fotografiaportugal.pt\/site\/wp-content\/uploads\/2015\/11\/Patrocinio-DICAS-exemplo-LOGO-768x384.jpg 768w, https:\/\/fotografiaportugal.pt\/site\/wp-content\/uploads\/2015\/11\/Patrocinio-DICAS-exemplo-LOGO.jpg 1024w, https:\/\/fotografiaportugal.pt\/site\/wp-content\/uploads\/2015\/11\/Patrocinio-DICAS-exemplo-LOGO-100x50.jpg 100w, https:\/\/fotografiaportugal.pt\/site\/wp-content\/uploads\/2015\/11\/Patrocinio-DICAS-exemplo-LOGO-372x186.jpg 372w\" sizes=\"auto, (max-width: 300px) 100vw, 300px\" \/><\/a><\/p>\n<p><a href=\"https:\/\/fotografiaportugal.pt\/site\/dicas\/patrocinio-a-dicas-de-fotografia\/\">Patroc\u00ednio<\/a>: (ver mais detalhe <a href=\"https:\/\/fotografiaportugal.pt\/site\/dicas\/patrocinio-a-dicas-de-fotografia\/\"><strong>aqui<\/strong><\/a>)<\/p>\n<p>Caso pretenda receber uma proposta de patroc\u00ednio a DICAS DE FOTOGRAFIA, queira por favor dirigir-nos um e-mail para <a href=\"mailto:info@fotografiaportugal.pt?subject=Pedido%20de%20proposta%20de%20patroc\u00ednio%20a%20DICAS%20DE%20FOTOGRAFIA\">info@fotografiaportugal.pt<\/a> com os seguintes dados:<\/p>\n<ul>\n<li>Assunto: Patroc\u00ednio a DICAS DE FOTOGRAFIA<\/li>\n<li>Nome da empresa ou entidade<\/li>\n<li>NIF (N\u00famero de Identifica\u00e7\u00e3o Fiscal)<\/li>\n<li>Morada, C\u00f3digo Postal, Localidade Postal e Pa\u00eds<\/li>\n<li>Imagem de Log\u00f3tipo a constar como patroc\u00ednio<\/li>\n<li>Site, p\u00e1gina ou blog a constar como Link no patroc\u00ednio<\/li>\n<li>Cargo, T\u00edtulo e Nome da pessoa de contacto<\/li>\n<li>Telefone e e-mail da pessoa de contacto<\/li>\n<li>Indicar o tipo de patroc\u00ednio pretendido (patroc\u00ednio de marca, patroc\u00ednio de empresa, outro tipo de patroc\u00ednio)<\/li>\n<\/ul>\n<p>Ser-lhe-\u00e1 enviada uma proposta com todas as possibilidades de patroc\u00ednio a DICAS DE FOTOGRAFIA.<\/p>\n","protected":false},"excerpt":{"rendered":"<p>Tabela de\u00a0valores de temperatura da cor indicativos (aproximados) em graus Kelvin.\u00a0Esta tabela destina-se a utilizadores iniciados em fotografia e amadores.<\/p>\n","protected":false},"featured_media":1414,"comment_status":"closed","ping_status":"closed","template":"","meta":[],"product_brand":[],"product_cat":[128,115,114],"product_tag":[141],"class_list":{"0":"post-1412","1":"product","2":"type-product","3":"status-publish","4":"has-post-thumbnail","6":"product_cat-especial-fotografia","7":"product_cat-gratuito","8":"product_cat-pdf","9":"product_tag-tabela","10":"product_shipping_class-envio-classe-0","12":"first","13":"instock","14":"downloadable","15":"sold-individually","16":"shipping-taxable","17":"purchasable","18":"product-type-simple"},"_links":{"self":[{"href":"https:\/\/fotografiaportugal.pt\/site\/wp-json\/wp\/v2\/product\/1412","targetHints":{"allow":["GET"]}}],"collection":[{"href":"https:\/\/fotografiaportugal.pt\/site\/wp-json\/wp\/v2\/product"}],"about":[{"href":"https:\/\/fotografiaportugal.pt\/site\/wp-json\/wp\/v2\/types\/product"}],"replies":[{"embeddable":true,"href":"https:\/\/fotografiaportugal.pt\/site\/wp-json\/wp\/v2\/comments?post=1412"}],"wp:featuredmedia":[{"embeddable":true,"href":"https:\/\/fotografiaportugal.pt\/site\/wp-json\/wp\/v2\/media\/1414"}],"wp:attachment":[{"href":"https:\/\/fotografiaportugal.pt\/site\/wp-json\/wp\/v2\/media?parent=1412"}],"wp:term":[{"taxonomy":"product_brand","embeddable":true,"href":"https:\/\/fotografiaportugal.pt\/site\/wp-json\/wp\/v2\/product_brand?post=1412"},{"taxonomy":"product_cat","embeddable":true,"href":"https:\/\/fotografiaportugal.pt\/site\/wp-json\/wp\/v2\/product_cat?post=1412"},{"taxonomy":"product_tag","embeddable":true,"href":"https:\/\/fotografiaportugal.pt\/site\/wp-json\/wp\/v2\/product_tag?post=1412"}],"curies":[{"name":"wp","href":"https:\/\/api.w.org\/{rel}","templated":true}]}}