{"id":26725,"date":"2024-04-10T20:12:54","date_gmt":"2024-04-10T20:12:54","guid":{"rendered":"https:\/\/fotografiaportugal.pt\/site\/?post_type=product&#038;p=26725"},"modified":"2024-06-03T09:17:58","modified_gmt":"2024-06-03T09:17:58","slug":"colecao-portugal-3-primeiros-livros","status":"publish","type":"product","link":"https:\/\/fotografiaportugal.pt\/site\/shop\/livros\/colecao-portugal-3-primeiros-livros\/","title":{"rendered":"Cole\u00e7\u00e3o Portugal &#8211; 3 primeiros livros"},"content":{"rendered":"<p>3 primeiros livros da Cole\u00e7\u00e3o Portugal<\/p>\n<p><strong>SET\u00daBAL<\/strong><\/p>\n<p><img loading=\"lazy\" decoding=\"async\" class=\"alignnone size-medium wp-image-26722\" src=\"https:\/\/fotografiaportugal.pt\/site\/wp-content\/uploads\/2024\/04\/capa3D_Setubal_CentroAtlantico-livros1-2e3-300x257.jpg\" alt=\"\" width=\"300\" height=\"257\" srcset=\"https:\/\/fotografiaportugal.pt\/site\/wp-content\/uploads\/2024\/04\/capa3D_Setubal_CentroAtlantico-livros1-2e3-300x257.jpg 300w, https:\/\/fotografiaportugal.pt\/site\/wp-content\/uploads\/2024\/04\/capa3D_Setubal_CentroAtlantico-livros1-2e3-1024x877.jpg 1024w, https:\/\/fotografiaportugal.pt\/site\/wp-content\/uploads\/2024\/04\/capa3D_Setubal_CentroAtlantico-livros1-2e3-416x356.jpg 416w, https:\/\/fotografiaportugal.pt\/site\/wp-content\/uploads\/2024\/04\/capa3D_Setubal_CentroAtlantico-livros1-2e3.jpg 1920w\" sizes=\"auto, (max-width: 300px) 100vw, 300px\" \/><\/p>\n<p><strong> CASCAIS<\/strong><\/p>\n<p><img loading=\"lazy\" decoding=\"async\" class=\"alignnone size-medium wp-image-26715\" src=\"https:\/\/fotografiaportugal.pt\/site\/wp-content\/uploads\/2024\/04\/k3D_Cascais_e_Sesimbra_v1-300x216.jpg\" alt=\"\" width=\"300\" height=\"216\" srcset=\"https:\/\/fotografiaportugal.pt\/site\/wp-content\/uploads\/2024\/04\/k3D_Cascais_e_Sesimbra_v1-300x216.jpg 300w, https:\/\/fotografiaportugal.pt\/site\/wp-content\/uploads\/2024\/04\/k3D_Cascais_e_Sesimbra_v1-1024x737.jpg 1024w, https:\/\/fotografiaportugal.pt\/site\/wp-content\/uploads\/2024\/04\/k3D_Cascais_e_Sesimbra_v1-416x299.jpg 416w, https:\/\/fotografiaportugal.pt\/site\/wp-content\/uploads\/2024\/04\/k3D_Cascais_e_Sesimbra_v1.jpg 1920w\" sizes=\"auto, (max-width: 300px) 100vw, 300px\" \/><\/p>\n<p><strong>SESIMBRA<\/strong><\/p>\n<p><img loading=\"lazy\" decoding=\"async\" class=\"alignnone size-medium wp-image-26230\" src=\"https:\/\/fotografiaportugal.pt\/site\/wp-content\/uploads\/2024\/02\/k3D_Sesimbra_v1_sem-fundo-300x216.jpg\" alt=\"\" width=\"300\" height=\"216\" srcset=\"https:\/\/fotografiaportugal.pt\/site\/wp-content\/uploads\/2024\/02\/k3D_Sesimbra_v1_sem-fundo-300x216.jpg 300w, https:\/\/fotografiaportugal.pt\/site\/wp-content\/uploads\/2024\/02\/k3D_Sesimbra_v1_sem-fundo-1024x737.jpg 1024w, https:\/\/fotografiaportugal.pt\/site\/wp-content\/uploads\/2024\/02\/k3D_Sesimbra_v1_sem-fundo-416x299.jpg 416w, https:\/\/fotografiaportugal.pt\/site\/wp-content\/uploads\/2024\/02\/k3D_Sesimbra_v1_sem-fundo.jpg 1920w\" sizes=\"auto, (max-width: 300px) 100vw, 300px\" \/><\/p>\n<p>Portugal inteiro dentro de um livro. Os escritores portugueses mais acarinhados e um fot\u00f3grafo de patrim\u00f3nio. O mesmo horizonte para a fic\u00e7\u00e3o e a realidade, em que criatividade liter\u00e1ria e riqueza fotogr\u00e1fica mergulham na nossa geografia. Um percurso concelho a concelho, ilha a ilha, escritor a escritor.<\/p>\n<p>\/<\/p>\n<p><em>The whole of Portugal in one book. The most cherished Portuguese writers and a photographer specialising in heritage. The same horizon for fiction and reality, in which literary creativity and photographic richness immerse themselves in our geography. This is a journey that covers county after county, island after island, writer after writer.<\/em><\/p>\n<p>.<\/p>\n<p><img loading=\"lazy\" decoding=\"async\" class=\"alignnone size-medium wp-image-26718\" src=\"https:\/\/fotografiaportugal.pt\/site\/wp-content\/uploads\/2024\/04\/k3D_Cascais_v3_sem-fundo-1250px-1-218x300.jpg\" alt=\"\" width=\"218\" height=\"300\" srcset=\"https:\/\/fotografiaportugal.pt\/site\/wp-content\/uploads\/2024\/04\/k3D_Cascais_v3_sem-fundo-1250px-1-218x300.jpg 218w, https:\/\/fotografiaportugal.pt\/site\/wp-content\/uploads\/2024\/04\/k3D_Cascais_v3_sem-fundo-1250px-1-743x1024.jpg 743w, https:\/\/fotografiaportugal.pt\/site\/wp-content\/uploads\/2024\/04\/k3D_Cascais_v3_sem-fundo-1250px-1-416x573.jpg 416w, https:\/\/fotografiaportugal.pt\/site\/wp-content\/uploads\/2024\/04\/k3D_Cascais_v3_sem-fundo-1250px-1.jpg 907w\" sizes=\"auto, (max-width: 218px) 100vw, 218px\" \/><\/p>\n<p><img loading=\"lazy\" decoding=\"async\" class=\"alignnone size-medium wp-image-26233\" src=\"https:\/\/fotografiaportugal.pt\/site\/wp-content\/uploads\/2024\/02\/k3D_Sesimbra_v3_sem_fundo-1250px-218x300.jpg\" alt=\"\" width=\"218\" height=\"300\" srcset=\"https:\/\/fotografiaportugal.pt\/site\/wp-content\/uploads\/2024\/02\/k3D_Sesimbra_v3_sem_fundo-1250px-218x300.jpg 218w, https:\/\/fotografiaportugal.pt\/site\/wp-content\/uploads\/2024\/02\/k3D_Sesimbra_v3_sem_fundo-1250px-745x1024.jpg 745w, https:\/\/fotografiaportugal.pt\/site\/wp-content\/uploads\/2024\/02\/k3D_Sesimbra_v3_sem_fundo-1250px-416x572.jpg 416w, https:\/\/fotografiaportugal.pt\/site\/wp-content\/uploads\/2024\/02\/k3D_Sesimbra_v3_sem_fundo-1250px.jpg 909w\" sizes=\"auto, (max-width: 218px) 100vw, 218px\" \/><\/p>\n<p><img loading=\"lazy\" decoding=\"async\" class=\"alignnone size-medium wp-image-26724\" src=\"https:\/\/fotografiaportugal.pt\/site\/wp-content\/uploads\/2024\/04\/k3D_Setubal_v3semfundo-600px-218x300.jpg\" alt=\"\" width=\"218\" height=\"300\" srcset=\"https:\/\/fotografiaportugal.pt\/site\/wp-content\/uploads\/2024\/04\/k3D_Setubal_v3semfundo-600px-218x300.jpg 218w, https:\/\/fotografiaportugal.pt\/site\/wp-content\/uploads\/2024\/04\/k3D_Setubal_v3semfundo-600px.jpg 436w, https:\/\/fotografiaportugal.pt\/site\/wp-content\/uploads\/2024\/04\/k3D_Setubal_v3semfundo-600px-416x572.jpg 416w\" sizes=\"auto, (max-width: 218px) 100vw, 218px\" \/><\/p>\n<p>Cole\u00e7\u00e3o Portugal (bilingue, em capa dura)<\/p>\n","protected":false},"excerpt":{"rendered":"<p>3 primeiros livros da Cole\u00e7\u00e3o Portugal SET\u00daBAL CASCAIS SESIMBRA Portugal inteiro dentro de um livro. Os escritores portugueses mais acarinhados e um fot\u00f3grafo de patrim\u00f3nio. O mesmo horizonte para a fic\u00e7\u00e3o e a realidade, em que criatividade liter\u00e1ria e riqueza fotogr\u00e1fica mergulham na nossa geografia. Um percurso concelho a concelho, ilha a ilha, escritor a [&hellip;]<\/p>\n","protected":false},"featured_media":26722,"comment_status":"closed","ping_status":"closed","template":"","meta":[],"product_brand":[],"product_cat":[280,181,7,103],"product_tag":[254,286,281,282,187,283,40,285,289],"class_list":{"0":"post-26725","1":"product","2":"type-product","3":"status-publish","4":"has-post-thumbnail","6":"product_cat-colecao-portugal","7":"product_cat-liborio-manuel-silva","8":"product_cat-livros","9":"product_cat-livros-capa-dura-luxo","10":"product_tag-arte-e-turismo","11":"product_tag-cascais","12":"product_tag-colecao-portugal","13":"product_tag-ficcao","14":"product_tag-liborio-manuel-silva","15":"product_tag-novidades-2024","16":"product_tag-portugal","17":"product_tag-sesimbra","18":"product_tag-setubal","19":"product_shipping_class-envio-classe-3","21":"first","22":"instock","23":"sale","24":"shipping-taxable","25":"purchasable","26":"product-type-simple"},"_links":{"self":[{"href":"https:\/\/fotografiaportugal.pt\/site\/wp-json\/wp\/v2\/product\/26725","targetHints":{"allow":["GET"]}}],"collection":[{"href":"https:\/\/fotografiaportugal.pt\/site\/wp-json\/wp\/v2\/product"}],"about":[{"href":"https:\/\/fotografiaportugal.pt\/site\/wp-json\/wp\/v2\/types\/product"}],"replies":[{"embeddable":true,"href":"https:\/\/fotografiaportugal.pt\/site\/wp-json\/wp\/v2\/comments?post=26725"}],"wp:featuredmedia":[{"embeddable":true,"href":"https:\/\/fotografiaportugal.pt\/site\/wp-json\/wp\/v2\/media\/26722"}],"wp:attachment":[{"href":"https:\/\/fotografiaportugal.pt\/site\/wp-json\/wp\/v2\/media?parent=26725"}],"wp:term":[{"taxonomy":"product_brand","embeddable":true,"href":"https:\/\/fotografiaportugal.pt\/site\/wp-json\/wp\/v2\/product_brand?post=26725"},{"taxonomy":"product_cat","embeddable":true,"href":"https:\/\/fotografiaportugal.pt\/site\/wp-json\/wp\/v2\/product_cat?post=26725"},{"taxonomy":"product_tag","embeddable":true,"href":"https:\/\/fotografiaportugal.pt\/site\/wp-json\/wp\/v2\/product_tag?post=26725"}],"curies":[{"name":"wp","href":"https:\/\/api.w.org\/{rel}","templated":true}]}}