{"id":26917,"date":"2024-05-10T14:19:14","date_gmt":"2024-05-10T14:19:14","guid":{"rendered":"https:\/\/fotografiaportugal.pt\/site\/?post_type=product&#038;p=26917"},"modified":"2024-12-19T12:24:57","modified_gmt":"2024-12-19T12:24:57","slug":"praias-maravilhas-de-portugal-beaches-wonders-of-portugal","status":"publish","type":"product","link":"https:\/\/fotografiaportugal.pt\/site\/shop\/livros\/praias-maravilhas-de-portugal-beaches-wonders-of-portugal\/","title":{"rendered":"PRAIAS Maravilhas de Portugal \/ BEACHES Wonders of Portugal"},"content":{"rendered":"<p><img loading=\"lazy\" decoding=\"async\" class=\"alignnone size-medium wp-image-26921\" src=\"https:\/\/fotografiaportugal.pt\/site\/wp-content\/uploads\/2024\/05\/K3d_Praias_v3-copy-300x216.jpg\" alt=\"\" width=\"300\" height=\"216\" srcset=\"https:\/\/fotografiaportugal.pt\/site\/wp-content\/uploads\/2024\/05\/K3d_Praias_v3-copy-300x216.jpg 300w, https:\/\/fotografiaportugal.pt\/site\/wp-content\/uploads\/2024\/05\/K3d_Praias_v3-copy-1024x737.jpg 1024w, https:\/\/fotografiaportugal.pt\/site\/wp-content\/uploads\/2024\/05\/K3d_Praias_v3-copy-416x299.jpg 416w, https:\/\/fotografiaportugal.pt\/site\/wp-content\/uploads\/2024\/05\/K3d_Praias_v3-copy.jpg 1920w\" sizes=\"auto, (max-width: 300px) 100vw, 300px\" \/><\/p>\n<table id=\"table190\" border=\"0\" width=\"100%\" cellspacing=\"0\">\n<tbody>\n<tr>\n<td valign=\"top\" width=\"97%\"><small>Autor:<\/small>\u00a0Lib\u00f3rio Manuel Silva<\/td>\n<\/tr>\n<tr>\n<td valign=\"top\" width=\"97%\"><small>Pref\u00e1cio:<\/small>\u00a0Rui Reininho<br \/>\n<small>Pr\u00f3logo:<\/small>\u00a0A. M. Galopim de Carvalho<\/td>\n<\/tr>\n<tr>\n<td width=\"97%\"><small>P\u00e1gs:<\/small>\u00a0256\u00a0<em>(a cores; capa dura com sobrecapa; formato 24,4cm*32,1cm*2,7cm; 2 Kg)<\/em><\/td>\n<\/tr>\n<tr>\n<td width=\"97%\"><small>ISBN:<\/small>\u00a0978-989-615-245-1<\/p>\n<p><small>Idiomas:<\/small>\u00a0Portugu\u00eas e Ingl\u00eas<\/p>\n<p><small>Tradu\u00e7\u00e3o:<\/small>\u00a0AGEO, Ricardo Marques, Sara Veiga<br \/>\n<small>Cole\u00e7\u00e3o<\/small>: Artes<br \/>\n<small>Editora<\/small>: Centro Atl\u00e2ntico<\/td>\n<\/tr>\n<tr>\n<td width=\"97%\"><small>1.\u00aa edi\u00e7\u00e3o:<\/small> 23\/maio\/2024<\/td>\n<\/tr>\n<\/tbody>\n<\/table>\n<h2><img loading=\"lazy\" decoding=\"async\" class=\"alignnone size-medium wp-image-26919\" src=\"https:\/\/fotografiaportugal.pt\/site\/wp-content\/uploads\/2024\/05\/CentroAtlantico-capa3d_Praias_v_1500px-300x284.jpg\" alt=\"\" width=\"300\" height=\"284\" srcset=\"https:\/\/fotografiaportugal.pt\/site\/wp-content\/uploads\/2024\/05\/CentroAtlantico-capa3d_Praias_v_1500px-300x284.jpg 300w, https:\/\/fotografiaportugal.pt\/site\/wp-content\/uploads\/2024\/05\/CentroAtlantico-capa3d_Praias_v_1500px-1024x969.jpg 1024w, https:\/\/fotografiaportugal.pt\/site\/wp-content\/uploads\/2024\/05\/CentroAtlantico-capa3d_Praias_v_1500px-416x394.jpg 416w, https:\/\/fotografiaportugal.pt\/site\/wp-content\/uploads\/2024\/05\/CentroAtlantico-capa3d_Praias_v_1500px.jpg 1500w\" sizes=\"auto, (max-width: 300px) 100vw, 300px\" \/><\/h2>\n<h2>DESCRI\u00c7\u00c3O<\/h2>\n<p><a>Com pref\u00e1cio de <strong>Rui Reininho<\/strong>, o \u201crei da pop-rock nacional\u201d e escritor de exce\u00e7\u00e3o, pr\u00f3logo pelo eminente cientista Prof. <strong>Ant\u00f3nio Galopim de Carvalho<\/strong> e poema de abertura de <strong>Mafalda Veiga<\/strong>, uma das mais importantes e reconhecidas cantoras e compositoras portuguesas, \u00ab<strong>PRAIAS Maravilhas de Portugal \/\u00a0<em>BEACHES Wonders of Portugal<\/em><\/strong>\u00bb \u00e9 o novo livro de <strong>Lib\u00f3rio Manuel Silva<\/strong>, numa edi\u00e7\u00e3o de luxo, bilingue, cartonada, com sobrecapa, resultado de uma longa e aturada pesquisa ao longo de toda a nossa costa atl\u00e2ntica (continente e ilhas), apresentada na forma de viagem, de Norte para Sul, com mais de <strong>500<\/strong> fotografias exclusivas relativas \u00e0s nossas <strong>40<\/strong> praias mais deslumbrantes e a mais de <strong>300<\/strong> sugest\u00f5es de patrim\u00f3nio cultural local a visitar e a degustar.<\/a><\/p>\n<p><img loading=\"lazy\" decoding=\"async\" class=\" wp-image-28431\" src=\"https:\/\/fotografiaportugal.pt\/site\/wp-content\/uploads\/2024\/12\/PRAIAS_paginas-300x200.jpg\" alt=\"\" width=\"500\" height=\"333\" srcset=\"https:\/\/fotografiaportugal.pt\/site\/wp-content\/uploads\/2024\/12\/PRAIAS_paginas-300x200.jpg 300w, https:\/\/fotografiaportugal.pt\/site\/wp-content\/uploads\/2024\/12\/PRAIAS_paginas-1024x683.jpg 1024w, https:\/\/fotografiaportugal.pt\/site\/wp-content\/uploads\/2024\/12\/PRAIAS_paginas-1536x1024.jpg 1536w, https:\/\/fotografiaportugal.pt\/site\/wp-content\/uploads\/2024\/12\/PRAIAS_paginas-416x277.jpg 416w, https:\/\/fotografiaportugal.pt\/site\/wp-content\/uploads\/2024\/12\/PRAIAS_paginas.jpg 2048w\" sizes=\"auto, (max-width: 500px) 100vw, 500px\" \/><\/p>\n<p><a><strong>LIB\u00d3RIO MANUEL SILVA<\/strong><\/a><\/p>\n<p>Editor do Centro Atl\u00e2ntico (1995\u2011), empreendedor e especializado em fotografia de cultura e patrim\u00f3nio. \u00c9 autor ou co-autor, e respons\u00e1vel pela totalidade da fotografia, em mais de 30 livros de Turismo, Arte e Patrim\u00f3nio, designadamente de todos os volumes da Cole\u00e7\u00e3o Portugal, dos\u00a0<em>best\u2011sellers DOURO \u2013 Maravilhas do Patrim\u00f3nio \/ Heritage Wonders<\/em>\u00a0(2 vol.s)<em>, Castelos \u2013 Maravilhas de Portugal \/ Castles \u2013 Wonders of Portugal\u00a0<\/em>\u00a0(2 vol.s),\u00a0<em>Bibliotecas \u2013 Maravilhas de Portugal \/ Libraries \u2013 Wonders of Portugal\u00a0<\/em>\u00a0(2 vol.s),\u00a0<em>Azulejos \u2013 Maravilhas de Portugal \/ Wonders of Portugal<\/em>,\u00a0<em>Lisboa Vista de Cima \/ From Above<\/em>,\u00a0<em>Porto Visto de Cima \/ From Above<\/em>,\u00a0<em>Braga \u2013 Cidade Bimilenar \/ a Bimillennial City<\/em>,\u00a0<em>Azulejos \u00e0 Mesa \/ in Restaurants\u00a0<\/em>e\u00a0<em>Ode Mar\u00edtima<\/em>. \u00c9 editor dos livros sobre fotografia mais vendidos em Portugal. Tem dez anos de experi\u00eancia como docente no ensino superior, com p\u00f3s-gradua\u00e7\u00f5es nacionais e internacionais. Os seus dois filhos s\u00e3o a sua principal fonte de inspira\u00e7\u00e3o.<\/p>\n","protected":false},"excerpt":{"rendered":"<p>Autor:\u00a0Lib\u00f3rio Manuel Silva Pref\u00e1cio:\u00a0Rui Reininho Pr\u00f3logo:\u00a0A. M. Galopim de Carvalho P\u00e1gs:\u00a0256\u00a0(a cores; capa dura com sobrecapa; formato 24,4cm*32,1cm*2,7cm; 2 Kg) ISBN:\u00a0978-989-615-245-1 Idiomas:\u00a0Portugu\u00eas e Ingl\u00eas Tradu\u00e7\u00e3o:\u00a0AGEO, Ricardo Marques, Sara Veiga Cole\u00e7\u00e3o: Artes Editora: Centro Atl\u00e2ntico 1.\u00aa edi\u00e7\u00e3o: 23\/maio\/2024 DESCRI\u00c7\u00c3O Com pref\u00e1cio de Rui Reininho, o \u201crei da pop-rock nacional\u201d e escritor de exce\u00e7\u00e3o, pr\u00f3logo pelo eminente [&hellip;]<\/p>\n","protected":false},"featured_media":26921,"comment_status":"closed","ping_status":"closed","template":"","meta":[],"product_brand":[],"product_cat":[185,181,7,103,180,138,147],"product_tag":[291,39,216,40,290,292,218],"class_list":{"0":"post-26917","1":"product","2":"type-product","3":"status-publish","4":"has-post-thumbnail","6":"product_cat-best-sellers-para-turistas-for-tourists","7":"product_cat-liborio-manuel-silva","8":"product_cat-livros","9":"product_cat-livros-capa-dura-luxo","10":"product_cat-natal","11":"product_cat-photography-of-portugal","12":"product_cat-top-10","13":"product_tag-beaches","14":"product_tag-maravilhas","15":"product_tag-maravilhas-de-portugal","16":"product_tag-portugal","17":"product_tag-praias","18":"product_tag-wonders","19":"product_tag-wonders-of-portugal","21":"first","22":"instock","23":"sale","24":"shipping-taxable","25":"purchasable","26":"product-type-simple"},"_links":{"self":[{"href":"https:\/\/fotografiaportugal.pt\/site\/wp-json\/wp\/v2\/product\/26917","targetHints":{"allow":["GET"]}}],"collection":[{"href":"https:\/\/fotografiaportugal.pt\/site\/wp-json\/wp\/v2\/product"}],"about":[{"href":"https:\/\/fotografiaportugal.pt\/site\/wp-json\/wp\/v2\/types\/product"}],"replies":[{"embeddable":true,"href":"https:\/\/fotografiaportugal.pt\/site\/wp-json\/wp\/v2\/comments?post=26917"}],"wp:featuredmedia":[{"embeddable":true,"href":"https:\/\/fotografiaportugal.pt\/site\/wp-json\/wp\/v2\/media\/26921"}],"wp:attachment":[{"href":"https:\/\/fotografiaportugal.pt\/site\/wp-json\/wp\/v2\/media?parent=26917"}],"wp:term":[{"taxonomy":"product_brand","embeddable":true,"href":"https:\/\/fotografiaportugal.pt\/site\/wp-json\/wp\/v2\/product_brand?post=26917"},{"taxonomy":"product_cat","embeddable":true,"href":"https:\/\/fotografiaportugal.pt\/site\/wp-json\/wp\/v2\/product_cat?post=26917"},{"taxonomy":"product_tag","embeddable":true,"href":"https:\/\/fotografiaportugal.pt\/site\/wp-json\/wp\/v2\/product_tag?post=26917"}],"curies":[{"name":"wp","href":"https:\/\/api.w.org\/{rel}","templated":true}]}}