{"id":28373,"date":"2024-11-04T20:43:49","date_gmt":"2024-11-04T20:43:49","guid":{"rendered":"https:\/\/fotografiaportugal.pt\/site\/?post_type=product&#038;p=28373"},"modified":"2024-12-12T12:19:13","modified_gmt":"2024-12-12T12:19:13","slug":"colecao-portugal-vol-s-1-a-8-sesimbra-cascais-setubal-lisboa-sintra-terceira-sao-miguel-porto","status":"publish","type":"product","link":"https:\/\/fotografiaportugal.pt\/site\/shop\/livros\/colecao-portugal-vol-s-1-a-8-sesimbra-cascais-setubal-lisboa-sintra-terceira-sao-miguel-porto\/","title":{"rendered":"Cole\u00e7\u00e3o Portugal, vol.s 1 a 8: Sesimbra, Cascais, Set\u00fabal, Lisboa, Sintra, Terceira, S\u00e3o Miguel, Porto"},"content":{"rendered":"<p><strong>Cole\u00e7\u00e3o Portugal, vol.s 1 a 8: Sesimbra, Cascais, Set\u00fabal, Lisboa, Sintra, Terceira, S\u00e3o Miguel, Porto<\/strong><\/p>\n<p>Autores: Patr\u00edcia Reis (Sesimbra), Rita Ferro (Cascais), Bruno Vieira Amaral (Set\u00fabal), Jo\u00e3o de Melo (Lisboa), Hugo Gon\u00e7alves (Sintra), Joel Neto (Terceira), Paulo M. Morais (S\u00e3o Miguel), Isabel Rio Novo (Porto)<\/p>\n<p>Fotografia: Lib\u00f3rio Manuel Silva<\/p>\n<p><img loading=\"lazy\" decoding=\"async\" class=\"alignnone size-medium wp-image-28375\" src=\"https:\/\/fotografiaportugal.pt\/site\/wp-content\/uploads\/2024\/11\/Colecao-Portugal-1a-serie-saco-1a4-2500px-200x300.jpg\" alt=\"\" width=\"200\" height=\"300\" srcset=\"https:\/\/fotografiaportugal.pt\/site\/wp-content\/uploads\/2024\/11\/Colecao-Portugal-1a-serie-saco-1a4-2500px-200x300.jpg 200w, https:\/\/fotografiaportugal.pt\/site\/wp-content\/uploads\/2024\/11\/Colecao-Portugal-1a-serie-saco-1a4-2500px-682x1024.jpg 682w, https:\/\/fotografiaportugal.pt\/site\/wp-content\/uploads\/2024\/11\/Colecao-Portugal-1a-serie-saco-1a4-2500px-416x625.jpg 416w, https:\/\/fotografiaportugal.pt\/site\/wp-content\/uploads\/2024\/11\/Colecao-Portugal-1a-serie-saco-1a4-2500px.jpg 1664w\" sizes=\"auto, (max-width: 200px) 100vw, 200px\" \/><\/p>\n<p>P\u00e1g.s: 64 (vol. 1) + \u00a064 (vol. 2) + 64 (vol. 3) + 68 (vol. 4) + 64 (vol. 5) + 64 (vol. 6) + 64 (vol. 7) + 64 (vol. 8)\u00a0 (a cores; capa dura; formato 16,8 cm * 23,5 cm * 1,3 cm \/ cada; 0,4 Kg \/ cada; 3,2 Kg, no total)<\/p>\n<p>Pre\u00e7o: 99,99 Eur<\/p>\n<p>Oferta: Saco de pano impresso<\/p>\n<p>ISBN: 978-989-615-253-6<\/p>\n<p>Idiomas: Portugu\u00eas e Ingl\u00eas<\/p>\n<p>Data de edi\u00e7\u00e3o: Fevereiro a Novembro de 2024<\/p>\n<p>Cole\u00e7\u00e3o: Portugal<\/p>\n<p>N\u00bas na cole\u00e7\u00e3o: 1 a 8<\/p>\n<p>Editora: Centro Atl\u00e2ntico<\/p>\n<p>Tradu\u00e7\u00e3o: Sara Veiga (vol.s 1 a 3), Deolinda Ad\u00e3o (vol.s 4 e 6), Ricardo Marques (vol.s 5, 7 e 8)<\/p>\n<p><img loading=\"lazy\" decoding=\"async\" class=\"alignnone size-medium wp-image-28376\" src=\"https:\/\/fotografiaportugal.pt\/site\/wp-content\/uploads\/2024\/11\/Colecao-Portugal-1a-serie-saco-5a8-2500px-200x300.jpg\" alt=\"\" width=\"200\" height=\"300\" srcset=\"https:\/\/fotografiaportugal.pt\/site\/wp-content\/uploads\/2024\/11\/Colecao-Portugal-1a-serie-saco-5a8-2500px-200x300.jpg 200w, https:\/\/fotografiaportugal.pt\/site\/wp-content\/uploads\/2024\/11\/Colecao-Portugal-1a-serie-saco-5a8-2500px-683x1024.jpg 683w, https:\/\/fotografiaportugal.pt\/site\/wp-content\/uploads\/2024\/11\/Colecao-Portugal-1a-serie-saco-5a8-2500px-416x624.jpg 416w, https:\/\/fotografiaportugal.pt\/site\/wp-content\/uploads\/2024\/11\/Colecao-Portugal-1a-serie-saco-5a8-2500px.jpg 1667w\" sizes=\"auto, (max-width: 200px) 100vw, 200px\" \/><\/p>\n<p>Descri\u00e7\u00e3o: Os oito livros iniciais (Sesimbra + Cascais + Set\u00fabal + Lisboa + Sintra + Terceira, S\u00e3o Miguel, Porto) da nova Cole\u00e7\u00e3o Portugal \u2013 bilingues, em capa dura \u2013 com oferta de saco de pano (algod\u00e3o) com al\u00e7as compridas. A primeira s\u00e9rie completa desta inovadora Cole\u00e7\u00e3o de Literatura de Viagem.<\/p>\n<p>Portugal inteiro dentro de um livro. Os escritores portugueses mais acarinhados e um fot\u00f3grafo de patrim\u00f3nio. O mesmo horizonte para a fic\u00e7\u00e3o e a realidade, em que criatividade liter\u00e1ria e riqueza fotogr\u00e1fica mergulham na nossa geografia. Um percurso concelho a concelho, ilha a ilha, escritor a escritor.<\/p>\n<p>&nbsp;<\/p>\n<p>As fotografias destes livros foram captadas exclusivamente com equipamento Leica, entre Fevereiro e Setembro de 2024 (com exce\u00e7\u00e3o das fotografias a\u00e9reas nos vol.s 5, 6 e 7)\u00a0 \/\u00a0 <em>The photographs in these books were shot exclusively with Leica equipment in February..September 2024 (with the exception of the aerial photographs in vol.s 5, 6 and 7)\u00a0<\/em><\/p>\n","protected":false},"excerpt":{"rendered":"<p>Cole\u00e7\u00e3o Portugal, vol.s 1 a 8: Sesimbra, Cascais, Set\u00fabal, Lisboa, Sintra, Terceira, S\u00e3o Miguel, Porto Autores: Patr\u00edcia Reis (Sesimbra), Rita Ferro (Cascais), Bruno Vieira Amaral (Set\u00fabal), Jo\u00e3o de Melo (Lisboa), Hugo Gon\u00e7alves (Sintra), Joel Neto (Terceira), Paulo M. Morais (S\u00e3o Miguel), Isabel Rio Novo (Porto) Fotografia: Lib\u00f3rio Manuel Silva P\u00e1g.s: 64 (vol. 1) + \u00a064 [&hellip;]<\/p>\n","protected":false},"featured_media":28374,"comment_status":"closed","ping_status":"closed","template":"","meta":[],"product_brand":[],"product_cat":[185,280,181,7,103,180,101,138],"product_tag":[298,254,301,288,286,281,282,294,302,293,296,187,139,283,303,284,299,231,40,287,300,285,289,295,297],"class_list":{"0":"post-28373","1":"product","2":"type-product","3":"status-publish","4":"has-post-thumbnail","6":"product_cat-best-sellers-para-turistas-for-tourists","7":"product_cat-colecao-portugal","8":"product_cat-liborio-manuel-silva","9":"product_cat-livros","10":"product_cat-livros-capa-dura-luxo","11":"product_cat-natal","12":"product_cat-packs","13":"product_cat-photography-of-portugal","14":"product_tag-acores","15":"product_tag-arte-e-turismo","16":"product_tag-azores","17":"product_tag-bruno-vieira-amaral","18":"product_tag-cascais","19":"product_tag-colecao-portugal","20":"product_tag-ficcao","21":"product_tag-hugo-goncalves","22":"product_tag-isabel-rio-novo","23":"product_tag-joao-de-melo","24":"product_tag-joel-neto","25":"product_tag-liborio-manuel-silva","26":"product_tag-lisboa","27":"product_tag-novidades-2024","28":"product_tag-oporto","29":"product_tag-patricia-reis","30":"product_tag-paulo-m-morais","31":"product_tag-porto","32":"product_tag-portugal","33":"product_tag-rita-ferro","34":"product_tag-sao-miguel","35":"product_tag-sesimbra","36":"product_tag-setubal","37":"product_tag-sintra","38":"product_tag-terceira","39":"product_shipping_class-envio-classe-4","41":"first","42":"instock","43":"shipping-taxable","44":"purchasable","45":"product-type-simple"},"_links":{"self":[{"href":"https:\/\/fotografiaportugal.pt\/site\/wp-json\/wp\/v2\/product\/28373","targetHints":{"allow":["GET"]}}],"collection":[{"href":"https:\/\/fotografiaportugal.pt\/site\/wp-json\/wp\/v2\/product"}],"about":[{"href":"https:\/\/fotografiaportugal.pt\/site\/wp-json\/wp\/v2\/types\/product"}],"replies":[{"embeddable":true,"href":"https:\/\/fotografiaportugal.pt\/site\/wp-json\/wp\/v2\/comments?post=28373"}],"wp:featuredmedia":[{"embeddable":true,"href":"https:\/\/fotografiaportugal.pt\/site\/wp-json\/wp\/v2\/media\/28374"}],"wp:attachment":[{"href":"https:\/\/fotografiaportugal.pt\/site\/wp-json\/wp\/v2\/media?parent=28373"}],"wp:term":[{"taxonomy":"product_brand","embeddable":true,"href":"https:\/\/fotografiaportugal.pt\/site\/wp-json\/wp\/v2\/product_brand?post=28373"},{"taxonomy":"product_cat","embeddable":true,"href":"https:\/\/fotografiaportugal.pt\/site\/wp-json\/wp\/v2\/product_cat?post=28373"},{"taxonomy":"product_tag","embeddable":true,"href":"https:\/\/fotografiaportugal.pt\/site\/wp-json\/wp\/v2\/product_tag?post=28373"}],"curies":[{"name":"wp","href":"https:\/\/api.w.org\/{rel}","templated":true}]}}

Coleção Portugal, vol.s 1 a 8: Sesimbra, Cascais, Setúbal, Lisboa, Sintra, Terceira, São Miguel, Porto

<p><strong>Coleção Portugal, vol.s 1 a 8: Sesimbra, Cascais, Setúbal, Lisboa, Sintra, Terceira, São Miguel, Porto</strong></p>
<p>Autores: Patrícia Reis (Sesimbra), Rita Ferro (Cascais), Bruno Vieira Amaral (Setúbal), João de Melo (Lisboa), Hugo Gonçalves (Sintra), Joel Neto (Terceira), Paulo M. Morais (São Miguel), Isabel Rio Novo (Porto)</p>
<p>Fotografia: Libório Manuel Silva</p>
<p><img loading="lazy" decoding="async" class="alignnone size-medium wp-image-28375" src="https://fotografiaportugal.pt/site/wp-content/uploads/2024/11/Colecao-Portugal-1a-serie-saco-1a4-2500px-200x300.jpg" alt="" width="200" height="300" srcset="https://fotografiaportugal.pt/site/wp-content/uploads/2024/11/Colecao-Portugal-1a-serie-saco-1a4-2500px-200x300.jpg 200w, https://fotografiaportugal.pt/site/wp-content/uploads/2024/11/Colecao-Portugal-1a-serie-saco-1a4-2500px-682x1024.jpg 682w, https://fotografiaportugal.pt/site/wp-content/uploads/2024/11/Colecao-Portugal-1a-serie-saco-1a4-2500px-416x625.jpg 416w, https://fotografiaportugal.pt/site/wp-content/uploads/2024/11/Colecao-Portugal-1a-serie-saco-1a4-2500px.jpg 1664w" sizes="auto, (max-width: 200px) 100vw, 200px" /></p>
<p>Pág.s: 64 (vol. 1) +  64 (vol. 2) + 64 (vol. 3) + 68 (vol. 4) + 64 (vol. 5) + 64 (vol. 6) + 64 (vol. 7) + 64 (vol. 8)  (a cores; capa dura; formato 16,8 cm * 23,5 cm * 1,3 cm / cada; 0,4 Kg / cada; 3,2 Kg, no total)</p>
<p>Preço: 99,99 Eur</p>
<p>Oferta: Saco de pano impresso</p>
<p>ISBN: 978-989-615-253-6</p>
<p>Idiomas: Português e Inglês</p>
<p>Data de edição: Fevereiro a Novembro de 2024</p>
<p>Coleção: Portugal</p>
<p>Nºs na coleção: 1 a 8</p>
<p>Editora: Centro Atlântico</p>
<p>Tradução: Sara Veiga (vol.s 1 a 3), Deolinda Adão (vol.s 4 e 6), Ricardo Marques (vol.s 5, 7 e 8)</p>
<p><img loading="lazy" decoding="async" class="alignnone size-medium wp-image-28376" src="https://fotografiaportugal.pt/site/wp-content/uploads/2024/11/Colecao-Portugal-1a-serie-saco-5a8-2500px-200x300.jpg" alt="" width="200" height="300" srcset="https://fotografiaportugal.pt/site/wp-content/uploads/2024/11/Colecao-Portugal-1a-serie-saco-5a8-2500px-200x300.jpg 200w, https://fotografiaportugal.pt/site/wp-content/uploads/2024/11/Colecao-Portugal-1a-serie-saco-5a8-2500px-683x1024.jpg 683w, https://fotografiaportugal.pt/site/wp-content/uploads/2024/11/Colecao-Portugal-1a-serie-saco-5a8-2500px-416x624.jpg 416w, https://fotografiaportugal.pt/site/wp-content/uploads/2024/11/Colecao-Portugal-1a-serie-saco-5a8-2500px.jpg 1667w" sizes="auto, (max-width: 200px) 100vw, 200px" /></p>
<p>Descrição: Os oito livros iniciais (Sesimbra + Cascais + Setúbal + Lisboa + Sintra + Terceira, São Miguel, Porto) da nova Coleção Portugal – bilingues, em capa dura – com oferta de saco de pano (algodão) com alças compridas. A primeira série completa desta inovadora Coleção de Literatura de Viagem.</p>
<p>Portugal inteiro dentro de um livro. Os escritores portugueses mais acarinhados e um fotógrafo de património. O mesmo horizonte para a ficção e a realidade, em que criatividade literária e riqueza fotográfica mergulham na nossa geografia. Um percurso concelho a concelho, ilha a ilha, escritor a escritor.</p>
<p>&nbsp;</p>
<p>As fotografias destes livros foram captadas exclusivamente com equipamento Leica, entre Fevereiro e Setembro de 2024 (com exceção das fotografias aéreas nos vol.s 5, 6 e 7)  /  <em>The photographs in these books were shot exclusively with Leica equipment in February..September 2024 (with the exception of the aerial photographs in vol.s 5, 6 and 7) </em></p>

<p>Coleção Portugal, vol.s 1 a 8: Sesimbra, Cascais, Setúbal, Lisboa, Sintra, Terceira, São Miguel, Porto Autores: Patrícia Reis (Sesimbra), Rita Ferro (Cascais), Bruno Vieira Amaral (Setúbal), João de Melo (Lisboa), Hugo Gonçalves (Sintra), Joel Neto (Terceira), Paulo M. Morais (São Miguel), Isabel Rio Novo (Porto) Fotografia: Libório Manuel Silva Pág.s: 64 (vol. 1) +  64 [&hellip;]</p>
