{"id":28510,"date":"2025-05-12T09:36:45","date_gmt":"2025-05-12T09:36:45","guid":{"rendered":"https:\/\/fotografiaportugal.pt\/site\/?post_type=product&#038;p=28510"},"modified":"2025-06-17T15:59:25","modified_gmt":"2025-06-17T15:59:25","slug":"santarem-colecao-portugal","status":"publish","type":"product","link":"https:\/\/fotografiaportugal.pt\/site\/shop\/livros\/santarem-colecao-portugal\/","title":{"rendered":"SANTAR\u00c9M \u2013 Cole\u00e7\u00e3o Portugal"},"content":{"rendered":"<p>Livro n\u00ba 11 da nova Cole\u00e7\u00e3o Portugal (bilingue, em capa dura).<\/p>\n<p><img loading=\"lazy\" decoding=\"async\" class=\"alignnone size-medium wp-image-28511\" src=\"https:\/\/fotografiaportugal.pt\/site\/wp-content\/uploads\/2025\/05\/p64_Santarem_lombadas-1024x459-1-300x134.jpg\" alt=\"\" width=\"300\" height=\"134\" srcset=\"https:\/\/fotografiaportugal.pt\/site\/wp-content\/uploads\/2025\/05\/p64_Santarem_lombadas-1024x459-1-300x134.jpg 300w, https:\/\/fotografiaportugal.pt\/site\/wp-content\/uploads\/2025\/05\/p64_Santarem_lombadas-1024x459-1.jpg 1024w\" sizes=\"auto, (max-width: 300px) 100vw, 300px\" \/><\/p>\n<p>Portugal inteiro dentro de um livro. Os escritores portugueses mais acarinhados e um fot\u00f3grafo de patrim\u00f3nio. O mesmo horizonte para a fic\u00e7\u00e3o e a realidade, em que criatividade liter\u00e1ria e riqueza fotogr\u00e1fica mergulham na nossa geografia. Um percurso concelho a concelho, ilha a ilha, escritor a escritor.<\/p>\n<p>\/<\/p>\n<p><em>The whole of Portugal in one book. The most cherished Portuguese writers and a photographer specialising in heritage. The same horizon for fiction and reality, in which literary creativity and photographic richness immerse themselves in our geography. This is a journey that covers county after county, island after island, writer after writer.<\/em><\/p>\n<p>.<\/p>\n<p><strong>Maria Jo\u00e3o Lopo de Carvalho<\/strong>\u00a0nasceu em Lisboa em 1962.\u00a0Licenciada\u00a0em L\u00ednguas e Literaturas Modernas pela Faculdade de Ci\u00eancias Sociais e Humanas da\u00a0Universidade Nova de Lisboa\u00a0leccionou portugu\u00eas e ingl\u00eas no ensino p\u00fablico e privado, e trabalhou como\u00a0<em>copywriter<\/em>\u00a0na ag\u00eancia de publicidade\u00a0<em>McCann Erickson<\/em>.<\/p>\n<p>Desde\u00a02000\u00a0que se dedica \u00e0 escrita de romances e livros infantis com mais de 70 t\u00edtulos publicados, a maior parte constantes do Plano Nacional de Leitura. Estreou-se no romance hist\u00f3rico em\u00a02011, com o\u00a0<em>best-seller Marquesa de Alorna<\/em>, que ser\u00e1 brevemente adaptado a s\u00e9rie televisiva; seguido, em\u00a02013, por\u00a0<em>Padeira de Aljubarrota,\u00a0<\/em>j\u00e1 com dez edi\u00e7\u00f5es. Em\u00a02015\u00a0publicou\u00a0<em>At\u00e9 que o amor me mate \u2013 As mulheres de Cam\u00f5es;<\/em>\u00a0em 2017,\u00a0<em>O fado da Severa<\/em>\u00a0e, em 2020,\u00a0<em>O Bisav\u00f4<\/em>\u00a0\u2013 biografia romanceada. Em 2023 veio a lume um livro de n\u00e3o fic\u00e7\u00e3o,\u00a0<em>As revolucion\u00e1rias \u2013 doze mulheres desobedientes<\/em>\u00a0(bolsa de cria\u00e7\u00e3o liter\u00e1ria da Direc\u00e7\u00e3o Geral de Livros e Bibliotecas) e em 2023, tamb\u00e9m em n\u00e3o fic\u00e7\u00e3o,\u00a0<em>Hist\u00f3ria de Portugal de Cor e Salteada<\/em>.<\/p>\n<p>\/<\/p>\n<p><strong>\u00a0<\/strong>.<\/p>\n<p>Todas as imagens base deste livro foram captadas com equipamento Leica, em fevereiro de 2025. \/ All base images in this book were shot with Leica equipment in February 2025.<\/p>\n<p>.<\/p>\n<p><strong><b>Texto \/\u00a0<em>Text<\/em>:\u00a0<\/b><\/strong>Maria Jo\u00e3o Lopo de Carvalho<\/p>\n<p><strong><b>Fotografia \/\u00a0<em>Photography<\/em>:\u00a0<\/b><\/strong>Lib\u00f3rio Manuel Silva<\/p>\n<p><strong><b>Tradu\u00e7\u00e3o \/\u00a0<em><i>English translation<\/i><\/em>:\u00a0<\/b><\/strong>Ricardo Marques<\/p>\n<p><strong><b>P\u00e1g.s<\/b><\/strong>: 64 (a cores; capa dura, formato 16,8 cm * 23,5 cm * 1,3 cm; 0,4 Kg)<\/p>\n<p><strong><b>1.\u00aa Edi\u00e7\u00e3o<\/b><\/strong>\u00a0\/\u00a0<strong><em><b><i>1st Edition<\/i><\/b><\/em><\/strong>: Maio 2025<\/p>\n<p><strong><b>Cole\u00e7\u00e3o<\/b><\/strong>\u00a0\/\u00a0<strong><em><b><i>Book collection<\/i><\/b><\/em><\/strong>: Portugal<\/p>\n<p><strong><b>N\u00ba na cole\u00e7\u00e3o<\/b><\/strong>\u00a0\/\u00a0<strong><em><b><i>Book collection number<\/i><\/b><\/em><\/strong>: 11<\/p>\n<p><strong><b>ISBN<\/b><\/strong>: 978-989-615-258-1<\/p>\n<p><strong><b>Editora \/\u00a0<em><i>Published by<\/i><\/em><\/b><\/strong>: Centro Atl\u00e2ntico<\/p>\n","protected":false},"excerpt":{"rendered":"<p>Livro n\u00ba 11 da nova Cole\u00e7\u00e3o Portugal (bilingue, em capa dura). Portugal inteiro dentro de um livro. Os escritores portugueses mais acarinhados e um fot\u00f3grafo de patrim\u00f3nio. O mesmo horizonte para a fic\u00e7\u00e3o e a realidade, em que criatividade liter\u00e1ria e riqueza fotogr\u00e1fica mergulham na nossa geografia. Um percurso concelho a concelho, ilha a ilha, [&hellip;]<\/p>\n","protected":false},"featured_media":28512,"comment_status":"closed","ping_status":"closed","template":"","meta":[],"product_brand":[],"product_cat":[185,280,181,7,103,180],"product_tag":[254,281,282,187,311,307,40,312],"class_list":{"0":"post-28510","1":"product","2":"type-product","3":"status-publish","4":"has-post-thumbnail","6":"product_cat-best-sellers-para-turistas-for-tourists","7":"product_cat-colecao-portugal","8":"product_cat-liborio-manuel-silva","9":"product_cat-livros","10":"product_cat-livros-capa-dura-luxo","11":"product_cat-natal","12":"product_tag-arte-e-turismo","13":"product_tag-colecao-portugal","14":"product_tag-ficcao","15":"product_tag-liborio-manuel-silva","16":"product_tag-maria-joao-lopo-de-carvalho","17":"product_tag-novidades-2025","18":"product_tag-portugal","19":"product_tag-santarem","21":"first","22":"instock","23":"sale","24":"shipping-taxable","25":"purchasable","26":"product-type-simple"},"_links":{"self":[{"href":"https:\/\/fotografiaportugal.pt\/site\/wp-json\/wp\/v2\/product\/28510","targetHints":{"allow":["GET"]}}],"collection":[{"href":"https:\/\/fotografiaportugal.pt\/site\/wp-json\/wp\/v2\/product"}],"about":[{"href":"https:\/\/fotografiaportugal.pt\/site\/wp-json\/wp\/v2\/types\/product"}],"replies":[{"embeddable":true,"href":"https:\/\/fotografiaportugal.pt\/site\/wp-json\/wp\/v2\/comments?post=28510"}],"wp:featuredmedia":[{"embeddable":true,"href":"https:\/\/fotografiaportugal.pt\/site\/wp-json\/wp\/v2\/media\/28512"}],"wp:attachment":[{"href":"https:\/\/fotografiaportugal.pt\/site\/wp-json\/wp\/v2\/media?parent=28510"}],"wp:term":[{"taxonomy":"product_brand","embeddable":true,"href":"https:\/\/fotografiaportugal.pt\/site\/wp-json\/wp\/v2\/product_brand?post=28510"},{"taxonomy":"product_cat","embeddable":true,"href":"https:\/\/fotografiaportugal.pt\/site\/wp-json\/wp\/v2\/product_cat?post=28510"},{"taxonomy":"product_tag","embeddable":true,"href":"https:\/\/fotografiaportugal.pt\/site\/wp-json\/wp\/v2\/product_tag?post=28510"}],"curies":[{"name":"wp","href":"https:\/\/api.w.org\/{rel}","templated":true}]}}