{"id":28521,"date":"2025-05-14T19:16:11","date_gmt":"2025-05-14T19:16:11","guid":{"rendered":"https:\/\/fotografiaportugal.pt\/site\/?post_type=product&#038;p=28521"},"modified":"2025-07-01T15:12:14","modified_gmt":"2025-07-01T15:12:14","slug":"braga-colecao-portugal","status":"publish","type":"product","link":"https:\/\/fotografiaportugal.pt\/site\/shop\/livros\/braga-colecao-portugal\/","title":{"rendered":"BRAGA \u2013 Cole\u00e7\u00e3o Portugal"},"content":{"rendered":"<p>Livro n\u00ba 14 da nova Cole\u00e7\u00e3o Portugal (bilingue, em capa dura).<\/p>\n<p><img loading=\"lazy\" decoding=\"async\" class=\"alignnone size-medium wp-image-28522\" src=\"https:\/\/fotografiaportugal.pt\/site\/wp-content\/uploads\/2025\/05\/p64_Braga_ateBraga-1024x577-1-300x169.jpg\" alt=\"\" width=\"300\" height=\"169\" srcset=\"https:\/\/fotografiaportugal.pt\/site\/wp-content\/uploads\/2025\/05\/p64_Braga_ateBraga-1024x577-1-300x169.jpg 300w, https:\/\/fotografiaportugal.pt\/site\/wp-content\/uploads\/2025\/05\/p64_Braga_ateBraga-1024x577-1.jpg 1024w, https:\/\/fotografiaportugal.pt\/site\/wp-content\/uploads\/2025\/05\/p64_Braga_ateBraga-1024x577-1-416x234.jpg 416w\" sizes=\"auto, (max-width: 300px) 100vw, 300px\" \/><\/p>\n<p>Portugal inteiro dentro de um livro. Os escritores portugueses mais acarinhados e um fot\u00f3grafo de patrim\u00f3nio. O mesmo horizonte para a fic\u00e7\u00e3o e a realidade, em que criatividade liter\u00e1ria e riqueza fotogr\u00e1fica mergulham na nossa geografia. Um percurso concelho a concelho, ilha a ilha, escritor a escritor.<\/p>\n<p>\/<\/p>\n<p><em>The whole of Portugal in one book. The most cherished Portuguese writers and a photographer specialising in heritage. The same horizon for fiction and reality, in which literary creativity and photographic richness immerse themselves in our geography. This is a journey that covers county after county, island after island, writer after writer.<\/em><\/p>\n<p>.<\/p>\n<p class=\"BodyB\">Susana Moreira Marques \u00e9 autora de quatro livros de n\u00e3o-fic\u00e7\u00e3o liter\u00e1ria, mais recentemente,\u00a0<i>Terceiro andar sem elevador: notas de Lisboa,\u00a0<\/i>e de um livro para a inf\u00e2ncia<i>.\u00a0<\/i>O seu trabalho tem sido publicado em revistas internacionais como\u00a0<i>Granta\u00a0<\/i>ou<i>\u00a0Literary Hub<\/i>, e em meios como\u00a0<i>P\u00fablico<\/i>,\u00a0<i>Jornal de Neg\u00f3cios, Mensagem de Lisboa,\u00a0<\/i>Antena 1 e BBC World Service. Recebeu bolsas e\u00a0<i>fellowships<\/i>\u00a0da Funda\u00e7\u00e3o Jan Michalski (Su\u00ed\u00e7a), Art Omi (EUA), Danish Centre for Writers and Translators (Dinamarca), Funda\u00e7\u00e3o Gabriel Garc\u00eda M\u00e1rquez (Col\u00f4mbia), entre outras institui\u00e7\u00f5es. \u00c9 uma das editoras da revista de n\u00e3o-fic\u00e7\u00e3o liter\u00e1ria,\u00a0<i>Mamute<\/i>. Escreve tamb\u00e9m para cinema. Vive em Lisboa com as duas filhas.<\/p>\n<p>\/<\/p>\n<p><strong>\u00a0<\/strong>.<\/p>\n<p>Todas as imagens deste livro foram captadas com equipamento Leica, em abril de 2025 e, a da p. 38, em mar\u00e7o de 2024.<\/p>\n<p>\/ All images in this book were shot with Leica equipment in April 2025 and the one on p. 38 shot in March 2024.<\/p>\n<p>.<\/p>\n<p><strong><b>Texto \/\u00a0<em>Text<\/em>:\u00a0<\/b><\/strong>Susana Moreira Marques<\/p>\n<p><strong><b>Fotografia \/\u00a0<em>Photography<\/em>:\u00a0<\/b><\/strong>Lib\u00f3rio Manuel Silva<\/p>\n<p><strong><b>Tradu\u00e7\u00e3o \/\u00a0<em><i>English translation<\/i><\/em>:\u00a0<\/b><\/strong>Julia Sanches<\/p>\n<p><strong><b>P\u00e1g.s<\/b><\/strong>: 64 (a cores; capa dura, formato 16,8 cm * 23,5 cm * 1,3 cm; 0,4 Kg)<\/p>\n<p><strong><b>1.\u00aa Edi\u00e7\u00e3o<\/b><\/strong>\u00a0\/\u00a0<strong><em><b><i>1st Edition<\/i><\/b><\/em><\/strong>: Maio 2025<\/p>\n<p><strong><b>Cole\u00e7\u00e3o<\/b><\/strong>\u00a0\/\u00a0<strong><em><b><i>Book collection<\/i><\/b><\/em><\/strong>: Portugal<\/p>\n<p><strong><b>N\u00ba na cole\u00e7\u00e3o<\/b><\/strong>\u00a0\/\u00a0<strong><em><b><i>Book collection number<\/i><\/b><\/em><\/strong>: 14<\/p>\n<p><strong><b>ISBN<\/b><\/strong>: 978-989-615-256-7<\/p>\n<p><strong><b>Editora \/\u00a0<em><i>Published by<\/i><\/em><\/b><\/strong>: Centro Atl\u00e2ntico<\/p>\n","protected":false},"excerpt":{"rendered":"<p>Livro n\u00ba 14 da nova Cole\u00e7\u00e3o Portugal (bilingue, em capa dura). Portugal inteiro dentro de um livro. Os escritores portugueses mais acarinhados e um fot\u00f3grafo de patrim\u00f3nio. O mesmo horizonte para a fic\u00e7\u00e3o e a realidade, em que criatividade liter\u00e1ria e riqueza fotogr\u00e1fica mergulham na nossa geografia. Um percurso concelho a concelho, ilha a ilha, [&hellip;]<\/p>\n","protected":false},"featured_media":28523,"comment_status":"closed","ping_status":"closed","template":"","meta":[],"product_brand":[],"product_cat":[185,280,181,7,103,180,147],"product_tag":[254,31,281,282,187,307,40,317],"class_list":{"0":"post-28521","1":"product","2":"type-product","3":"status-publish","4":"has-post-thumbnail","6":"product_cat-best-sellers-para-turistas-for-tourists","7":"product_cat-colecao-portugal","8":"product_cat-liborio-manuel-silva","9":"product_cat-livros","10":"product_cat-livros-capa-dura-luxo","11":"product_cat-natal","12":"product_cat-top-10","13":"product_tag-arte-e-turismo","14":"product_tag-braga","15":"product_tag-colecao-portugal","16":"product_tag-ficcao","17":"product_tag-liborio-manuel-silva","18":"product_tag-novidades-2025","19":"product_tag-portugal","20":"product_tag-susana-moreira-marques","22":"first","23":"instock","24":"sale","25":"shipping-taxable","26":"purchasable","27":"product-type-simple"},"_links":{"self":[{"href":"https:\/\/fotografiaportugal.pt\/site\/wp-json\/wp\/v2\/product\/28521","targetHints":{"allow":["GET"]}}],"collection":[{"href":"https:\/\/fotografiaportugal.pt\/site\/wp-json\/wp\/v2\/product"}],"about":[{"href":"https:\/\/fotografiaportugal.pt\/site\/wp-json\/wp\/v2\/types\/product"}],"replies":[{"embeddable":true,"href":"https:\/\/fotografiaportugal.pt\/site\/wp-json\/wp\/v2\/comments?post=28521"}],"wp:featuredmedia":[{"embeddable":true,"href":"https:\/\/fotografiaportugal.pt\/site\/wp-json\/wp\/v2\/media\/28523"}],"wp:attachment":[{"href":"https:\/\/fotografiaportugal.pt\/site\/wp-json\/wp\/v2\/media?parent=28521"}],"wp:term":[{"taxonomy":"product_brand","embeddable":true,"href":"https:\/\/fotografiaportugal.pt\/site\/wp-json\/wp\/v2\/product_brand?post=28521"},{"taxonomy":"product_cat","embeddable":true,"href":"https:\/\/fotografiaportugal.pt\/site\/wp-json\/wp\/v2\/product_cat?post=28521"},{"taxonomy":"product_tag","embeddable":true,"href":"https:\/\/fotografiaportugal.pt\/site\/wp-json\/wp\/v2\/product_tag?post=28521"}],"curies":[{"name":"wp","href":"https:\/\/api.w.org\/{rel}","templated":true}]}}

BRAGA – Coleção Portugal

<p>Livro nº 14 da nova Coleção Portugal (bilingue, em capa dura).</p>
<p><img loading="lazy" decoding="async" class="alignnone size-medium wp-image-28522" src="https://fotografiaportugal.pt/site/wp-content/uploads/2025/05/p64_Braga_ateBraga-1024x577-1-300x169.jpg" alt="" width="300" height="169" srcset="https://fotografiaportugal.pt/site/wp-content/uploads/2025/05/p64_Braga_ateBraga-1024x577-1-300x169.jpg 300w, https://fotografiaportugal.pt/site/wp-content/uploads/2025/05/p64_Braga_ateBraga-1024x577-1.jpg 1024w, https://fotografiaportugal.pt/site/wp-content/uploads/2025/05/p64_Braga_ateBraga-1024x577-1-416x234.jpg 416w" sizes="auto, (max-width: 300px) 100vw, 300px" /></p>
<p>Portugal inteiro dentro de um livro. Os escritores portugueses mais acarinhados e um fotógrafo de património. O mesmo horizonte para a ficção e a realidade, em que criatividade literária e riqueza fotográfica mergulham na nossa geografia. Um percurso concelho a concelho, ilha a ilha, escritor a escritor.</p>
<p>/</p>
<p><em>The whole of Portugal in one book. The most cherished Portuguese writers and a photographer specialising in heritage. The same horizon for fiction and reality, in which literary creativity and photographic richness immerse themselves in our geography. This is a journey that covers county after county, island after island, writer after writer.</em></p>
<p>.</p>
<p class="BodyB">Susana Moreira Marques é autora de quatro livros de não-ficção literária, mais recentemente, <i>Terceiro andar sem elevador: notas de Lisboa, </i>e de um livro para a infância<i>. </i>O seu trabalho tem sido publicado em revistas internacionais como <i>Granta </i>ou<i> Literary Hub</i>, e em meios como <i>Público</i>, <i>Jornal de Negócios, Mensagem de Lisboa, </i>Antena 1 e BBC World Service. Recebeu bolsas e <i>fellowships</i> da Fundação Jan Michalski (Suíça), Art Omi (EUA), Danish Centre for Writers and Translators (Dinamarca), Fundação Gabriel García Márquez (Colômbia), entre outras instituições. É uma das editoras da revista de não-ficção literária, <i>Mamute</i>. Escreve também para cinema. Vive em Lisboa com as duas filhas.</p>
<p>/</p>
<p><strong> </strong>.</p>
<p>Todas as imagens deste livro foram captadas com equipamento Leica, em abril de 2025 e, a da p. 38, em março de 2024.</p>
<p>/ All images in this book were shot with Leica equipment in April 2025 and the one on p. 38 shot in March 2024.</p>
<p>.</p>
<p><strong><b>Texto / <em>Text</em>: </b></strong>Susana Moreira Marques</p>
<p><strong><b>Fotografia / <em>Photography</em>: </b></strong>Libório Manuel Silva</p>
<p><strong><b>Tradução / <em><i>English translation</i></em>: </b></strong>Julia Sanches</p>
<p><strong><b>Pág.s</b></strong>: 64 (a cores; capa dura, formato 16,8 cm * 23,5 cm * 1,3 cm; 0,4 Kg)</p>
<p><strong><b>1.ª Edição</b></strong> / <strong><em><b><i>1st Edition</i></b></em></strong>: Maio 2025</p>
<p><strong><b>Coleção</b></strong> / <strong><em><b><i>Book collection</i></b></em></strong>: Portugal</p>
<p><strong><b>Nº na coleção</b></strong> / <strong><em><b><i>Book collection number</i></b></em></strong>: 14</p>
<p><strong><b>ISBN</b></strong>: 978-989-615-256-7</p>
<p><strong><b>Editora / <em><i>Published by</i></em></b></strong>: Centro Atlântico</p>

<p>Livro nº 14 da nova Coleção Portugal (bilingue, em capa dura). Portugal inteiro dentro de um livro. Os escritores portugueses mais acarinhados e um fotógrafo de património. O mesmo horizonte para a ficção e a realidade, em que criatividade literária e riqueza fotográfica mergulham na nossa geografia. Um percurso concelho a concelho, ilha a ilha, [&hellip;]</p>
