{"id":28580,"date":"2025-07-01T10:47:07","date_gmt":"2025-07-01T10:47:07","guid":{"rendered":"https:\/\/fotografiaportugal.pt\/site\/?post_type=product&#038;p=28580"},"modified":"2026-01-04T18:05:29","modified_gmt":"2026-01-04T18:05:29","slug":"praias-fluviais-maravilhas-de-portugal-river-beaches-wonders-of-portugal","status":"publish","type":"product","link":"https:\/\/fotografiaportugal.pt\/site\/shop\/livros\/praias-fluviais-maravilhas-de-portugal-river-beaches-wonders-of-portugal\/","title":{"rendered":"PRAIAS FLUVIAIS &#8211; Maravilhas de Portugal \/ RIVER BEACHES &#8211; Wonders of Portugal"},"content":{"rendered":"<p><img loading=\"lazy\" decoding=\"async\" class=\"alignnone size-medium wp-image-28582\" src=\"https:\/\/fotografiaportugal.pt\/site\/wp-content\/uploads\/2025\/07\/k_Praias_Fluviais_600px-229x300.jpg\" alt=\"\" width=\"229\" height=\"300\" srcset=\"https:\/\/fotografiaportugal.pt\/site\/wp-content\/uploads\/2025\/07\/k_Praias_Fluviais_600px-229x300.jpg 229w, https:\/\/fotografiaportugal.pt\/site\/wp-content\/uploads\/2025\/07\/k_Praias_Fluviais_600px.jpg 458w, https:\/\/fotografiaportugal.pt\/site\/wp-content\/uploads\/2025\/07\/k_Praias_Fluviais_600px-416x545.jpg 416w\" sizes=\"auto, (max-width: 229px) 100vw, 229px\" \/><\/p>\n<h2>Descri\u00e7\u00e3o<\/h2>\n<p><a>Com pref\u00e1cio de Fernando Alves, excelso autor e voz da r\u00e1dio h\u00e1 mais de 30 anos, \u00ab<strong>Praias Fluviais\u00a0Maravilhas de Portugal \/\u00a0<em>River Beaches<\/em><\/strong><\/a>\u00a0<a><strong><em>Wonders of Portugal<\/em><\/strong>\u00bb \u00e9 o novo livro de Lib\u00f3rio Manuel Silva, numa edi\u00e7\u00e3o de luxo, bilingue, cartonada, com sobrecapa, resultado de uma longa e aturada pesquisa a todo o interior do pa\u00eds (continente), apresentada na forma de viagem, de Norte para Sul, com mais de 400 fotografias exclusivas relativas \u00e0s nossas\u00a0<strong>30<\/strong>\u00a0<strong>Praias Fluviais<\/strong>\u00a0mais deslumbrantes e a mais de 200 sugest\u00f5es de patrim\u00f3nio cultural local a visitar e a degustar.<\/a><\/p>\n<p>O livro para um Ver\u00e3o diferente: longe das multid\u00f5es e mais perto da natureza.<\/p>\n<p>30 \u201cPraias Fluviais Maravilhas de Portugal\u201d com \u00e1guas cristalinas, de norte a sul, selvagens ou com bandeira azul, verdadeiros o\u00e1sis escondidos entre montanhas e vilas hist\u00f3ricas, perfeitas para mergulhos tranquilos, caminhadas revigorantes e dias em fam\u00edlia, com mais de duas centenas de propostas para visitas e experi\u00eancias gastron\u00f3micas locais. P\u00e1gina a p\u00e1gina este livro convida-te, a cada mergulho nos para\u00edsos de \u00e1gua doce revelados, a celebrar a natureza no seu estado mais puro.<\/p>\n<p><a><strong>LIB\u00d3RIO MANUEL SILVA<\/strong><\/a><\/p>\n<p>Editor do Centro Atl\u00e2ntico (1995\u2011), empreendedor e especializado em fotografia de cultura e patrim\u00f3nio. \u00c9 autor ou co-autor, e respons\u00e1vel pela totalidade da fotografia, em mais de 40 livros bilingues de Turismo, Arte e Patrim\u00f3nio, designadamente de todos os volumes da Cole\u00e7\u00e3o Portugal (18 vol.s), dos\u00a0<em>best\u2011sellers Praias Maravilhas de Portugal\u00a0<\/em>(2 vol.s),<em>\u00a0Douro Maravilhas do Patrim\u00f3nio (2 vol.s), Castelos Maravilhas de Portugal\u00a0<\/em>(2 vol.s),\u00a0<em>Bibliotecas Maravilhas de Portugal\u00a0<\/em>(2 vol.s),\u00a0<em>Azulejos Maravilhas de Portugal<\/em>,\u00a0<em>Azulejos \u00e0 Mesa<\/em>,<em>\u00a0Lisboa Vista de Cima<\/em>,\u00a0<em>Porto Visto de Cima<\/em>,\u00a0<em>Braga Cidade Bimilenar<\/em>\u00a0e\u00a0<em>Ode Mar\u00edtima<\/em>. \u00c9 editor dos livros sobre fotografia mais vendidos em Portugal. Tem dez anos de experi\u00eancia como docente no ensino superior, com p\u00f3s-gradua\u00e7\u00f5es nacionais e internacionais. Os seus dois filhos s\u00e3o a sua principal fonte de inspira\u00e7\u00e3o.<\/p>\n<p>\/<\/p>\n<p>Editor at Centro Atl\u00e2ntico (1995\u2011), entrepreneur, and specialized in cultural and heritage photography. He is the photography author of more than 40 Art books, including the Portugal Book Collection (18 vol.s) and the bestsellers\u00a0<em>Beaches Wonders of Portugal<\/em>\u00a0(2 vol.s)<em>, Douro Heritage Wonders<\/em>\u00a0(2 vol.s)<em>, Castles Wonders of Portugal<\/em>\u00a0(2 vol.s)<em>, Libraries Wonders of Portugal<\/em>\u00a0(2 vol.s)<em>, Azulejos Wonders of Portugal, Azulejos in Restaurants<\/em>,<em>\u00a0Lisboa From Above, Porto From Above, Braga A Bimillennial City\u00a0<\/em>and\u00a0<em>Maritime Ode<\/em>. He is the editor of the best\u2011selling books on photography in Portugal. He has ten years of experience as a teacher in higher education, and he holds national and international postgraduate courses. His two children are his main source of inspiration.<\/p>\n<p>.<\/p>\n<p><strong>PRAIAS FLUVIAIS &#8211; Maravilhas de Portugal \/ RIVER BEACHES &#8211; Wonders of Portugal<\/strong><\/p>\n<table id=\"table190\" border=\"0\" width=\"100%\" cellspacing=\"0\">\n<tbody>\n<tr>\n<td valign=\"top\" width=\"97%\"><small>Autor:<\/small>\u00a0Lib\u00f3rio Manuel Silva<\/td>\n<\/tr>\n<tr>\n<td valign=\"top\" width=\"97%\"><small>Pref\u00e1cio:<\/small>\u00a0Fernando Alves<\/td>\n<\/tr>\n<tr>\n<td width=\"97%\"><small>P\u00e1gs:<\/small>\u00a0188\u00a0<em>(a cores; capa dura com sobrecapa; formato 24,4cm*32,1cm*2,7cm; 2 Kg)<\/em><\/td>\n<\/tr>\n<tr>\n<td width=\"97%\"><small>ISBN:<\/small>\u00a0978-989-615-259-8<\/p>\n<p><small>Idiomas:<\/small>\u00a0Portugu\u00eas e Ingl\u00eas<\/p>\n<p><small>Tradu\u00e7\u00e3o:<\/small>\u00a0Deolinda Ad\u00e3o<br \/>\n<small>Colec\u00e7\u00e3o<\/small>: Artes<br \/>\n<small>Editora<\/small>: Centro Atl\u00e2ntico<\/td>\n<\/tr>\n<tr>\n<td width=\"97%\"><small>1.\u00aa edi\u00e7\u00e3o:<\/small>\u00a030\/Junho\/2025<\/td>\n<\/tr>\n<\/tbody>\n<\/table>\n","protected":false},"excerpt":{"rendered":"<p>Descri\u00e7\u00e3o Com pref\u00e1cio de Fernando Alves, excelso autor e voz da r\u00e1dio h\u00e1 mais de 30 anos, \u00abPraias Fluviais\u00a0Maravilhas de Portugal \/\u00a0River Beaches\u00a0Wonders of Portugal\u00bb \u00e9 o novo livro de Lib\u00f3rio Manuel Silva, numa edi\u00e7\u00e3o de luxo, bilingue, cartonada, com sobrecapa, resultado de uma longa e aturada pesquisa a todo o interior do pa\u00eds (continente), [&hellip;]<\/p>\n","protected":false},"featured_media":28581,"comment_status":"closed","ping_status":"closed","template":"","meta":[],"product_brand":[],"product_cat":[181,7,103,138],"product_tag":[254,187,39,307,40,290],"class_list":{"0":"post-28580","1":"product","2":"type-product","3":"status-publish","4":"has-post-thumbnail","6":"product_cat-liborio-manuel-silva","7":"product_cat-livros","8":"product_cat-livros-capa-dura-luxo","9":"product_cat-photography-of-portugal","10":"product_tag-arte-e-turismo","11":"product_tag-liborio-manuel-silva","12":"product_tag-maravilhas","13":"product_tag-novidades-2025","14":"product_tag-portugal","15":"product_tag-praias","17":"first","18":"outofstock","19":"shipping-taxable","20":"purchasable","21":"product-type-simple"},"_links":{"self":[{"href":"https:\/\/fotografiaportugal.pt\/site\/wp-json\/wp\/v2\/product\/28580","targetHints":{"allow":["GET"]}}],"collection":[{"href":"https:\/\/fotografiaportugal.pt\/site\/wp-json\/wp\/v2\/product"}],"about":[{"href":"https:\/\/fotografiaportugal.pt\/site\/wp-json\/wp\/v2\/types\/product"}],"replies":[{"embeddable":true,"href":"https:\/\/fotografiaportugal.pt\/site\/wp-json\/wp\/v2\/comments?post=28580"}],"wp:featuredmedia":[{"embeddable":true,"href":"https:\/\/fotografiaportugal.pt\/site\/wp-json\/wp\/v2\/media\/28581"}],"wp:attachment":[{"href":"https:\/\/fotografiaportugal.pt\/site\/wp-json\/wp\/v2\/media?parent=28580"}],"wp:term":[{"taxonomy":"product_brand","embeddable":true,"href":"https:\/\/fotografiaportugal.pt\/site\/wp-json\/wp\/v2\/product_brand?post=28580"},{"taxonomy":"product_cat","embeddable":true,"href":"https:\/\/fotografiaportugal.pt\/site\/wp-json\/wp\/v2\/product_cat?post=28580"},{"taxonomy":"product_tag","embeddable":true,"href":"https:\/\/fotografiaportugal.pt\/site\/wp-json\/wp\/v2\/product_tag?post=28580"}],"curies":[{"name":"wp","href":"https:\/\/api.w.org\/{rel}","templated":true}]}}