{"id":28673,"date":"2025-10-30T19:22:35","date_gmt":"2025-10-30T19:22:35","guid":{"rendered":"https:\/\/fotografiaportugal.pt\/site\/?post_type=product&#038;p=28673"},"modified":"2025-10-30T20:38:20","modified_gmt":"2025-10-30T20:38:20","slug":"campanula-de-acrilico","status":"publish","type":"product","link":"https:\/\/fotografiaportugal.pt\/site\/shop\/oportunidades-exclusivas\/campanula-de-acrilico\/","title":{"rendered":"Camp\u00e2nula de acr\u00edlico"},"content":{"rendered":"<p><strong>Camp\u00e2nulas de acr\u00edlico (24*24cm base) dispon\u00edveis: 4 com 30cm altura + 4 com 40cm alt. + 3 com 50cm alt.<\/strong><\/p>\n<p>Venda em separado de: <u>quatro<\/u> camp\u00e2nulas (com 30cm altura), <u>quatro<\/u> camp\u00e2nulas (com 40cm altura) e <u>tr\u00eas<\/u> camp\u00e2nulas (com 50cm altura).<\/p>\n<p>Pre\u00e7o unit\u00e1rio de cada camp\u00e2nula em acr\u00edlico: 30 \u20ac \/ cada.<\/p>\n<p>Ver fotografias.<\/p>\n<p>Entrega no <strong>Central Park<\/strong> (anteriormente designado Lago Discount), em Ribeir\u00e3o, Vila Nova de Famalic\u00e3o.<\/p>\n<p>O pre\u00e7o indicado n\u00e3o inclui as esculturas, nem portes de envio para nenhuma outra morada.<\/p>\n<p>Produto inserido na campanha &#8220;<strong>Oportunidades Exclusivas<\/strong>&#8221; por mudan\u00e7a de instala\u00e7\u00f5es.<\/p>\n","protected":false},"excerpt":{"rendered":"<p>Camp\u00e2nulas de acr\u00edlico (24*24cm base) dispon\u00edveis: 4 com 30cm altura + 4 com 40cm alt. + 3 com 50cm alt. Venda em separado de: quatro camp\u00e2nulas (com 30cm altura), quatro camp\u00e2nulas (com 40cm altura) e tr\u00eas camp\u00e2nulas (com 50cm altura). Pre\u00e7o unit\u00e1rio de cada camp\u00e2nula em acr\u00edlico: 30 \u20ac \/ cada. Ver fotografias. Entrega no [&hellip;]<\/p>\n","protected":false},"featured_media":28674,"comment_status":"closed","ping_status":"closed","template":"","meta":[],"product_brand":[],"product_cat":[330],"product_tag":[331],"class_list":{"0":"post-28673","1":"product","2":"type-product","3":"status-publish","4":"has-post-thumbnail","6":"product_cat-oportunidades-exclusivas","7":"product_tag-oportunidades-exclusivas","9":"first","10":"instock","11":"shipping-taxable","12":"purchasable","13":"product-type-variable"},"_links":{"self":[{"href":"https:\/\/fotografiaportugal.pt\/site\/wp-json\/wp\/v2\/product\/28673","targetHints":{"allow":["GET"]}}],"collection":[{"href":"https:\/\/fotografiaportugal.pt\/site\/wp-json\/wp\/v2\/product"}],"about":[{"href":"https:\/\/fotografiaportugal.pt\/site\/wp-json\/wp\/v2\/types\/product"}],"replies":[{"embeddable":true,"href":"https:\/\/fotografiaportugal.pt\/site\/wp-json\/wp\/v2\/comments?post=28673"}],"wp:featuredmedia":[{"embeddable":true,"href":"https:\/\/fotografiaportugal.pt\/site\/wp-json\/wp\/v2\/media\/28674"}],"wp:attachment":[{"href":"https:\/\/fotografiaportugal.pt\/site\/wp-json\/wp\/v2\/media?parent=28673"}],"wp:term":[{"taxonomy":"product_brand","embeddable":true,"href":"https:\/\/fotografiaportugal.pt\/site\/wp-json\/wp\/v2\/product_brand?post=28673"},{"taxonomy":"product_cat","embeddable":true,"href":"https:\/\/fotografiaportugal.pt\/site\/wp-json\/wp\/v2\/product_cat?post=28673"},{"taxonomy":"product_tag","embeddable":true,"href":"https:\/\/fotografiaportugal.pt\/site\/wp-json\/wp\/v2\/product_tag?post=28673"}],"curies":[{"name":"wp","href":"https:\/\/api.w.org\/{rel}","templated":true}]}}

Campânula de acrílico

<p><strong>Campânulas de acrílico (24*24cm base) disponíveis: 4 com 30cm altura + 4 com 40cm alt. + 3 com 50cm alt.</strong></p>
<p>Venda em separado de: <u>quatro</u> campânulas (com 30cm altura), <u>quatro</u> campânulas (com 40cm altura) e <u>três</u> campânulas (com 50cm altura).</p>
<p>Preço unitário de cada campânula em acrílico: 30 € / cada.</p>
<p>Ver fotografias.</p>
<p>Entrega no <strong>Central Park</strong> (anteriormente designado Lago Discount), em Ribeirão, Vila Nova de Famalicão.</p>
<p>O preço indicado não inclui as esculturas, nem portes de envio para nenhuma outra morada.</p>
<p>Produto inserido na campanha &#8220;<strong>Oportunidades Exclusivas</strong>&#8221; por mudança de instalações.</p>

<p>Campânulas de acrílico (24*24cm base) disponíveis: 4 com 30cm altura + 4 com 40cm alt. + 3 com 50cm alt. Venda em separado de: quatro campânulas (com 30cm altura), quatro campânulas (com 40cm altura) e três campânulas (com 50cm altura). Preço unitário de cada campânula em acrílico: 30 € / cada. Ver fotografias. Entrega no [&hellip;]</p>
