{"id":28696,"date":"2025-10-31T10:11:30","date_gmt":"2025-10-31T10:11:30","guid":{"rendered":"https:\/\/fotografiaportugal.pt\/site\/?post_type=product&#038;p=28696"},"modified":"2025-10-31T10:12:36","modified_gmt":"2025-10-31T10:12:36","slug":"conjunto-de-42-azulejos-novos","status":"publish","type":"product","link":"https:\/\/fotografiaportugal.pt\/site\/shop\/oportunidades-exclusivas\/conjunto-de-42-azulejos-novos\/","title":{"rendered":"Conjunto de 42 Azulejos novos"},"content":{"rendered":"<p><strong>Conjunto de 42 Azulejos novos<\/strong><\/p>\n<p>Venda em conjunto de <span style=\"text-decoration: underline;\">42<\/span> Azulejos novos, conforme fotografia.<\/p>\n<p>Entrega no <strong>Central Park<\/strong> (anteriormente designado Lago Discount), em Ribeir\u00e3o, Vila Nova de Famalic\u00e3o.<\/p>\n<p>O pre\u00e7o indicado n\u00e3o inclui portes de envio para nenhuma outra morada.<\/p>\n<p>Produto inserido na campanha &#8220;<strong>Oportunidades Exclusivas<\/strong>&#8221; por mudan\u00e7a de instala\u00e7\u00f5es.<\/p>\n","protected":false},"excerpt":{"rendered":"<p>Conjunto de 42 Azulejos novos Venda em conjunto de 42 Azulejos novos, conforme fotografia. Entrega no Central Park (anteriormente designado Lago Discount), em Ribeir\u00e3o, Vila Nova de Famalic\u00e3o. O pre\u00e7o indicado n\u00e3o inclui portes de envio para nenhuma outra morada. Produto inserido na campanha &#8220;Oportunidades Exclusivas&#8221; por mudan\u00e7a de instala\u00e7\u00f5es.<\/p>\n","protected":false},"featured_media":28697,"comment_status":"closed","ping_status":"closed","template":"","meta":[],"product_brand":[],"product_cat":[330],"product_tag":[331],"class_list":{"0":"post-28696","1":"product","2":"type-product","3":"status-publish","4":"has-post-thumbnail","6":"product_cat-oportunidades-exclusivas","7":"product_tag-oportunidades-exclusivas","9":"first","10":"instock","11":"sold-individually","12":"shipping-taxable","13":"purchasable","14":"product-type-simple"},"_links":{"self":[{"href":"https:\/\/fotografiaportugal.pt\/site\/wp-json\/wp\/v2\/product\/28696","targetHints":{"allow":["GET"]}}],"collection":[{"href":"https:\/\/fotografiaportugal.pt\/site\/wp-json\/wp\/v2\/product"}],"about":[{"href":"https:\/\/fotografiaportugal.pt\/site\/wp-json\/wp\/v2\/types\/product"}],"replies":[{"embeddable":true,"href":"https:\/\/fotografiaportugal.pt\/site\/wp-json\/wp\/v2\/comments?post=28696"}],"wp:featuredmedia":[{"embeddable":true,"href":"https:\/\/fotografiaportugal.pt\/site\/wp-json\/wp\/v2\/media\/28697"}],"wp:attachment":[{"href":"https:\/\/fotografiaportugal.pt\/site\/wp-json\/wp\/v2\/media?parent=28696"}],"wp:term":[{"taxonomy":"product_brand","embeddable":true,"href":"https:\/\/fotografiaportugal.pt\/site\/wp-json\/wp\/v2\/product_brand?post=28696"},{"taxonomy":"product_cat","embeddable":true,"href":"https:\/\/fotografiaportugal.pt\/site\/wp-json\/wp\/v2\/product_cat?post=28696"},{"taxonomy":"product_tag","embeddable":true,"href":"https:\/\/fotografiaportugal.pt\/site\/wp-json\/wp\/v2\/product_tag?post=28696"}],"curies":[{"name":"wp","href":"https:\/\/api.w.org\/{rel}","templated":true}]}}

<p><strong>Conjunto de 42 Azulejos novos</strong></p>
<p>Venda em conjunto de <span style="text-decoration: underline;">42</span> Azulejos novos, conforme fotografia.</p>
<p>Entrega no <strong>Central Park</strong> (anteriormente designado Lago Discount), em Ribeirão, Vila Nova de Famalicão.</p>
<p>O preço indicado não inclui portes de envio para nenhuma outra morada.</p>
<p>Produto inserido na campanha &#8220;<strong>Oportunidades Exclusivas</strong>&#8221; por mudança de instalações.</p>

<p>Conjunto de 42 Azulejos novos Venda em conjunto de 42 Azulejos novos, conforme fotografia. Entrega no Central Park (anteriormente designado Lago Discount), em Ribeirão, Vila Nova de Famalicão. O preço indicado não inclui portes de envio para nenhuma outra morada. Produto inserido na campanha &#8220;Oportunidades Exclusivas&#8221; por mudança de instalações.</p>
