{"id":5412,"date":"2018-10-17T11:32:59","date_gmt":"2018-10-17T11:32:59","guid":{"rendered":"http:\/\/fotografiaportugal.pt\/site\/?post_type=product&#038;p=5412"},"modified":"2024-12-12T12:16:57","modified_gmt":"2024-12-12T12:16:57","slug":"azulejo-o-que-e-what-is","status":"publish","type":"product","link":"https:\/\/fotografiaportugal.pt\/site\/shop\/livros\/azulejo-o-que-e-what-is\/","title":{"rendered":"AZULEJO \u2013 O que \u00e9 \/ What is"},"content":{"rendered":"<p><img loading=\"lazy\" decoding=\"async\" class=\"alignnone size-medium wp-image-5413\" src=\"https:\/\/fotografiaportugal.pt\/site\/wp-content\/uploads\/2018\/10\/capa-livro-ca-azulejo-oque_600px-297x300.jpg\" alt=\"\" width=\"297\" height=\"300\" srcset=\"https:\/\/fotografiaportugal.pt\/site\/wp-content\/uploads\/2018\/10\/capa-livro-ca-azulejo-oque_600px-297x300.jpg 297w, https:\/\/fotografiaportugal.pt\/site\/wp-content\/uploads\/2018\/10\/capa-livro-ca-azulejo-oque_600px.jpg 594w, https:\/\/fotografiaportugal.pt\/site\/wp-content\/uploads\/2018\/10\/capa-livro-ca-azulejo-oque_600px-184x186.jpg 184w\" sizes=\"auto, (max-width: 297px) 100vw, 297px\" \/><\/p>\n<p><strong>AZULEJO<\/strong> \u2013 O que \u00e9 \/ What is<\/p>\n<p><strong>Fotografia \/ Photography<\/strong>: Lib\u00f3rio Manuel Silva<\/p>\n<p><strong>Coordena\u00e7\u00e3o cient\u00edfica \/ Scientific Coordination<\/strong>: Ros\u00e1rio Salema de Carvalho<\/p>\n<p><strong>Autores dos textos<\/strong> \/ <strong>Texts<\/strong>:<\/p>\n<p>Alexandre Nobre Pais, Alfonso Pleguezuelo, Ana Lu\u00edsa Velosa, Ana Margarida Ara\u00fajo Camacho, Ana Paula Jarego, Ana Paula Rebelo Correia, Ana Viegas, Ant\u00f3nio Jos\u00e9 de Barros Veloso, Carlos Moreira Azevedo, Catarina Almada Negreiros, Charters de Almeida, Coletivo MUDA, Corti\u00e7o &amp; Netos, Dora Alc\u00e2ntara, Est\u00fadio Pedrita, F\u00e1bio Carvalho, Feliciano David, Francisco de Almeida, Francisco Queiroz, Fran\u00e7oise Schein, Hans van Lemmen, In\u00eas Ferro, Isabel Almasqu\u00e9, Isabel Ferreira, Ivan Chermayeff, Jaume Coll Conesa, Jo\u00e3o Manuel Mimoso, Jo\u00e3o Pedro Monteiro, Joaquim Eus\u00e9bio, Johan Kamermans, Jos\u00e9 Berardo, Jos\u00e9 Meco, Leonor S\u00e1, Lu\u00eds de Moura Sobral, Lu\u00eds Pedro Silva, Lu\u00edsa d&#8217;Orey Capucho Arruda, Manuel d&#8217;Orey Capucho, Maria Alexandra Trindade Gago da C\u00e2mara, Maria Ana Vasco Costa, Maria Em\u00edlia Silva Ara\u00fajo, Marluci Meneses, Miguel Cabral de Moncada, Myriam Ribeiro de Oliveira, Pedro S\u00e1 Costa, Pedro Bebiano Braga, Rachid Benslimane, Rita Almada Negreiros, Rita Gomes Ferr\u00e3o, Rui Andr\u00e9 Alves Trindade, Rui Matos, Suzana Barros, Tiago Montepegado, Vitor Serr\u00e3o<\/p>\n<p><strong>P\u00e1g.s<\/strong>: 112 (a cores; capa dura, formato 21,4 * 21,6 cm)<\/p>\n<p><strong>PVP<\/strong>: 19,90 Eur<\/p>\n<p><strong>ISBN<\/strong>: 978-989-615-222-2<\/p>\n<p><strong>Idiomas<\/strong>: Portugu\u00eas e Ingl\u00eas<\/p>\n<p><strong>Data de edi\u00e7\u00e3o \/ 2nd edition<\/strong>: 30\/Novembro\/2018<\/p>\n<p><strong>Colec\u00e7\u00e3o<\/strong>: Artes<\/p>\n<p><strong>Editora<\/strong>: Centro Atl\u00e2ntico<\/p>\n<p>Brilho, textura, cor, reflex\u00e3o, forma, fun\u00e7\u00e3o, uso, t\u00e9cnica, mat\u00e9ria, ritmo, escala, geometria, pele, mensagem, experi\u00eancia est\u00e9tica, mem\u00f3ria\u2026 o azulejo \u00e9, desde h\u00e1 v\u00e1rios s\u00e9culos, uma arte diferenciadora da paisagem cultural portuguesa.<\/p>\n<p>Neste livro, conceituados investigadores, arquitectos, artistas, designers, antiqu\u00e1rios, gestores de patrim\u00f3nio ou coleccionadores respondem \u00e0 pergunta \u201co que \u00e9 o azulejo?\u201d. Os textos, t\u00e3o ricos como a express\u00e3o que procuram \u201cdefinir\u201d, revelam uma multiplicidade de olhares que, tal como as fotografias gerais e de pormenor, convidam a descobrir novas formas de entender esta arte. E n\u00e3o poderia ser de outro modo, uma vez que o livro partilha com o azulejo uma das suas caracter\u00edsticas mais interessantes: \u00e9 composto por unidades que ganham sentido quando integradas no conjunto e em contexto, motivando leituras mais vastas que ultrapassam em muito a soma das partes.<\/p>\n<p>Depois de percorrer as \u201cdefini\u00e7\u00f5es\u201d propostas e de se deleitar com imagens muito sugestivas de revestimentos em azulejo, o leitor construir\u00e1 a sua pr\u00f3pria defini\u00e7\u00e3o.<\/p>\n<p><img loading=\"lazy\" decoding=\"async\" class=\"alignnone size-medium wp-image-5414\" src=\"https:\/\/fotografiaportugal.pt\/site\/wp-content\/uploads\/2018\/10\/Azulejo-OQueE-capa-3D_1250p-300x285.jpg\" alt=\"\" width=\"300\" height=\"285\" srcset=\"https:\/\/fotografiaportugal.pt\/site\/wp-content\/uploads\/2018\/10\/Azulejo-OQueE-capa-3D_1250p-300x285.jpg 300w, https:\/\/fotografiaportugal.pt\/site\/wp-content\/uploads\/2018\/10\/Azulejo-OQueE-capa-3D_1250p-1024x972.jpg 1024w, https:\/\/fotografiaportugal.pt\/site\/wp-content\/uploads\/2018\/10\/Azulejo-OQueE-capa-3D_1250p-672x638.jpg 672w, https:\/\/fotografiaportugal.pt\/site\/wp-content\/uploads\/2018\/10\/Azulejo-OQueE-capa-3D_1250p.jpg 1250w\" sizes=\"auto, (max-width: 300px) 100vw, 300px\" \/><\/p>\n<p>Brightness, texture, colour, reflection, shape, function, use, technique, matter, rhythm, geometry, skin, message, aesthetic experience, memory&#8230; the <em>azulejo<\/em> has been for centuries a distinctive part of Portugal\u2019s cultural and artistic landscape.<\/p>\n<p>In this book, renowned researchers, architects, artists, designers, antique dealers, cultural heritage managers and collectors offer their answer to the question \u201cwhat is the <em>azulejo<\/em>?\u201d. The texts, as rich as the artistic expression they seek to \u201cdefine\u201d, reveal a variety of different perspectives. Supported by general and detailed photographs, they invite the reader to discover new ways of understanding this unique art form. And it could not be otherwise \u2014 for the book itself shares one of the <em>azulejo<\/em>\u2019s most interesting characteristics: it is composed of units whose full significance only emerges when they are put together, in context. And this conjugation unveils wider forms of meaning, irreducible to the sum of the different parts.<\/p>\n<p>After going through the \u201cdefinitions\u201d offered by the authors and delighting in a series of captivating images, the reader can come up with his or her own definition.<\/p>\n<p><img loading=\"lazy\" decoding=\"async\" class=\"alignnone size-medium wp-image-5459\" src=\"https:\/\/fotografiaportugal.pt\/site\/wp-content\/uploads\/2018\/10\/AzOqueE-3marcadores-BR-300x234.jpg\" alt=\"\" width=\"300\" height=\"234\" srcset=\"https:\/\/fotografiaportugal.pt\/site\/wp-content\/uploads\/2018\/10\/AzOqueE-3marcadores-BR-300x234.jpg 300w, https:\/\/fotografiaportugal.pt\/site\/wp-content\/uploads\/2018\/10\/AzOqueE-3marcadores-BR.jpg 705w\" sizes=\"auto, (max-width: 300px) 100vw, 300px\" \/><\/p>\n<p>Oferta de 3 marcadores na aquisi\u00e7\u00e3o de cada exemplar da obra.<\/p>\n","protected":false},"excerpt":{"rendered":"<p>Brilho, textura, cor, reflex\u00e3o, forma, fun\u00e7\u00e3o, uso, t\u00e9cnica, mat\u00e9ria, ritmo, escala, geometria, pele, mensagem, experi\u00eancia est\u00e9tica, mem\u00f3ria\u2026 o azulejo \u00e9, desde h\u00e1 v\u00e1rios s\u00e9culos, uma arte diferenciadora da paisagem cultural portuguesa.<\/p>\n<p>Brightness, texture, colour, reflection, shape, function, use, technique, matter, rhythm, geometry, skin, message, aesthetic experience, memory&#8230; the <em>azulejo<\/em> has been for centuries a distinctive part of Portugal\u2019s cultural and artistic landscape.<\/p>\n","protected":false},"featured_media":5414,"comment_status":"closed","ping_status":"closed","template":"","meta":[],"product_brand":[],"product_cat":[169,181,7,103],"product_tag":[],"class_list":{"0":"post-5412","1":"product","2":"type-product","3":"status-publish","4":"has-post-thumbnail","6":"product_cat-azulejos","7":"product_cat-liborio-manuel-silva","8":"product_cat-livros","9":"product_cat-livros-capa-dura-luxo","11":"first","12":"outofstock","13":"shipping-taxable","14":"purchasable","15":"product-type-simple"},"_links":{"self":[{"href":"https:\/\/fotografiaportugal.pt\/site\/wp-json\/wp\/v2\/product\/5412","targetHints":{"allow":["GET"]}}],"collection":[{"href":"https:\/\/fotografiaportugal.pt\/site\/wp-json\/wp\/v2\/product"}],"about":[{"href":"https:\/\/fotografiaportugal.pt\/site\/wp-json\/wp\/v2\/types\/product"}],"replies":[{"embeddable":true,"href":"https:\/\/fotografiaportugal.pt\/site\/wp-json\/wp\/v2\/comments?post=5412"}],"wp:featuredmedia":[{"embeddable":true,"href":"https:\/\/fotografiaportugal.pt\/site\/wp-json\/wp\/v2\/media\/5414"}],"wp:attachment":[{"href":"https:\/\/fotografiaportugal.pt\/site\/wp-json\/wp\/v2\/media?parent=5412"}],"wp:term":[{"taxonomy":"product_brand","embeddable":true,"href":"https:\/\/fotografiaportugal.pt\/site\/wp-json\/wp\/v2\/product_brand?post=5412"},{"taxonomy":"product_cat","embeddable":true,"href":"https:\/\/fotografiaportugal.pt\/site\/wp-json\/wp\/v2\/product_cat?post=5412"},{"taxonomy":"product_tag","embeddable":true,"href":"https:\/\/fotografiaportugal.pt\/site\/wp-json\/wp\/v2\/product_tag?post=5412"}],"curies":[{"name":"wp","href":"https:\/\/api.w.org\/{rel}","templated":true}]}}