{"id":5904,"date":"2020-03-29T12:24:56","date_gmt":"2020-03-29T12:24:56","guid":{"rendered":"http:\/\/fotografiaportugal.pt\/site\/?post_type=product&#038;p=5904"},"modified":"2020-03-29T12:37:21","modified_gmt":"2020-03-29T12:37:21","slug":"solucoes-tecnologicas-para-teletrabalho-e-ensino-a-distancia","status":"publish","type":"product","link":"https:\/\/fotografiaportugal.pt\/site\/shop\/pdf\/solucoes-tecnologicas-para-teletrabalho-e-ensino-a-distancia\/","title":{"rendered":"Solu\u00e7\u00f5es Tecnol\u00f3gicas para Teletrabalho e Ensino \u00e0 dist\u00e2ncia"},"content":{"rendered":"<p>Com vista a ajudar todos os clientes, parceiros e seguidores\u00a0<strong>FOTOGRAFIA Portugal \u00ae<\/strong>\u00a0listamos no documento (18 p\u00e1ginas, formato PDF) diversas <strong>solu\u00e7\u00f5es tecnol\u00f3gicas<\/strong> que ajudar\u00e3o a implementar rotinas de <strong>Teletrabalho\u00a0<\/strong>e de<strong> Ensino \u00e0 dist\u00e2ncia<\/strong>.<\/p>\n<p>O documento refere ainda a legisla\u00e7\u00e3o em vigor (com Links) no que concerne ao\u00a0<strong>Teletrabalho\u00a0<\/strong>e ao<strong>\u00a0Ensino \u00e0 dist\u00e2ncia<\/strong>.<\/p>\n<p>O download do documento \u00e9 totalmente <strong>gratuito<\/strong>, ap\u00f3s registo.<\/p>\n","protected":false},"excerpt":{"rendered":"<p>Legisla\u00e7\u00e3o e solu\u00e7\u00f5es tecnol\u00f3gicas para <strong>Teletrabalho<\/strong> e <strong>Ensino \u00e0 dist\u00e2ncia<\/strong><\/p>\n","protected":false},"featured_media":5905,"comment_status":"closed","ping_status":"closed","template":"","meta":[],"product_brand":[],"product_cat":[115,114],"product_tag":[],"class_list":{"0":"post-5904","1":"product","2":"type-product","3":"status-publish","4":"has-post-thumbnail","6":"product_cat-gratuito","7":"product_cat-pdf","9":"first","10":"instock","11":"downloadable","12":"sold-individually","13":"shipping-taxable","14":"purchasable","15":"product-type-simple"},"_links":{"self":[{"href":"https:\/\/fotografiaportugal.pt\/site\/wp-json\/wp\/v2\/product\/5904","targetHints":{"allow":["GET"]}}],"collection":[{"href":"https:\/\/fotografiaportugal.pt\/site\/wp-json\/wp\/v2\/product"}],"about":[{"href":"https:\/\/fotografiaportugal.pt\/site\/wp-json\/wp\/v2\/types\/product"}],"replies":[{"embeddable":true,"href":"https:\/\/fotografiaportugal.pt\/site\/wp-json\/wp\/v2\/comments?post=5904"}],"wp:featuredmedia":[{"embeddable":true,"href":"https:\/\/fotografiaportugal.pt\/site\/wp-json\/wp\/v2\/media\/5905"}],"wp:attachment":[{"href":"https:\/\/fotografiaportugal.pt\/site\/wp-json\/wp\/v2\/media?parent=5904"}],"wp:term":[{"taxonomy":"product_brand","embeddable":true,"href":"https:\/\/fotografiaportugal.pt\/site\/wp-json\/wp\/v2\/product_brand?post=5904"},{"taxonomy":"product_cat","embeddable":true,"href":"https:\/\/fotografiaportugal.pt\/site\/wp-json\/wp\/v2\/product_cat?post=5904"},{"taxonomy":"product_tag","embeddable":true,"href":"https:\/\/fotografiaportugal.pt\/site\/wp-json\/wp\/v2\/product_tag?post=5904"}],"curies":[{"name":"wp","href":"https:\/\/api.w.org\/{rel}","templated":true}]}}