{"id":784,"date":"2015-06-13T16:16:21","date_gmt":"2015-06-13T16:16:21","guid":{"rendered":"http:\/\/fotografiaportugal.pt\/site\/?post_type=product&#038;p=784"},"modified":"2024-12-12T11:56:20","modified_gmt":"2024-12-12T11:56:20","slug":"se-de-braga-nove-seculos-de-historia-braga-cathedral-nine-centuries-of-history","status":"publish","type":"product","link":"https:\/\/fotografiaportugal.pt\/site\/shop\/especial-braga\/se-de-braga-nove-seculos-de-historia-braga-cathedral-nine-centuries-of-history\/","title":{"rendered":"S\u00e9 de Braga \u2013 Nove S\u00e9culos de Hist\u00f3ria \/ Braga Cathedral \u2013 Nine Centuries Of History"},"content":{"rendered":"<p><strong>S\u00e9 de Braga \u2014 Nove S\u00e9culos de Hist\u00f3ria \/ Braga Cathedral \u2013 Nine Centuries Of History<\/strong><\/p>\n<p><img loading=\"lazy\" decoding=\"async\" class=\"alignnone size-medium wp-image-586\" src=\"https:\/\/fotografiaportugal.pt\/site\/wp-content\/uploads\/2015\/05\/capa-livro-ca-se_de_braga_1000px-225x300.jpg\" alt=\"capa-livro-ca-se_de_braga_1000px\" width=\"225\" height=\"300\" srcset=\"https:\/\/fotografiaportugal.pt\/site\/wp-content\/uploads\/2015\/05\/capa-livro-ca-se_de_braga_1000px-225x300.jpg 225w, https:\/\/fotografiaportugal.pt\/site\/wp-content\/uploads\/2015\/05\/capa-livro-ca-se_de_braga_1000px-140x186.jpg 140w, https:\/\/fotografiaportugal.pt\/site\/wp-content\/uploads\/2015\/05\/capa-livro-ca-se_de_braga_1000px.jpg 752w\" sizes=\"auto, (max-width: 225px) 100vw, 225px\" \/><\/p>\n<p>&nbsp;<\/p>\n<table>\n<tbody>\n<tr>\n<td width=\"225\"><strong>Fotografia \/ Photography<\/strong>:<\/td>\n<td width=\"352\">Lib\u00f3rio Manuel Silva<\/td>\n<\/tr>\n<tr>\n<td width=\"225\"><strong>Introdu\u00e7\u00e3o\/ Introduction<\/strong>:<\/td>\n<td width=\"352\">Jos\u00e9 Marques<\/td>\n<\/tr>\n<tr>\n<td width=\"225\"><strong>Pref\u00e1cio \/ Foreword<\/strong>:<\/td>\n<td width=\"352\">Dom Jorge Ortiga<\/td>\n<\/tr>\n<tr>\n<td width=\"225\">1.a edi\u00e7\u00e3o \/ 1stedition:<\/td>\n<td width=\"352\">Maio, 2015<\/td>\n<\/tr>\n<tr>\n<td width=\"225\">ISBN:<\/td>\n<td width=\"352\">978-989-615-201-7<\/td>\n<\/tr>\n<tr>\n<td width=\"225\">Pre\u00e7o \/ Price:<\/td>\n<td width=\"352\">28,00 Euros<\/td>\n<\/tr>\n<tr>\n<td width=\"225\">P\u00e1gs.:<\/td>\n<td width=\"352\">152<\/td>\n<\/tr>\n<\/tbody>\n<\/table>\n<p><strong>\u00cdndice \/ Contents:<\/strong><\/p>\n<p>Pref\u00e1cio \/ Foreword<\/p>\n<p>Dom Jorge Ortiga (Arcebispo Primaz \/ Archbishopof Braga and Primate ofAll Portugal)<\/p>\n<p>Introdu\u00e7\u00e3o \/ Introduction<\/p>\n<p>Jos\u00e9 Marques, Ph.D. (C\u00f3nego \/ Canon)<\/p>\n<p>Imagens da S\u00e9 de Braga \/ Braga Cathedral photography<\/p>\n<p>Lib\u00f3rio Manuel Silva<\/p>\n<ul>\n<li>Catedral \u2013 Exteriores \/ Cathedral \u2212 Exterior<\/li>\n<li>Catedral \u2013 Interiores \/ Cathedral \u2212 Interior<\/li>\n<li>\u00d3rg\u00e3os e Coro Alto \/ Organsand Upper Choir<\/li>\n<li>Capelas Tumulares \/ Sepulchral Chapels<\/li>\n<li>Tesouro-Museu da S\u00e9 de Braga \/ Treasury Museum of Braga Cathedral<\/li>\n<\/ul>\n<p><strong>S\u00e9 de Braga &#8211; Nove S\u00e9culos de Hist\u00f3ria<\/strong> convida os leitores a visitarem a mais antiga catedral portuguesa, deslumbrando-os perante a beleza austera que a caracteriza e maravilhando-os com algumas das mais not\u00e1veis obras de arte do seu Tesouro-Museu.<\/p>\n<p>Em mais de cem imagens, o autor, &#8220;fot\u00f3grafo de excep\u00e7\u00e3o, que j\u00e1 nos tinha revelado algumas das principais bibliotecas hist\u00f3ricas portuguesas como nunca as t\u00ednhamos visto e ajudado a redescobrir a arte de Andr\u00e9 Soares&#8221;, desta vez com a erudita colabora\u00e7\u00e3o do eminente historiador respons\u00e1vel pelo texto de Introdu\u00e7\u00e3o, proporciona-nos uma viagem, com quase mil anos, pela riqu\u00edssima hist\u00f3ria da Catedral de Santa Maria de Braga.<\/p>\n<p><strong>Braga Cathedral\u2013 Nine Centuries of History<\/strong> invites readers to visit the oldest cathedral in Portugal, which will undoubtedly impress with its austere beauty and offer the opportunity to marvel at the outstanding artwork sheld in its Treasury Museum.<\/p>\n<p>Through more than one hundred images, the author \u2013 \u2018an exceptional photographer who has previously revealed in a fresh light some of the principal Portuguese historic libraries, and helped rediscover the art of Andr\u00e9 Soares\u2019 \u2013 in an erudite collaboration with the eminent historian who contributed the introductory text, presents a tour through the unique and rich history of the Cathedral of Santa Maria of Braga across almost one thousand years.<\/p>\n<p>Lib\u00f3rio Manuel Silva \u00e9 editor do Centro Atl\u00e2ntico, empreendedor e um grande apaixonado por fotografia de cultura e patrim\u00f3nio.<\/p>\n<p>\u00c9 autor de cerca de 30 livros \u2013 em tr\u00eas editoras \u2013 sobre Hist\u00f3ria do Livro, Arte, Fernando Pessoa, Gest\u00e3o e Tecnologias, e de mais de 100 artigos publicados nos principais jornais e revistas portugueses. Fundou e dirigiu tr\u00eas revistas.<\/p>\n<p>Fruto de um longo trabalho de investiga\u00e7\u00e3o, prepara a publica\u00e7\u00e3o do segundo volume da sua obra seminal:\u00a0<strong><a href=\"https:\/\/fotografiaportugal.pt\/site\/shop\/livros\/bibliotecas-maravilhas-de-portugal-libraries-wonders-of-portugal-vol-i\/\" target=\"_blank\" rel=\"noopener\">Bibliotecas \u2013 Maravilhas de Portugal<\/a>\u00a0\/ <a href=\"https:\/\/fotografiaportugal.pt\/site\/shop\/livros\/bibliotecas-maravilhas-de-portugal-libraries-wonders-of-portugal-vol-i\/\" target=\"_blank\" rel=\"noopener\">Libraries \u2013 Wonders of Portugal<\/a><\/strong>.<\/p>\n<p>Em Portugal, foi precursor da forma\u00e7\u00e3o em Internet (1994) e da cria\u00e7\u00e3o e distribui\u00e7\u00e3o de e-books (1999).<\/p>\n<p>Tem dez anos de experi\u00eancia como docente no ensino superior, uma p\u00f3s-gradua\u00e7\u00e3o em Gest\u00e3o, uma outra, internacional (EUA, Fran\u00e7a, Coreia do Sul e Jap\u00e3o), em Excel\u00eancia nos Servi\u00e7os e ainda a frequ\u00eancia num MBA de Com\u00e9rcio Internacional.<\/p>\n<p>Come\u00e7ou a fotografar muito cedo, tendo recebido forma\u00e7\u00e3o na Cooperativa \u00c1rvore, o que o motivou para a cria\u00e7\u00e3o de um laborat\u00f3rio fotogr\u00e1fico dom\u00e9stico.<\/p>\n<p>Os seus dois filhos s\u00e3o a sua principal fonte de inspira\u00e7\u00e3o.<\/p>\n<p>Lib\u00f3rio Manuel Silva, founding editor of Portuguese publisher Centro Atl\u00e2ntico, is an entrepreneur with a great love of cultural and heritage photography.<\/p>\n<p>The author of some thirty books\u2013 with three different publishers \u2013on subjects such as the History of the Book, Art, Fernando Pessoa, Management and Technology, and over one hundred articles published in leading Portuguese newspapers and magazines. He both founded and directed three magazines.<\/p>\n<p>Presently Lib\u00f3rio Manuel Silva is preparing for publication the second volume of his seminal work: <strong><a href=\"https:\/\/fotografiaportugal.pt\/site\/shop\/livros\/bibliotecas-maravilhas-de-portugal-libraries-wonders-of-portugal-vol-i\/\" target=\"_blank\" rel=\"noopener\">Libraries\u2013 Wonders of Portugal<\/a><\/strong>, the culmination of extended research.<\/p>\n<p>In Portugal, he is known as a pioneer of Internet training (1994) and of the creation and distribution of e-books (1999).<\/p>\n<p>With ten years\u2019 experience as a teacher in higher education, he holds a postgraduate qualification in Management, an international postgraduate certificate (USA, France, South Korea and Japan) in Service Excellence, and he attended an MBA in International Commerce.<\/p>\n<p>Lib\u00f3rio Manuel Silva took up photography at very young age and following study at the Cooperativa \u00c1rvore in Oporto, he created a photographic laboratory at home.<\/p>\n<p>His two sons are his main source of inspiration.<\/p>\n","protected":false},"excerpt":{"rendered":"<p><strong>S\u00e9 de Braga &#8211; Nove S\u00e9culos de Hist\u00f3ria<\/strong> convida os leitores a visitarem a mais antiga catedral portuguesa, deslumbrando-os perante a beleza austera que a caracteriza e maravilhando-os com algumas das mais not\u00e1veis obras de arte do seu Tesouro-Museu.<\/p>\n<p><strong>Braga Cathedral\u2013 Nine Centuries of History<\/strong> invites readers to visit the oldest cathedral in Portugal, which will undoubtedly impress with its austere beauty and offer the opportunity to marvel at the outstanding artwork sheld in its Treasury Museum.<\/p>\n<p><strong>Portes gr\u00e1tis<\/strong> na entrega em qualquer ponto de Portugal.<\/p>\n<p><strong>Oferta<\/strong> de um marcador juntamente com cada exemplar do livro \u00ab<strong>FOTOPortugal \/ PHOTOPortugal<\/strong>\u00bb.<\/p>\n<p><strong>10% de desconto<\/strong><\/p>\n<p>Envio com entrega expresso &#8211; para encomendas com um m\u00ednimo de 5 exemplares.<\/p>\n<p>Entretanto, caso tenham interesse em nos solicitar uma <strong>proposta de aquisi\u00e7\u00e3o <\/strong>de exemplares desta obra, em<strong> condi\u00e7\u00f5es muito especiais <\/strong>para <strong>empresas <\/strong>e <strong>entidades<\/strong>, em condi\u00e7\u00f5es e quantidades a acordar, queiram por favor entrar em contacto connosco para o email: <a href=\"mailto:info@fotografiaportugal.pt\">info@fotografiaportugal.pt<\/a><\/p>\n","protected":false},"featured_media":3643,"comment_status":"closed","ping_status":"closed","template":"","meta":[],"product_brand":[],"product_cat":[130,181],"product_tag":[35,31,79,15,20],"class_list":{"0":"post-784","1":"product","2":"type-product","3":"status-publish","4":"has-post-thumbnail","6":"product_cat-especial-braga","7":"product_cat-liborio-manuel-silva","8":"product_tag-arquitectura","9":"product_tag-braga","10":"product_tag-catedral","11":"product_tag-fotografia","12":"product_tag-imagem","14":"first","15":"outofstock","16":"shipping-taxable","17":"purchasable","18":"product-type-simple"},"_links":{"self":[{"href":"https:\/\/fotografiaportugal.pt\/site\/wp-json\/wp\/v2\/product\/784","targetHints":{"allow":["GET"]}}],"collection":[{"href":"https:\/\/fotografiaportugal.pt\/site\/wp-json\/wp\/v2\/product"}],"about":[{"href":"https:\/\/fotografiaportugal.pt\/site\/wp-json\/wp\/v2\/types\/product"}],"replies":[{"embeddable":true,"href":"https:\/\/fotografiaportugal.pt\/site\/wp-json\/wp\/v2\/comments?post=784"}],"wp:featuredmedia":[{"embeddable":true,"href":"https:\/\/fotografiaportugal.pt\/site\/wp-json\/wp\/v2\/media\/3643"}],"wp:attachment":[{"href":"https:\/\/fotografiaportugal.pt\/site\/wp-json\/wp\/v2\/media?parent=784"}],"wp:term":[{"taxonomy":"product_brand","embeddable":true,"href":"https:\/\/fotografiaportugal.pt\/site\/wp-json\/wp\/v2\/product_brand?post=784"},{"taxonomy":"product_cat","embeddable":true,"href":"https:\/\/fotografiaportugal.pt\/site\/wp-json\/wp\/v2\/product_cat?post=784"},{"taxonomy":"product_tag","embeddable":true,"href":"https:\/\/fotografiaportugal.pt\/site\/wp-json\/wp\/v2\/product_tag?post=784"}],"curies":[{"name":"wp","href":"https:\/\/api.w.org\/{rel}","templated":true}]}}

Sé de Braga – Nove Séculos de História / Braga Cathedral – Nine Centuries Of History

<p><strong>Sé de Braga — Nove Séculos de História / Braga Cathedral – Nine Centuries Of History</strong></p>
<p><img loading="lazy" decoding="async" class="alignnone size-medium wp-image-586" src="https://fotografiaportugal.pt/site/wp-content/uploads/2015/05/capa-livro-ca-se_de_braga_1000px-225x300.jpg" alt="capa-livro-ca-se_de_braga_1000px" width="225" height="300" srcset="https://fotografiaportugal.pt/site/wp-content/uploads/2015/05/capa-livro-ca-se_de_braga_1000px-225x300.jpg 225w, https://fotografiaportugal.pt/site/wp-content/uploads/2015/05/capa-livro-ca-se_de_braga_1000px-140x186.jpg 140w, https://fotografiaportugal.pt/site/wp-content/uploads/2015/05/capa-livro-ca-se_de_braga_1000px.jpg 752w" sizes="auto, (max-width: 225px) 100vw, 225px" /></p>
<p>&nbsp;</p>
<table>
<tbody>
<tr>
<td width="225"><strong>Fotografia / Photography</strong>:</td>
<td width="352">Libório Manuel Silva</td>
</tr>
<tr>
<td width="225"><strong>Introdução/ Introduction</strong>:</td>
<td width="352">José Marques</td>
</tr>
<tr>
<td width="225"><strong>Prefácio / Foreword</strong>:</td>
<td width="352">Dom Jorge Ortiga</td>
</tr>
<tr>
<td width="225">1.a edição / 1stedition:</td>
<td width="352">Maio, 2015</td>
</tr>
<tr>
<td width="225">ISBN:</td>
<td width="352">978-989-615-201-7</td>
</tr>
<tr>
<td width="225">Preço / Price:</td>
<td width="352">28,00 Euros</td>
</tr>
<tr>
<td width="225">Págs.:</td>
<td width="352">152</td>
</tr>
</tbody>
</table>
<p><strong>Índice / Contents:</strong></p>
<p>Prefácio / Foreword</p>
<p>Dom Jorge Ortiga (Arcebispo Primaz / Archbishopof Braga and Primate ofAll Portugal)</p>
<p>Introdução / Introduction</p>
<p>José Marques, Ph.D. (Cónego / Canon)</p>
<p>Imagens da Sé de Braga / Braga Cathedral photography</p>
<p>Libório Manuel Silva</p>
<ul>
<li>Catedral – Exteriores / Cathedral − Exterior</li>
<li>Catedral – Interiores / Cathedral − Interior</li>
<li>Órgãos e Coro Alto / Organsand Upper Choir</li>
<li>Capelas Tumulares / Sepulchral Chapels</li>
<li>Tesouro-Museu da Sé de Braga / Treasury Museum of Braga Cathedral</li>
</ul>
<p><strong>Sé de Braga &#8211; Nove Séculos de História</strong> convida os leitores a visitarem a mais antiga catedral portuguesa, deslumbrando-os perante a beleza austera que a caracteriza e maravilhando-os com algumas das mais notáveis obras de arte do seu Tesouro-Museu.</p>
<p>Em mais de cem imagens, o autor, &#8220;fotógrafo de excepção, que já nos tinha revelado algumas das principais bibliotecas históricas portuguesas como nunca as tínhamos visto e ajudado a redescobrir a arte de André Soares&#8221;, desta vez com a erudita colaboração do eminente historiador responsável pelo texto de Introdução, proporciona-nos uma viagem, com quase mil anos, pela riquíssima história da Catedral de Santa Maria de Braga.</p>
<p><strong>Braga Cathedral– Nine Centuries of History</strong> invites readers to visit the oldest cathedral in Portugal, which will undoubtedly impress with its austere beauty and offer the opportunity to marvel at the outstanding artwork sheld in its Treasury Museum.</p>
<p>Through more than one hundred images, the author – ‘an exceptional photographer who has previously revealed in a fresh light some of the principal Portuguese historic libraries, and helped rediscover the art of André Soares’ – in an erudite collaboration with the eminent historian who contributed the introductory text, presents a tour through the unique and rich history of the Cathedral of Santa Maria of Braga across almost one thousand years.</p>
<p>Libório Manuel Silva é editor do Centro Atlântico, empreendedor e um grande apaixonado por fotografia de cultura e património.</p>
<p>É autor de cerca de 30 livros – em três editoras – sobre História do Livro, Arte, Fernando Pessoa, Gestão e Tecnologias, e de mais de 100 artigos publicados nos principais jornais e revistas portugueses. Fundou e dirigiu três revistas.</p>
<p>Fruto de um longo trabalho de investigação, prepara a publicação do segundo volume da sua obra seminal: <strong><a href="https://fotografiaportugal.pt/site/shop/livros/bibliotecas-maravilhas-de-portugal-libraries-wonders-of-portugal-vol-i/" target="_blank" rel="noopener">Bibliotecas – Maravilhas de Portugal</a> / <a href="https://fotografiaportugal.pt/site/shop/livros/bibliotecas-maravilhas-de-portugal-libraries-wonders-of-portugal-vol-i/" target="_blank" rel="noopener">Libraries – Wonders of Portugal</a></strong>.</p>
<p>Em Portugal, foi precursor da formação em Internet (1994) e da criação e distribuição de e-books (1999).</p>
<p>Tem dez anos de experiência como docente no ensino superior, uma pós-graduação em Gestão, uma outra, internacional (EUA, França, Coreia do Sul e Japão), em Excelência nos Serviços e ainda a frequência num MBA de Comércio Internacional.</p>
<p>Começou a fotografar muito cedo, tendo recebido formação na Cooperativa Árvore, o que o motivou para a criação de um laboratório fotográfico doméstico.</p>
<p>Os seus dois filhos são a sua principal fonte de inspiração.</p>
<p>Libório Manuel Silva, founding editor of Portuguese publisher Centro Atlântico, is an entrepreneur with a great love of cultural and heritage photography.</p>
<p>The author of some thirty books– with three different publishers –on subjects such as the History of the Book, Art, Fernando Pessoa, Management and Technology, and over one hundred articles published in leading Portuguese newspapers and magazines. He both founded and directed three magazines.</p>
<p>Presently Libório Manuel Silva is preparing for publication the second volume of his seminal work: <strong><a href="https://fotografiaportugal.pt/site/shop/livros/bibliotecas-maravilhas-de-portugal-libraries-wonders-of-portugal-vol-i/" target="_blank" rel="noopener">Libraries– Wonders of Portugal</a></strong>, the culmination of extended research.</p>
<p>In Portugal, he is known as a pioneer of Internet training (1994) and of the creation and distribution of e-books (1999).</p>
<p>With ten years’ experience as a teacher in higher education, he holds a postgraduate qualification in Management, an international postgraduate certificate (USA, France, South Korea and Japan) in Service Excellence, and he attended an MBA in International Commerce.</p>
<p>Libório Manuel Silva took up photography at very young age and following study at the Cooperativa Árvore in Oporto, he created a photographic laboratory at home.</p>
<p>His two sons are his main source of inspiration.</p>

<p><strong>Sé de Braga &#8211; Nove Séculos de História</strong> convida os leitores a visitarem a mais antiga catedral portuguesa, deslumbrando-os perante a beleza austera que a caracteriza e maravilhando-os com algumas das mais notáveis obras de arte do seu Tesouro-Museu.</p>
<p><strong>Braga Cathedral– Nine Centuries of History</strong> invites readers to visit the oldest cathedral in Portugal, which will undoubtedly impress with its austere beauty and offer the opportunity to marvel at the outstanding artwork sheld in its Treasury Museum.</p>
<p><strong>Portes grátis</strong> na entrega em qualquer ponto de Portugal.</p>
<p><strong>Oferta</strong> de um marcador juntamente com cada exemplar do livro «<strong>FOTOPortugal / PHOTOPortugal</strong>».</p>
<p><strong>10% de desconto</strong></p>
<p>Envio com entrega expresso &#8211; para encomendas com um mínimo de 5 exemplares.</p>
<p>Entretanto, caso tenham interesse em nos solicitar uma <strong>proposta de aquisição </strong>de exemplares desta obra, em<strong> condições muito especiais </strong>para <strong>empresas </strong>e <strong>entidades</strong>, em condições e quantidades a acordar, queiram por favor entrar em contacto connosco para o email: <a href="mailto:info@fotografiaportugal.pt">info@fotografiaportugal.pt</a></p>
