{"id":872,"date":"2015-07-23T22:45:11","date_gmt":"2015-07-23T22:45:11","guid":{"rendered":"http:\/\/fotografiaportugal.pt\/site\/?post_type=product&#038;p=872"},"modified":"2022-01-03T11:01:41","modified_gmt":"2022-01-03T11:01:41","slug":"fotocomposicao-principios-tecnicas-e-inspiracao-para-criar-fotografias-unicas","status":"publish","type":"product","link":"https:\/\/fotografiaportugal.pt\/site\/shop\/livros\/fotocomposicao-principios-tecnicas-e-inspiracao-para-criar-fotografias-unicas\/","title":{"rendered":"FOTOcomposi\u00e7\u00e3o \u2013 Princ\u00edpios, T\u00e9cnicas e Inspira\u00e7\u00e3o para criar fotografias \u00fanicas"},"content":{"rendered":"<p><img loading=\"lazy\" decoding=\"async\" class=\"alignnone size-medium wp-image-873\" src=\"https:\/\/fotografiaportugal.pt\/site\/wp-content\/uploads\/2015\/07\/capa-livro-ca-fotocomposicao-1000px-300x297.jpg\" alt=\"capa-livro-ca-fotocomposicao-1000px\" width=\"300\" height=\"297\" srcset=\"https:\/\/fotografiaportugal.pt\/site\/wp-content\/uploads\/2015\/07\/capa-livro-ca-fotocomposicao-1000px-300x297.jpg 300w, https:\/\/fotografiaportugal.pt\/site\/wp-content\/uploads\/2015\/07\/capa-livro-ca-fotocomposicao-1000px-150x150.jpg 150w, https:\/\/fotografiaportugal.pt\/site\/wp-content\/uploads\/2015\/07\/capa-livro-ca-fotocomposicao-1000px-188x186.jpg 188w, https:\/\/fotografiaportugal.pt\/site\/wp-content\/uploads\/2015\/07\/capa-livro-ca-fotocomposicao-1000px.jpg 1000w\" sizes=\"auto, (max-width: 300px) 100vw, 300px\" \/><\/p>\n<p><strong><b>FOTOcomposi\u00e7\u00e3o \u2013 Princ\u00edpios, T\u00e9cnicas e Inspira\u00e7\u00e3o para criar fotografias \u00fanicas<\/b><\/strong><\/p>\n<p>Autor: Joel Santos<\/p>\n<p>ISBN: 978-989-615-203-1<\/p>\n<p>152 p\u00e1gs.\u00a0(a cores)<\/p>\n<p>PVP: 18,90 Eur<\/p>\n<p>O QUE \u00c9 QUE TORNA UMA FOTOGRAFIA ESPECIAL? DESCUBRA OS PRINC\u00cdPIOS, AS REGRAS E AS T\u00c9CNICAS DE COMPOSI\u00c7\u00c3O QUE O AJUDAR\u00c3O A ENCONTRAR AS RESPOSTAS QUE PRECISA, ABORDANDO TEMAS FOTOGR\u00c1FICOS DE UMA FORMA ORIGINAL, CRIATIVA E APAIXONADA.<\/p>\n<p>Do autor do livro <em><i>best-seller<\/i><\/em> <strong><b>FOTOgrafia \u2014<\/b><\/strong> <strong><b>Luz, Exposi\u00e7\u00e3o, Composi\u00e7\u00e3o e Equipamento<\/b><\/strong>, esta obra incontorn\u00e1vel revela os princ\u00edpios da percep\u00e7\u00e3o e da composi\u00e7\u00e3o respons\u00e1veis pela gratifica\u00e7\u00e3o visual e mental que sentimos ao observar uma imagem. Com base nesse conhecimento, o leitor poder\u00e1 criar composi\u00e7\u00f5es mais eficazes e, consequentemente, fazer fotografias \u00fanicas.<\/p>\n<p>De uma forma estruturada e apelativa, o<strong><b> FOTOcomposi\u00e7\u00e3o<\/b><\/strong> aponta e desenvolve os factores cr\u00edticos para o sucesso de uma composi\u00e7\u00e3o fotogr\u00e1fica \u2014 Motivo, Elementos de apoio, Mensagem, Luz, T\u00e9cnica fotogr\u00e1fica e Reac\u00e7\u00e3o emocional duradoura \u2014, sem esquecer o papel complementar da edi\u00e7\u00e3o de imagem.<\/p>\n<p>Cada p\u00e1gina tem a inten\u00e7\u00e3o clara de empolgar o leitor pela fotografia, partilhando exemplos estimulantes, indicando-lhe novos caminhos e soltando as amarras da inspira\u00e7\u00e3o, tudo para que a sua vis\u00e3o, estilo e criatividade inimit\u00e1veis sejam plenamente exploradas.<\/p>\n<p>Se uma boa fotografia \u00e9 aquela que fica para sempre na nossa mem\u00f3ria, ent\u00e3o o <strong><b>FOTOcomposi\u00e7\u00e3o<\/b><\/strong> ir\u00e1 ajud\u00e1-lo a criar imagens inesquec\u00edveis.<\/p>\n<h1 align=\"justify\"><span style=\"color: #546b8b;\"><b>O LIVRO<\/b><\/span><\/h1>\n<p align=\"justify\"><b>Efic\u00e1cia da Composi\u00e7\u00e3o<\/b><br \/>\nExplore os seis factores cr\u00edticos para o sucesso de uma composi\u00e7\u00e3o fotogr\u00e1fica: Motivo, Elementos de apoio, Mensagem, Luz, T\u00e9cnica fotogr\u00e1fica e Reac\u00e7\u00e3o emocional duradoura.<\/p>\n<p align=\"justify\">P<b>rinc\u00edpios da Percep\u00e7\u00e3o<\/b><br \/>\nDescubra os princ\u00edpios da percep\u00e7\u00e3o \u2013 Similaridade, Proximidade, Continuidade, Encerramento, Simetria e Figura\/Fundo \u2013, essenciais para perceber o que gera satisfa\u00e7\u00e3o mental ao observar uma imagem.<\/p>\n<p align=\"justify\"><b>Princ\u00edpios da Composi\u00e7\u00e3o<\/b><br \/>\nAplique as ideias transmitidas pelas Regras Cl\u00e1ssicas, pelos princ\u00edpios de Design e pelas no\u00e7\u00f5es de Peso Visual \u00e0s suas fotografias, criando composi\u00e7\u00f5es que realmente expressam a sua vis\u00e3o, estilo e prop\u00f3sito fotogr\u00e1ficos.<\/p>\n<p align=\"justify\"><b>Escrever com a Luz<\/b><br \/>\nDomine a principal mat\u00e9ria-prima da fotografia: a luz. Sem uma boa luz \u00e9 imposs\u00edvel obter composi\u00e7\u00f5es inimit\u00e1veis, pelo que \u00e9 crucial perceber e explorar a sua cor, direc\u00e7\u00e3o e intensidade.<\/p>\n<p align=\"justify\"><b>T\u00e9cnica Fotogr\u00e1fica<\/b><br \/>\nTire partido do seu equipamento e acess\u00f3rios fotogr\u00e1ficos para criar composi\u00e7\u00f5es eficazes, dominando temas como a exposi\u00e7\u00e3o, a profundidade de campo, o uso de filtros e, tamb\u00e9m, o seu sentido de oportunidade e planeamento.<\/p>\n<p align=\"justify\"><b>Edi\u00e7\u00e3o de Imagem<\/b><br \/>\nSaiba quais s\u00e3o as principais ferramentas de edi\u00e7\u00e3o ao servi\u00e7o da composi\u00e7\u00e3o, pois uma fotografia nem sempre ficar\u00e1 conclu\u00edda no terreno, quer pelos desafios sentidos nesse momento, quer pela necessidade de explorar ainda mais a sua criatividade.<\/p>\n<p align=\"justify\"><b>Fotografias Inesquec\u00edveis<\/b><br \/>\nCrie imagens \u00fanicas, pois uma boa fotografia \u00e9 aquela que, ao ser observada, fica para sempre na nossa mem\u00f3ria. Atrav\u00e9s de exemplos estimulantes e de uma linguagem intuitiva, o FOTOcomposi\u00e7\u00e3o ir\u00e1 ajud\u00e1-lo a conseguir isso mesmo.<\/p>\n<p align=\"justify\">O novo livro\u00a0&#8220;<strong>FOTOcomposi\u00e7\u00e3o \u2013 Princ\u00edpios, T\u00e9cnicas e Inspira\u00e7\u00e3o para criar fotografias \u00fanicas<\/strong>&#8220;<\/p>\n<p><a href=\"https:\/\/fotografiaportugal.pt\/site\/categoria-produto\/especial-fotocomposicao\/\"><img loading=\"lazy\" decoding=\"async\" class=\"alignnone size-medium wp-image-1105\" src=\"https:\/\/fotografiaportugal.pt\/site\/wp-content\/uploads\/2015\/08\/01-FOTOcomposicao-duplaabertura-cap-Intr-300x149.jpg\" alt=\"01 FOTOcomposicao-duplaabertura-cap-Intr\" width=\"300\" height=\"149\" srcset=\"https:\/\/fotografiaportugal.pt\/site\/wp-content\/uploads\/2015\/08\/01-FOTOcomposicao-duplaabertura-cap-Intr-300x149.jpg 300w, https:\/\/fotografiaportugal.pt\/site\/wp-content\/uploads\/2015\/08\/01-FOTOcomposicao-duplaabertura-cap-Intr-1024x509.jpg 1024w, https:\/\/fotografiaportugal.pt\/site\/wp-content\/uploads\/2015\/08\/01-FOTOcomposicao-duplaabertura-cap-Intr-372x186.jpg 372w, https:\/\/fotografiaportugal.pt\/site\/wp-content\/uploads\/2015\/08\/01-FOTOcomposicao-duplaabertura-cap-Intr-100x50.jpg 100w, https:\/\/fotografiaportugal.pt\/site\/wp-content\/uploads\/2015\/08\/01-FOTOcomposicao-duplaabertura-cap-Intr.jpg 1861w\" sizes=\"auto, (max-width: 300px) 100vw, 300px\" \/><\/a><\/p>\n<p>Dando in\u00edcio a uma breve antevis\u00e3o do novo livro &#8220;<strong>FOTOcomposi\u00e7\u00e3o \u2013 Princ\u00edpios, T\u00e9cnicas e Inspira\u00e7\u00e3o para criar fotografias \u00fanicas<\/strong>&#8220;, este come\u00e7a por explorar os seis factores cr\u00edticos para o sucesso de uma composi\u00e7\u00e3o fotogr\u00e1fica:<\/p>\n<p><a href=\"https:\/\/fotografiaportugal.pt\/site\/categoria-produto\/especial-fotocomposicao\/\"><img loading=\"lazy\" decoding=\"async\" class=\"alignnone size-medium wp-image-1106\" src=\"https:\/\/fotografiaportugal.pt\/site\/wp-content\/uploads\/2015\/08\/02-FOTOcomposicao-duplaabertura-cap-Eficacia-300x149.jpg\" alt=\"02 FOTOcomposicao-duplaabertura-cap-Eficacia\" width=\"300\" height=\"149\" srcset=\"https:\/\/fotografiaportugal.pt\/site\/wp-content\/uploads\/2015\/08\/02-FOTOcomposicao-duplaabertura-cap-Eficacia-300x149.jpg 300w, https:\/\/fotografiaportugal.pt\/site\/wp-content\/uploads\/2015\/08\/02-FOTOcomposicao-duplaabertura-cap-Eficacia-1024x508.jpg 1024w, https:\/\/fotografiaportugal.pt\/site\/wp-content\/uploads\/2015\/08\/02-FOTOcomposicao-duplaabertura-cap-Eficacia-372x186.jpg 372w, https:\/\/fotografiaportugal.pt\/site\/wp-content\/uploads\/2015\/08\/02-FOTOcomposicao-duplaabertura-cap-Eficacia-100x50.jpg 100w, https:\/\/fotografiaportugal.pt\/site\/wp-content\/uploads\/2015\/08\/02-FOTOcomposicao-duplaabertura-cap-Eficacia.jpg 1859w\" sizes=\"auto, (max-width: 300px) 100vw, 300px\" \/><\/a><\/p>\n<p><strong>Motivo<\/strong>, <strong>Elementos de apoio<\/strong>, <strong>Mensagem<\/strong>, <strong>Luz<\/strong>, <strong>T\u00e9cnica fotogr\u00e1fica<\/strong> e <strong>Reac\u00e7\u00e3o emocional duradoura<\/strong>.<\/p>\n<p><a href=\"https:\/\/fotografiaportugal.pt\/site\/categoria-produto\/especial-fotocomposicao\/\"><img loading=\"lazy\" decoding=\"async\" class=\"alignnone size-medium wp-image-1107\" src=\"https:\/\/fotografiaportugal.pt\/site\/wp-content\/uploads\/2015\/08\/03-FOTOcomposicao-duplaabertura-cap-Principios-300x149.jpg\" alt=\"03 FOTOcomposicao-duplaabertura-cap-Principios\" width=\"300\" height=\"149\" srcset=\"https:\/\/fotografiaportugal.pt\/site\/wp-content\/uploads\/2015\/08\/03-FOTOcomposicao-duplaabertura-cap-Principios-300x149.jpg 300w, https:\/\/fotografiaportugal.pt\/site\/wp-content\/uploads\/2015\/08\/03-FOTOcomposicao-duplaabertura-cap-Principios-1024x509.jpg 1024w, https:\/\/fotografiaportugal.pt\/site\/wp-content\/uploads\/2015\/08\/03-FOTOcomposicao-duplaabertura-cap-Principios-372x186.jpg 372w, https:\/\/fotografiaportugal.pt\/site\/wp-content\/uploads\/2015\/08\/03-FOTOcomposicao-duplaabertura-cap-Principios-100x50.jpg 100w, https:\/\/fotografiaportugal.pt\/site\/wp-content\/uploads\/2015\/08\/03-FOTOcomposicao-duplaabertura-cap-Principios.jpg 1861w\" sizes=\"auto, (max-width: 300px) 100vw, 300px\" \/><\/a><\/p>\n<p>Prosseguindo com a breve antevis\u00e3o do novo livro &#8220;<strong>FOTOcomposi\u00e7\u00e3o \u2013 Princ\u00edpios, T\u00e9cnicas e Inspira\u00e7\u00e3o para criar fotografias \u00fanicas<\/strong>&#8220;, este tamb\u00e9m revela os Princ\u00edpios da Percep\u00e7\u00e3o \u2013 <strong>Similaridade<\/strong>, <strong>Proximidade<\/strong>, <strong>Continuidade<\/strong>, <strong>Encerramento<\/strong>, <strong>Simetria<\/strong> e <strong>Figura\/Fundo<\/strong> \u2013, essenciais para perceber o que gera satisfa\u00e7\u00e3o mental ao observar uma imagem, assim como a relev\u00e2ncia das experi\u00eancias passadas na forma como se interpreta uma composi\u00e7\u00e3o. Esta ser\u00e1 a base para aplicar eficazmente diversos princ\u00edpios de composi\u00e7\u00e3o.<\/p>\n<p><a href=\"https:\/\/fotografiaportugal.pt\/site\/categoria-produto\/especial-fotocomposicao\/\"><img loading=\"lazy\" decoding=\"async\" class=\"alignnone size-medium wp-image-1108\" src=\"https:\/\/fotografiaportugal.pt\/site\/wp-content\/uploads\/2015\/08\/04-FOTOcomposicao-duplaabertura-cap-Leitura-300x149.jpg\" alt=\"04 FOTOcomposicao-duplaabertura-cap-Leitura\" width=\"300\" height=\"149\" srcset=\"https:\/\/fotografiaportugal.pt\/site\/wp-content\/uploads\/2015\/08\/04-FOTOcomposicao-duplaabertura-cap-Leitura-300x149.jpg 300w, https:\/\/fotografiaportugal.pt\/site\/wp-content\/uploads\/2015\/08\/04-FOTOcomposicao-duplaabertura-cap-Leitura-1024x509.jpg 1024w, https:\/\/fotografiaportugal.pt\/site\/wp-content\/uploads\/2015\/08\/04-FOTOcomposicao-duplaabertura-cap-Leitura-372x186.jpg 372w, https:\/\/fotografiaportugal.pt\/site\/wp-content\/uploads\/2015\/08\/04-FOTOcomposicao-duplaabertura-cap-Leitura-100x50.jpg 100w, https:\/\/fotografiaportugal.pt\/site\/wp-content\/uploads\/2015\/08\/04-FOTOcomposicao-duplaabertura-cap-Leitura.jpg 1861w\" sizes=\"auto, (max-width: 300px) 100vw, 300px\" \/><\/a><\/p>\n<p>Continuando com a antevis\u00e3o do novo livro &#8220;<strong>FOTOcomposi\u00e7\u00e3o \u2013 Princ\u00edpios, T\u00e9cnicas e Inspira\u00e7\u00e3o para criar fotografias \u00fanicas<\/strong>&#8220;, este explora os Princ\u00edpios da Composi\u00e7\u00e3o, nomeadamente as ideias transmitidas pelas <strong>Regras Cl\u00e1ssicas<\/strong>, pelos princ\u00edpios de <strong>Design<\/strong> e pelas no\u00e7\u00f5es de <strong>Peso Visual<\/strong>.<\/p>\n<p><a href=\"https:\/\/fotografiaportugal.pt\/site\/categoria-produto\/especial-fotocomposicao\/\"><img loading=\"lazy\" decoding=\"async\" class=\"alignnone size-medium wp-image-1109\" src=\"https:\/\/fotografiaportugal.pt\/site\/wp-content\/uploads\/2015\/08\/05-FOTOcomposicao-duplaabertura-cap-Cor-300x149.jpg\" alt=\"05 FOTOcomposicao-duplaabertura-cap-Cor\" width=\"300\" height=\"149\" srcset=\"https:\/\/fotografiaportugal.pt\/site\/wp-content\/uploads\/2015\/08\/05-FOTOcomposicao-duplaabertura-cap-Cor-300x149.jpg 300w, https:\/\/fotografiaportugal.pt\/site\/wp-content\/uploads\/2015\/08\/05-FOTOcomposicao-duplaabertura-cap-Cor-1024x510.jpg 1024w, https:\/\/fotografiaportugal.pt\/site\/wp-content\/uploads\/2015\/08\/05-FOTOcomposicao-duplaabertura-cap-Cor-372x186.jpg 372w, https:\/\/fotografiaportugal.pt\/site\/wp-content\/uploads\/2015\/08\/05-FOTOcomposicao-duplaabertura-cap-Cor-100x50.jpg 100w, https:\/\/fotografiaportugal.pt\/site\/wp-content\/uploads\/2015\/08\/05-FOTOcomposicao-duplaabertura-cap-Cor.jpg 1859w\" sizes=\"auto, (max-width: 300px) 100vw, 300px\" \/><\/a><\/p>\n<p>Paralelamente, ajuda a perceber a principal mat\u00e9ria-prima da fotografia \u2014 a luz \u2014, para que se possa explorar eficazmente a sua cor, direc\u00e7\u00e3o e intensidade.<\/p>\n<p><a href=\"https:\/\/fotografiaportugal.pt\/site\/categoria-produto\/especial-fotocomposicao\/\"><img loading=\"lazy\" decoding=\"async\" class=\"alignnone size-medium wp-image-1110\" src=\"https:\/\/fotografiaportugal.pt\/site\/wp-content\/uploads\/2015\/08\/06-FOTOcomposicao-duplaabertura-cap-Luz-300x149.jpg\" alt=\"06 FOTOcomposicao-duplaabertura-cap-Luz\" width=\"300\" height=\"149\" srcset=\"https:\/\/fotografiaportugal.pt\/site\/wp-content\/uploads\/2015\/08\/06-FOTOcomposicao-duplaabertura-cap-Luz-300x149.jpg 300w, https:\/\/fotografiaportugal.pt\/site\/wp-content\/uploads\/2015\/08\/06-FOTOcomposicao-duplaabertura-cap-Luz-1024x508.jpg 1024w, https:\/\/fotografiaportugal.pt\/site\/wp-content\/uploads\/2015\/08\/06-FOTOcomposicao-duplaabertura-cap-Luz-372x186.jpg 372w, https:\/\/fotografiaportugal.pt\/site\/wp-content\/uploads\/2015\/08\/06-FOTOcomposicao-duplaabertura-cap-Luz-100x50.jpg 100w, https:\/\/fotografiaportugal.pt\/site\/wp-content\/uploads\/2015\/08\/06-FOTOcomposicao-duplaabertura-cap-Luz.jpg 1859w\" sizes=\"auto, (max-width: 300px) 100vw, 300px\" \/><\/a><\/p>\n<p>Concluindo a antevis\u00e3o do NOVO LIVRO &#8220;FOTOcomposi\u00e7\u00e3o \u2013 Princ\u00edpios, T\u00e9cnicas e Inspira\u00e7\u00e3o para criar fotografias \u00fanicas&#8221;,<\/p>\n<p><a href=\"https:\/\/fotografiaportugal.pt\/site\/categoria-produto\/especial-fotocomposicao\/\"><img loading=\"lazy\" decoding=\"async\" class=\"alignnone size-medium wp-image-1118\" src=\"https:\/\/fotografiaportugal.pt\/site\/wp-content\/uploads\/2015\/08\/07-FOTOcomposicao-duplaabertura-cap-Tecnica-300x149.jpg\" alt=\"07 FOTOcomposicao-duplaabertura-cap-Tecnica\" width=\"300\" height=\"149\" srcset=\"https:\/\/fotografiaportugal.pt\/site\/wp-content\/uploads\/2015\/08\/07-FOTOcomposicao-duplaabertura-cap-Tecnica-300x149.jpg 300w, https:\/\/fotografiaportugal.pt\/site\/wp-content\/uploads\/2015\/08\/07-FOTOcomposicao-duplaabertura-cap-Tecnica-1024x508.jpg 1024w, https:\/\/fotografiaportugal.pt\/site\/wp-content\/uploads\/2015\/08\/07-FOTOcomposicao-duplaabertura-cap-Tecnica-372x186.jpg 372w, https:\/\/fotografiaportugal.pt\/site\/wp-content\/uploads\/2015\/08\/07-FOTOcomposicao-duplaabertura-cap-Tecnica-100x50.jpg 100w, https:\/\/fotografiaportugal.pt\/site\/wp-content\/uploads\/2015\/08\/07-FOTOcomposicao-duplaabertura-cap-Tecnica.jpg 1859w\" sizes=\"auto, (max-width: 300px) 100vw, 300px\" \/><\/a><\/p>\n<p>este mostra com tirar partido do seu Equipamento e Acess\u00f3rios fotogr\u00e1ficos para criar composi\u00e7\u00f5es eficazes, dominando temas como a <strong>exposi\u00e7\u00e3o<\/strong>, a <strong>profundidade de campo<\/strong>, o <strong>uso de filtros<\/strong> e, tamb\u00e9m, o seu <strong>sentido de oportunidade e planeamento<\/strong>.<\/p>\n<p><a href=\"https:\/\/fotografiaportugal.pt\/site\/categoria-produto\/especial-fotocomposicao\/\"><img loading=\"lazy\" decoding=\"async\" class=\"alignnone size-medium wp-image-1119\" src=\"https:\/\/fotografiaportugal.pt\/site\/wp-content\/uploads\/2015\/08\/08-FOTOcomposicao-duplaabertura-cap-eDICAO-300x149.jpg\" alt=\"08 FOTOcomposicao-duplaabertura-cap-eDICAO\" width=\"300\" height=\"149\" srcset=\"https:\/\/fotografiaportugal.pt\/site\/wp-content\/uploads\/2015\/08\/08-FOTOcomposicao-duplaabertura-cap-eDICAO-300x149.jpg 300w, https:\/\/fotografiaportugal.pt\/site\/wp-content\/uploads\/2015\/08\/08-FOTOcomposicao-duplaabertura-cap-eDICAO-1024x508.jpg 1024w, https:\/\/fotografiaportugal.pt\/site\/wp-content\/uploads\/2015\/08\/08-FOTOcomposicao-duplaabertura-cap-eDICAO-372x186.jpg 372w, https:\/\/fotografiaportugal.pt\/site\/wp-content\/uploads\/2015\/08\/08-FOTOcomposicao-duplaabertura-cap-eDICAO-100x50.jpg 100w, https:\/\/fotografiaportugal.pt\/site\/wp-content\/uploads\/2015\/08\/08-FOTOcomposicao-duplaabertura-cap-eDICAO.jpg 1861w\" sizes=\"auto, (max-width: 300px) 100vw, 300px\" \/><\/a><\/p>\n<p>Complementarmente, versa as <strong>principais ferramentas de Edi\u00e7\u00e3o ao servi\u00e7o da composi\u00e7\u00e3o<\/strong>, pois uma fotografia nem sempre ficar\u00e1 conclu\u00edda no terreno, quer pelos desafios sentidos nesse momento, quer pela necessidade de explorar ainda mais a sua criatividade.<\/p>\n<p><a href=\"https:\/\/fotografiaportugal.pt\/site\/categoria-produto\/especial-fotocomposicao\/\"><img loading=\"lazy\" decoding=\"async\" class=\"alignnone size-medium wp-image-1120\" src=\"https:\/\/fotografiaportugal.pt\/site\/wp-content\/uploads\/2015\/08\/09-FOTOcomposicao-duplaabertura-cap-Consideracoes-300x149.jpg\" alt=\"09 FOTOcomposicao-duplaabertura-cap-Consideracoes\" width=\"300\" height=\"149\" srcset=\"https:\/\/fotografiaportugal.pt\/site\/wp-content\/uploads\/2015\/08\/09-FOTOcomposicao-duplaabertura-cap-Consideracoes-300x149.jpg 300w, https:\/\/fotografiaportugal.pt\/site\/wp-content\/uploads\/2015\/08\/09-FOTOcomposicao-duplaabertura-cap-Consideracoes-1024x510.jpg 1024w, https:\/\/fotografiaportugal.pt\/site\/wp-content\/uploads\/2015\/08\/09-FOTOcomposicao-duplaabertura-cap-Consideracoes-372x186.jpg 372w, https:\/\/fotografiaportugal.pt\/site\/wp-content\/uploads\/2015\/08\/09-FOTOcomposicao-duplaabertura-cap-Consideracoes-100x50.jpg 100w, https:\/\/fotografiaportugal.pt\/site\/wp-content\/uploads\/2015\/08\/09-FOTOcomposicao-duplaabertura-cap-Consideracoes.jpg 1859w\" sizes=\"auto, (max-width: 300px) 100vw, 300px\" \/><\/a><\/p>\n<p>&nbsp;<\/p>\n<p align=\"justify\">Cap\u00edtulos do\u00a0novo livro\u00a0&#8220;<strong>FOTOcomposi\u00e7\u00e3o \u2013 Princ\u00edpios, T\u00e9cnicas e Inspira\u00e7\u00e3o para criar fotografias \u00fanicas<\/strong>&#8220;<\/p>\n<p align=\"justify\">(<em>clique nas imagens para ver em detalhe<\/em>)<\/p>\n<p align=\"justify\">[gallery_bank type=&#8221;images&#8221; format=&#8221;thumbnail&#8221; title=&#8221;true&#8221; desc=&#8221;false&#8221; responsive=&#8221;true&#8221; animation_effect=&#8221;bounce&#8221; album_title=&#8221;true&#8221; album_id=&#8221;17&#8243;]<\/p>\n<p><img loading=\"lazy\" decoding=\"async\" class=\"alignnone size-full wp-image-166\" src=\"https:\/\/fotografiaportugal.pt\/site\/wp-content\/uploads\/2015\/03\/02-FOTOGRAFIA_foto-autor.jpg\" alt=\"02 - FOTOGRAFIA_foto-autor\" width=\"180\" height=\"118\" \/><\/p>\n<p><strong><b>Joel Santos<\/b><\/strong> nasceu em 1978, sendo licenciado e mestre em Economia.<\/p>\n<p>A paix\u00e3o pela fotografia desperta em 2003, com g\u00e9nese na macrofotografia a \u00e1gua e na fotografia de paisagem natural. Em 2004 ruma a Timor-Leste como docente da Universidade de Economia, uma experi\u00eancia de tr\u00eas anos que impulsionaria a sua apet\u00eancia pelo retrato espont\u00e2neo e pela reportagem de vida quotidiana.<\/p>\n<p>Em 2005 inicia a sua liga\u00e7\u00e3o ao mundo editorial, atrav\u00e9s da revista <em><i>Fotodigital<\/i><\/em>, sendo que, em 2007, ap\u00f3s o seu regresso a Portugal, assume, durante tr\u00eas anos, a direc\u00e7\u00e3o da revista <em><i>O Mundo da Fotografia Digital<\/i><\/em>. Em 2009, durante praticamente um ano, acumula o cargo anterior com o de coordena\u00e7\u00e3o editorial de todas as publica\u00e7\u00f5es de tecnologia da editora Goody. Desde 2010 \u00e9 colunista regular da revista <em><i>Vis\u00e3o<\/i><\/em>, publicando cr\u00f3nicas e fotografias. Na \u00faltima d\u00e9cada, entre revistas nacionais e estrangeiras, publicou centenas de artigos e imagens, protagonizando mais de quatro dezenas de capas e artigos centrais, nomeadamente na <em><i>National Geographic Adventures<\/i><\/em>.<\/p>\n<p>Em 2007 escreve o livro <strong><b>Fotografia Digital com Adobe Photoshop Lightroom<\/b><\/strong>, em 2010 o livro <em><i>best-seller <\/i><\/em><strong><b>FOTOgrafia: Luz, Exposi\u00e7\u00e3o, Composi\u00e7\u00e3o, Equipamento e Dicas para Fotografar em Portugal<\/b><\/strong>, em 2011 o livro <strong><b>India \u2013 A Cor do Contraste \/ The Color of Contrast<\/b><\/strong>, em 2012 os livros <strong><b>FOTOpad<\/b><\/strong> e <strong><b>FOTOedi\u00e7\u00e3o: O Guia Essencial\u00a0 de p\u00f3s-Produ\u00e7\u00e3o com Photoshop Lightroom e Adobe Camera Raw<\/b><\/strong> e, em 2014, o livro <strong><b>FOTOhdr \u2013 Fotografia e Edi\u00e7\u00e3o de Imagens de Alta Gama Din\u00e2mica<\/b><\/strong> (todos publicados pela editora Centro Atl\u00e2ntico).<\/p>\n<p>Em 2010, depois de v\u00e1rios anos como formador institucional, cria o \u2018Curso de Inicia\u00e7\u00e3o \u00e0 Fotografia\u2019, o \u2018Curso Avan\u00e7ado de Fotografia\u2019 e o \u2018Curso de Edi\u00e7\u00e3o de Fotografia com Lightroom\u2019, entre outros <em><i>workshops<\/i><\/em> tem\u00e1ticos relacionados com fotografia. Em parceria com a ag\u00eancia de viagens Papa-L\u00e9guas, concebe e lidera viagens fotogr\u00e1ficas em Portugal e por todo o mundo, aliando a vasta experi\u00eancia como viajante ao gosto por comunicar e formar.<\/p>\n<p>Em Junho de 2012, ao abrigo do Ambassador Programme da Canon, \u00e9 nomeado <em><i>Canon Explorer<\/i><\/em>, assumindo o papel de embaixador desta marca na Europa e nas regi\u00f5es do M\u00e9dio Oriente e \u00c1frica ao n\u00edvel da fotografia de Viagem, Natureza e Retrato.<\/p>\n<p>Os seus trabalhos foram distinguidos com alguns dos mais prestigiados galard\u00f5es nacionais e internacionais de fotografia. Participa regularmente em m\u00faltiplas exposi\u00e7\u00f5es em Portugal e no estrangeiro.<\/p>\n<p>Como fot\u00f3grafo profissional, \u00e9 representado pela Aurora Photos, que tamb\u00e9m distribui os seus trabalhos na Getty Images e Corbis, sendo as suas imagens usadas \u00e0 escala global por empresas como a Canon Europa, Samsung, IKEA, Microsoft, ABC Studios, organiza\u00e7\u00f5es de turismo, ag\u00eancias de publicidade e companhias de avia\u00e7\u00e3o, entre outras.<\/p>\n<p>Mostra os seus trabalhos em <em><i><a href=\"http:\/\/www.joelsantos.net\" target=\"_blank\" rel=\"noopener\">www.joelsantos.net<\/a><\/i><\/em><\/p>\n","protected":false},"excerpt":{"rendered":"<p><strong>temporariamente esgotado<\/strong><\/p>\n<p>O QUE \u00c9 QUE TORNA UMA FOTOGRAFIA ESPECIAL? DESCUBRA OS PRINC\u00cdPIOS, AS REGRAS E AS T\u00c9CNICAS DE COMPOSI\u00c7\u00c3O QUE O AJUDAR\u00c3O A ENCONTRAR AS RESPOSTAS QUE PRECISA, ABORDANDO TEMAS FOTOGR\u00c1FICOS DE UMA FORMA ORIGINAL, CRIATIVA E APAIXONADA.<\/p>\n","protected":false},"featured_media":2767,"comment_status":"closed","ping_status":"closed","template":"","meta":[],"product_brand":[],"product_cat":[128,146,7,167],"product_tag":[18,118,15,20,77],"class_list":{"0":"post-872","1":"product","2":"type-product","3":"status-publish","4":"has-post-thumbnail","6":"product_cat-especial-fotografia","7":"product_cat-joel-santos","8":"product_cat-livros","9":"product_cat-livros-tecnicos-fotografia","10":"product_tag-edicao","11":"product_tag-fotocomposicao","12":"product_tag-fotografia","13":"product_tag-imagem","14":"product_tag-joel-santos","16":"first","17":"outofstock","18":"shipping-taxable","19":"purchasable","20":"product-type-simple"},"_links":{"self":[{"href":"https:\/\/fotografiaportugal.pt\/site\/wp-json\/wp\/v2\/product\/872","targetHints":{"allow":["GET"]}}],"collection":[{"href":"https:\/\/fotografiaportugal.pt\/site\/wp-json\/wp\/v2\/product"}],"about":[{"href":"https:\/\/fotografiaportugal.pt\/site\/wp-json\/wp\/v2\/types\/product"}],"replies":[{"embeddable":true,"href":"https:\/\/fotografiaportugal.pt\/site\/wp-json\/wp\/v2\/comments?post=872"}],"wp:featuredmedia":[{"embeddable":true,"href":"https:\/\/fotografiaportugal.pt\/site\/wp-json\/wp\/v2\/media\/2767"}],"wp:attachment":[{"href":"https:\/\/fotografiaportugal.pt\/site\/wp-json\/wp\/v2\/media?parent=872"}],"wp:term":[{"taxonomy":"product_brand","embeddable":true,"href":"https:\/\/fotografiaportugal.pt\/site\/wp-json\/wp\/v2\/product_brand?post=872"},{"taxonomy":"product_cat","embeddable":true,"href":"https:\/\/fotografiaportugal.pt\/site\/wp-json\/wp\/v2\/product_cat?post=872"},{"taxonomy":"product_tag","embeddable":true,"href":"https:\/\/fotografiaportugal.pt\/site\/wp-json\/wp\/v2\/product_tag?post=872"}],"curies":[{"name":"wp","href":"https:\/\/api.w.org\/{rel}","templated":true}]}}