{"id":9045,"date":"2021-07-05T11:55:34","date_gmt":"2021-07-05T11:55:34","guid":{"rendered":"https:\/\/fotografiaportugal.pt\/site\/?post_type=product&#038;p=9045"},"modified":"2024-12-12T12:29:26","modified_gmt":"2024-12-12T12:29:26","slug":"famalicao-cultura-patrimonio-comunidade-culture-heritage-community","status":"publish","type":"product","link":"https:\/\/fotografiaportugal.pt\/site\/shop\/livros\/famalicao-cultura-patrimonio-comunidade-culture-heritage-community\/","title":{"rendered":"FAMALIC\u00c3O &#8211; Cultura, Patrim\u00f3nio, Comunidade \/ Culture, Heritage, Community"},"content":{"rendered":"<p>Seguindo a preceito a leitura integrada dos textos e a morosa contempla\u00e7\u00e3o das imagens que enriquecem a obra, o concelho de Famalic\u00e3o imp\u00f5e-se-nos atrav\u00e9s deste trabalho como um pequeno tesouro un\u00edvoco mas em boa parte desconhecido, face \u00e0s numerosas revela\u00e7\u00f5es que esta obra nos traz. \/\u00a0<em>Spending some time reading through the texts and after a leisurely contemplation of the images that enrich the work, we feel that the municipality of Famalic\u00e3o imposes itself on us through this masterpiece as a small univocal treasure, but one that is largely unknown, given the numerous revelations that this gem brings to us.<\/em><\/p>\n<p class=\"has-text-align-right\">Vitor Serr\u00e3o\u00a0<strong>\u2013<\/strong>\u00a0Historiador de arte, Prof. catedr\u00e1tico da Universidade de Lisboa \/\u00a0<em>Art Historian, Full Professor at the University of Lisbon<\/em><\/p>\n<p><img loading=\"lazy\" decoding=\"async\" class=\"alignnone size-medium wp-image-9047\" src=\"https:\/\/fotografiaportugal.pt\/site\/wp-content\/uploads\/2021\/07\/livro-ca-Famalicao-capa_1250px-229x300.jpg\" alt=\"\" width=\"229\" height=\"300\" srcset=\"https:\/\/fotografiaportugal.pt\/site\/wp-content\/uploads\/2021\/07\/livro-ca-Famalicao-capa_1250px-229x300.jpg 229w, https:\/\/fotografiaportugal.pt\/site\/wp-content\/uploads\/2021\/07\/livro-ca-Famalicao-capa_1250px-781x1024.jpg 781w, https:\/\/fotografiaportugal.pt\/site\/wp-content\/uploads\/2021\/07\/livro-ca-Famalicao-capa_1250px-416x545.jpg 416w, https:\/\/fotografiaportugal.pt\/site\/wp-content\/uploads\/2021\/07\/livro-ca-Famalicao-capa_1250px.jpg 1250w\" sizes=\"auto, (max-width: 229px) 100vw, 229px\" \/><\/p>\n<p><strong>FAMALIC\u00c3O &#8211; Cultura, Patrim\u00f3nio, Comunidade \/ Culture, Heritage, Community<\/strong><\/p>\n<p><strong>Coordena\u00e7\u00e3o, Fotografia e Legendas \/ Coordination, photography and image subtitles:\u00a0<\/strong>Lib\u00f3rio Manuel Silva<\/p>\n<p><strong>Pref\u00e1cio \/ Preface:\u00a0<\/strong>Vitor Serr\u00e3o<\/p>\n<p><strong>Pr\u00f3logo \/ Prologue:\u00a0<\/strong>Arminda Ferreira<\/p>\n<p><strong>Tradu\u00e7\u00e3o \/\u00a0<em>English translation<\/em>:\u00a0<\/strong>Timothy Hinchey<\/p>\n<p><strong>Design:\u00a0<\/strong>Ant\u00f3nio J. Pedro<\/p>\n<p><strong>P\u00e1g.s:\u00a0<\/strong>184 (a cores; capa dura com sobrecapa; formato 24,4 cm * 32,1 cm * 2,1 cm; 1,6Kg)<\/p>\n<p><strong>1.\u00aa Edi\u00e7\u00e3o<\/strong>\u00a0\/\u00a0<em><strong>1st Edition<\/strong><\/em>: Julho, 2021<\/p>\n<p><strong>ISBN<\/strong>: 978-989-615-233-8<\/p>\n","protected":false},"excerpt":{"rendered":"<p>Seguindo a preceito a leitura integrada dos textos e a morosa contempla\u00e7\u00e3o das imagens que enriquecem a obra, o concelho de Famalic\u00e3o imp\u00f5e-se-nos atrav\u00e9s deste trabalho como um pequeno tesouro un\u00edvoco mas em boa parte desconhecido, face \u00e0s numerosas revela\u00e7\u00f5es que esta obra nos traz. \/\u00a0Spending some time reading through the texts and after a [&hellip;]<\/p>\n","protected":false},"featured_media":9046,"comment_status":"closed","ping_status":"closed","template":"","meta":[],"product_brand":[],"product_cat":[185,181,7,103,138],"product_tag":[254,16,253,250,248,251,247,246,15,252,187,249,40,245],"class_list":{"0":"post-9045","1":"product","2":"type-product","3":"status-publish","4":"has-post-thumbnail","6":"product_cat-best-sellers-para-turistas-for-tourists","7":"product_cat-liborio-manuel-silva","8":"product_cat-livros","9":"product_cat-livros-capa-dura-luxo","10":"product_cat-photography-of-portugal","11":"product_tag-arte-e-turismo","12":"product_tag-astrofotografia","13":"product_tag-community","14":"product_tag-comunidade","15":"product_tag-cultura","16":"product_tag-culture","17":"product_tag-distrito-de-braga","18":"product_tag-famalicao","19":"product_tag-fotografia","20":"product_tag-heritage","21":"product_tag-liborio-manuel-silva","22":"product_tag-patrimonio","23":"product_tag-portugal","24":"product_tag-vila-nova-de-famalicao","26":"first","27":"instock","28":"sale","29":"shipping-taxable","30":"purchasable","31":"product-type-simple"},"_links":{"self":[{"href":"https:\/\/fotografiaportugal.pt\/site\/wp-json\/wp\/v2\/product\/9045","targetHints":{"allow":["GET"]}}],"collection":[{"href":"https:\/\/fotografiaportugal.pt\/site\/wp-json\/wp\/v2\/product"}],"about":[{"href":"https:\/\/fotografiaportugal.pt\/site\/wp-json\/wp\/v2\/types\/product"}],"replies":[{"embeddable":true,"href":"https:\/\/fotografiaportugal.pt\/site\/wp-json\/wp\/v2\/comments?post=9045"}],"wp:featuredmedia":[{"embeddable":true,"href":"https:\/\/fotografiaportugal.pt\/site\/wp-json\/wp\/v2\/media\/9046"}],"wp:attachment":[{"href":"https:\/\/fotografiaportugal.pt\/site\/wp-json\/wp\/v2\/media?parent=9045"}],"wp:term":[{"taxonomy":"product_brand","embeddable":true,"href":"https:\/\/fotografiaportugal.pt\/site\/wp-json\/wp\/v2\/product_brand?post=9045"},{"taxonomy":"product_cat","embeddable":true,"href":"https:\/\/fotografiaportugal.pt\/site\/wp-json\/wp\/v2\/product_cat?post=9045"},{"taxonomy":"product_tag","embeddable":true,"href":"https:\/\/fotografiaportugal.pt\/site\/wp-json\/wp\/v2\/product_tag?post=9045"}],"curies":[{"name":"wp","href":"https:\/\/api.w.org\/{rel}","templated":true}]}}

FAMALICÃO &#8211; Cultura, Património, Comunidade / Culture, Heritage, Community

<p>Seguindo a preceito a leitura integrada dos textos e a morosa contemplação das imagens que enriquecem a obra, o concelho de Famalicão impõe-se-nos através deste trabalho como um pequeno tesouro unívoco mas em boa parte desconhecido, face às numerosas revelações que esta obra nos traz. / <em>Spending some time reading through the texts and after a leisurely contemplation of the images that enrich the work, we feel that the municipality of Famalicão imposes itself on us through this masterpiece as a small univocal treasure, but one that is largely unknown, given the numerous revelations that this gem brings to us.</em></p>
<p class="has-text-align-right">Vitor Serrão <strong>–</strong> Historiador de arte, Prof. catedrático da Universidade de Lisboa / <em>Art Historian, Full Professor at the University of Lisbon</em></p>
<p><img loading="lazy" decoding="async" class="alignnone size-medium wp-image-9047" src="https://fotografiaportugal.pt/site/wp-content/uploads/2021/07/livro-ca-Famalicao-capa_1250px-229x300.jpg" alt="" width="229" height="300" srcset="https://fotografiaportugal.pt/site/wp-content/uploads/2021/07/livro-ca-Famalicao-capa_1250px-229x300.jpg 229w, https://fotografiaportugal.pt/site/wp-content/uploads/2021/07/livro-ca-Famalicao-capa_1250px-781x1024.jpg 781w, https://fotografiaportugal.pt/site/wp-content/uploads/2021/07/livro-ca-Famalicao-capa_1250px-416x545.jpg 416w, https://fotografiaportugal.pt/site/wp-content/uploads/2021/07/livro-ca-Famalicao-capa_1250px.jpg 1250w" sizes="auto, (max-width: 229px) 100vw, 229px" /></p>
<p><strong>FAMALICÃO &#8211; Cultura, Património, Comunidade / Culture, Heritage, Community</strong></p>
<p><strong>Coordenação, Fotografia e Legendas / Coordination, photography and image subtitles: </strong>Libório Manuel Silva</p>
<p><strong>Prefácio / Preface: </strong>Vitor Serrão</p>
<p><strong>Prólogo / Prologue: </strong>Arminda Ferreira</p>
<p><strong>Tradução / <em>English translation</em>: </strong>Timothy Hinchey</p>
<p><strong>Design: </strong>António J. Pedro</p>
<p><strong>Pág.s: </strong>184 (a cores; capa dura com sobrecapa; formato 24,4 cm * 32,1 cm * 2,1 cm; 1,6Kg)</p>
<p><strong>1.ª Edição</strong> / <em><strong>1st Edition</strong></em>: Julho, 2021</p>
<p><strong>ISBN</strong>: 978-989-615-233-8</p>

<p>Seguindo a preceito a leitura integrada dos textos e a morosa contemplação das imagens que enriquecem a obra, o concelho de Famalicão impõe-se-nos através deste trabalho como um pequeno tesouro unívoco mas em boa parte desconhecido, face às numerosas revelações que esta obra nos traz. / Spending some time reading through the texts and after a [&hellip;]</p>
